01-01 03:35:43.520 196 196 I main : type=1400 audit(0.0:92): avc: denied { getattr } for path="/system/vendor/lib/libglapi.so" dev="mmcblk2p13" ino=2521 scontext=u:r:zygote:s0 tcontext=u:object_r:vendor_file:s0 tclass=file permissive=1
01-01 03:35:43.520 196 196 I main : type=1400 audit(0.0:93): avc: denied { map } for path="/system/vendor/lib/libglapi.so" dev="mmcblk2p13" ino=2521 scontext=u:r:zygote:s0 tcontext=u:object_r:vendor_file:s0 tclass=file permissive=1
01-01 03:35:43.520 196 196 I main : type=1400 audit(0.0:94): avc: denied { execute } for path="/system/vendor/lib/libglapi.so" dev="mmcblk2p13" ino=2521 scontext=u:r:zygote:s0 tcontext=u:object_r:vendor_file:s0 tclass=file permissive=1
01-01 03:35:43.526 196 196 I Zygote : ...preloaded 41 resources in 12ms.
01-01 03:35:43.527 196 196 D vndksupport: Loading /vendor/lib/hw/android.hardware.graphics.mapper@2.0-impl.so from current namespace instead of sphal namespace.
01-01 03:35:43.528 196 196 D vndksupport: Loading /vendor/lib/egl/libGLES_mesa.so from current namespace instead of sphal namespace.
01-01 03:35:43.531 196 196 D libEGL : loaded /vendor/lib/egl/libGLES_mesa.so
01-01 03:35:43.680 196 196 I Zygote : Preloading shared libraries...
01-01 03:35:43.705 196 196 I Zygote : Uninstalled ICU cache reference pinning...
01-01 03:35:43.707 196 196 I Zygote : Installed AndroidKeyStoreProvider in 1ms.
01-01 03:35:43.728 196 196 I Zygote : Warmed up JCA providers in 20ms.
01-01 03:35:43.728 196 196 D Zygote : end preload
01-01 03:35:43.770 196 196 I zygote : Explicit concurrent copying GC freed 16113(912KB) AllocSpace objects, 1(20KB) LOS objects, 72% free, 2MB/8MB, paused 92us total 40.766ms
01-01 03:35:43.808 196 196 I zygote : Explicit concurrent copying GC freed 1664(97KB) AllocSpace objects, 0(0B) LOS objects, 73% free, 2MB/8MB, paused 65us total 35.808ms
01-01 03:35:43.889 196 196 I Zygote : System server process 347 has been created
01-01 03:35:43.891 347 347 I Zygote : seccomp disabled by setenforce 0
01-01 03:35:43.891 196 196 I Zygote : Accepting command socket connections
01-01 03:35:44.039 347 347 I system_server: The ClassLoaderContext is a special shared library.
01-01 03:35:44.104 347 347 I chatty : uid=1000 system_server identical 4 lines
01-01 03:35:44.109 347 347 I system_server: The ClassLoaderContext is a special shared library.
01-01 03:35:44.696 347 347 E UsbAlsaJackDetectorJNI: Can't register UsbAlsaJackDetector native methods
01-01 03:35:45.110 347 347 I system_server: type=1400 audit(0.0:95): avc: denied { open } for path="/dev/__properties__/u:object_r:vendor_default_prop:s0" dev="tmpfs" ino=5415 scontext=u:r:system_server:s0 tcontext=u:object_r:vendor_default_prop:s0 tclass=file permissive=1
01-01 03:35:45.110 347 347 I system_server: type=1400 audit(0.0:96): avc: denied { getattr } for path="/dev/__properties__/u:object_r:vendor_default_prop:s0" dev="tmpfs" ino=5415 scontext=u:r:system_server:s0 tcontext=u:object_r:vendor_default_prop:s0 tclass=file permissive=1
01-01 03:35:45.110 347 347 I system_server: type=1400 audit(0.0:97): avc: denied { map } for path="/dev/__properties__/u:object_r:vendor_default_prop:s0" dev="tmpfs" ino=5415 scontext=u:r:system_server:s0 tcontext=u:object_r:vendor_default_prop:s0 tclass=file permissive=1
01-01 03:35:45.294 347 366 E BluetoothAdapter: Bluetooth binder is null
01-01 03:35:45.328 171 171 W hwservicemanager: getTransport: Cannot find entry android.hardware.power@1.0::IPower/default in either framework or device manifest.
01-01 03:35:45.328 347 366 I PowerManagerService-JNI: Couldn't load power HAL service
01-01 03:35:45.328 347 366 E BatteryStatsService: Power Hal not loaded
01-01 03:35:45.433 347 347 I ServiceManagement: getService: Trying again for android.hardware.memtrack@1.0::IMemtrack/default...
01-01 03:35:46.279 370 370 E cutils-trace: Error opening trace file: Permission denied (13)
01-01 03:35:46.280 370 370 D vndksupport: Loading /vendor/lib/hw/android.hardware.memtrack@1.0-impl.so from current namespace instead of sphal namespace.
01-01 03:35:46.281 370 370 E android.hardware.memtrack@1.0-impl: hw_get_module memtrack failed: -2
01-01 03:35:46.282 370 370 E android.hardware.memtrack@1.0-service: Could not get passthrough implementation for android.hardware.memtrack@1.0::IMemtrack/default.
01-01 03:35:46.434 347 347 W ServiceManagement: Waited one second for android.hardware.memtrack@1.0::IMemtrack/default. Waiting another...
01-01 03:35:49.435 347 347 I chatty : uid=1000 system_server identical 3 lines
01-01 03:35:50.435 347 347 W ServiceManagement: Waited one second for android.hardware.memtrack@1.0::IMemtrack/default. Waiting another...
01-01 03:35:51.292 371 371 E cutils-trace: Error opening trace file: Permission denied (13)
01-01 03:35:51.293 371 371 D vndksupport: Loading /vendor/lib/hw/android.hardware.memtrack@1.0-impl.so from current namespace instead of sphal namespace.
01-01 03:35:51.294 371 371 E android.hardware.memtrack@1.0-impl: hw_get_module memtrack failed: -2
01-01 03:35:51.294 371 371 E android.hardware.memtrack@1.0-service: Could not get passthrough implementation for android.hardware.memtrack@1.0::IMemtrack/default.
01-01 03:35:51.436 347 347 W ServiceManagement: Waited one second for android.hardware.memtrack@1.0::IMemtrack/default. Waiting another...
01-01 03:35:52.436 347 347 W ServiceManagement: Waited one second for android.hardware.memtrack@1.0::IMemtrack/default. Waiting another...
01-01 03:35:52.460 202 202 I healthd : type=1400 audit(0.0:98): avc: denied { read } for name="present" dev="sysfs" ino=34539 scontext=u:r:healthd:s0 tcontext=u:object_r:sysfs:s0 tclass=file permissive=1
01-01 03:35:52.460 202 202 I healthd : type=1400 audit(0.0:99): avc: denied { open } for path="/sys/devices/platform/i2c-gpio-1/i2c-11/11-0066/max77693-charger/power_supply/max77693-charger/present" dev="sysfs" ino=34539 scontext=u:r:healthd:s0 tcontext=u:object_r:sysfs:s0 tclass=file permissive=1
01-01 03:35:52.470 202 202 I healthd : type=1400 audit(0.0:100): avc: denied { getattr } for path="/sys/devices/platform/i2c-gpio-1/i2c-11/11-0066/max77693-charger/power_supply/max77693-charger/present" dev="sysfs" ino=34539 scontext=u:r:healthd:s0 tcontext=u:object_r:sysfs:s0 tclass=file permissive=1
01-01 03:35:53.437 347 347 W ServiceManagement: Waited one second for android.hardware.memtrack@1.0::IMemtrack/default. Waiting another...
01-01 03:35:54.437 347 347 I chatty : uid=1000 system_server identical 1 line
01-01 03:35:55.438 347 347 W ServiceManagement: Waited one second for android.hardware.memtrack@1.0::IMemtrack/default. Waiting another...
01-01 03:35:56.307 372 372 E cutils-trace: Error opening trace file: Permission denied (13)
01-01 03:35:56.308 372 372 D vndksupport: Loading /vendor/lib/hw/android.hardware.memtrack@1.0-impl.so from current namespace instead of sphal namespace.
01-01 03:35:56.309 372 372 E android.hardware.memtrack@1.0-impl: hw_get_module memtrack failed: -2
01-01 03:35:56.310 372 372 E android.hardware.memtrack@1.0-service: Could not get passthrough implementation for android.hardware.memtrack@1.0::IMemtrack/default.
01-01 03:35:56.438 347 347 W ServiceManagement: Waited one second for android.hardware.memtrack@1.0::IMemtrack/default. Waiting another...
01-01 03:35:59.439 347 347 I chatty : uid=1000 system_server identical 3 lines
01-01 03:36:00.440 347 347 W ServiceManagement: Waited one second for android.hardware.memtrack@1.0::IMemtrack/default. Waiting another...
01-01 03:36:01.312 378 378 E cutils-trace: Error opening trace file: Permission denied (13)
01-01 03:36:01.313 378 378 D vndksupport: Loading /vendor/lib/hw/android.hardware.memtrack@1.0-impl.so from current namespace instead of sphal namespace.
01-01 03:36:01.314 378 378 E android.hardware.memtrack@1.0-impl: hw_get_module memtrack failed: -2
01-01 03:36:01.314 378 378 E android.hardware.memtrack@1.0-service: Could not get passthrough implementation for android.hardware.memtrack@1.0::IMemtrack/default.
01-01 03:36:01.441 347 347 W ServiceManagement: Waited one second for android.hardware.memtrack@1.0::IMemtrack/default. Waiting another...
01-01 03:36:04.442 347 347 I chatty : uid=1000 system_server identical 3 lines
01-01 03:36:05.442 347 347 W ServiceManagement: Waited one second for android.hardware.memtrack@1.0::IMemtrack/default. Waiting another...
01-01 03:36:06.329 379 379 E cutils-trace: Error opening trace file: Permission denied (13)
01-01 03:36:06.330 379 379 D vndksupport: Loading /vendor/lib/hw/android.hardware.memtrack@1.0-impl.so from current namespace instead of sphal namespace.
01-01 03:36:06.331 379 379 E android.hardware.memtrack@1.0-impl: hw_get_module memtrack failed: -2
01-01 03:36:06.331 379 379 E android.hardware.memtrack@1.0-service: Could not get passthrough implementation for android.hardware.memtrack@1.0::IMemtrack/default.
01-01 03:36:06.443 347 347 W ServiceManagement: Waited one second for android.hardware.memtrack@1.0::IMemtrack/default. Waiting another...
01-01 03:36:09.444 347 347 I chatty : uid=1000 system_server identical 3 lines
01-01 03:36:10.444 347 347 W ServiceManagement: Waited one second for android.hardware.memtrack@1.0::IMemtrack/default. Waiting another...
01-01 03:36:11.350 380 380 E cutils-trace: Error opening trace file: Permission denied (13)
01-01 03:36:11.351 380 380 D vndksupport: Loading /vendor/lib/hw/android.hardware.memtrack@1.0-impl.so from current namespace instead of sphal namespace.
01-01 03:36:11.353 380 380 E android.hardware.memtrack@1.0-impl: hw_get_module memtrack failed: -2
01-01 03:36:11.353 380 380 E android.hardware.memtrack@1.0-service: Could not get passthrough implementation for android.hardware.memtrack@1.0::IMemtrack/default.
01-01 03:36:11.445 347 347 W ServiceManagement: Waited one second for android.hardware.memtrack@1.0::IMemtrack/default. Waiting another...
01-01 03:36:14.446 347 347 I chatty : uid=1000 system_server identical 3 lines
01-01 03:36:15.447 347 347 W ServiceManagement: Waited one second for android.hardware.memtrack@1.0::IMemtrack/default. Waiting another...
01-01 03:36:16.353 381 381 E cutils-trace: Error opening trace file: Permission denied (13)
01-01 03:36:16.354 381 381 D vndksupport: Loading /vendor/lib/hw/android.hardware.memtrack@1.0-impl.so from current namespace instead of sphal namespace.
01-01 03:36:16.355 381 381 E android.hardware.memtrack@1.0-impl: hw_get_module memtrack failed: -2
01-01 03:36:16.355 381 381 E android.hardware.memtrack@1.0-service: Could not get passthrough implementation for android.hardware.memtrack@1.0::IMemtrack/default.
01-01 03:36:16.447 347 347 W ServiceManagement: Waited one second for android.hardware.memtrack@1.0::IMemtrack/default. Waiting another...
01-01 03:36:19.449 347 347 I chatty : uid=1000 system_server identical 3 lines
01-01 03:36:20.449 347 347 W ServiceManagement: Waited one second for android.hardware.memtrack@1.0::IMemtrack/default. Waiting another...
01-01 03:36:21.377 382 382 E cutils-trace: Error opening trace file: Permission denied (13)
01-01 03:36:21.379 382 382 D vndksupport: Loading /vendor/lib/hw/android.hardware.memtrack@1.0-impl.so from current namespace instead of sphal namespace.
01-01 03:36:21.380 382 382 E android.hardware.memtrack@1.0-impl: hw_get_module memtrack failed: -2
01-01 03:36:21.380 382 382 E android.hardware.memtrack@1.0-service: Could not get passthrough implementation for android.hardware.memtrack@1.0::IMemtrack/default.
01-01 03:36:21.449 347 347 W ServiceManagement: Waited one second for android.hardware.memtrack@1.0::IMemtrack/default. Waiting another...
01-01 03:36:24.451 347 347 I chatty : uid=1000 system_server identical 3 lines
01-01 03:36:25.451 347 347 W ServiceManagement: Waited one second for android.hardware.memtrack@1.0::IMemtrack/default. Waiting another...
01-01 03:36:26.381 383 383 E cutils-trace: Error opening trace file: Permission denied (13)
01-01 03:36:26.383 383 383 D vndksupport: Loading /vendor/lib/hw/android.hardware.memtrack@1.0-impl.so from current namespace instead of sphal namespace.
01-01 03:36:26.384 383 383 E android.hardware.memtrack@1.0-impl: hw_get_module memtrack failed: -2
01-01 03:36:26.384 383 383 E android.hardware.memtrack@1.0-service: Could not get passthrough implementation for android.hardware.memtrack@1.0::IMemtrack/default.
01-01 03:36:26.452 347 347 W ServiceManagement: Waited one second for android.hardware.memtrack@1.0::IMemtrack/default. Waiting another...
01-01 03:36:29.453 347 347 I chatty : uid=1000 system_server identical 3 lines
01-01 03:36:30.453 347 347 W ServiceManagement: Waited one second for android.hardware.memtrack@1.0::IMemtrack/default. Waiting another...
01-01 03:36:31.400 384 384 E cutils-trace: Error opening trace file: Permission denied (13)
01-01 03:36:31.401 384 384 D vndksupport: Loading /vendor/lib/hw/android.hardware.memtrack@1.0-impl.so from current namespace instead of sphal namespace.
01-01 03:36:31.402 384 384 E android.hardware.memtrack@1.0-impl: hw_get_module memtrack failed: -2
01-01 03:36:31.402 384 384 E android.hardware.memtrack@1.0-service: Could not get passthrough implementation for android.hardware.memtrack@1.0::IMemtrack/default.
01-01 03:36:31.454 347 347 W ServiceManagement: Waited one second for android.hardware.memtrack@1.0::IMemtrack/default. Waiting another...
01-01 03:36:34.455 347 347 I chatty : uid=1000 system_server identical 3 lines
01-01 03:36:35.456 347 347 W ServiceManagement: Waited one second for android.hardware.memtrack@1.0::IMemtrack/default. Waiting another...
01-01 03:36:36.406 385 385 E cutils-trace: Error opening trace file: Permission denied (13)
01-01 03:36:36.408 385 385 D vndksupport: Loading /vendor/lib/hw/android.hardware.memtrack@1.0-impl.so from current namespace instead of sphal namespace.
01-01 03:36:36.409 385 385 E android.hardware.memtrack@1.0-impl: hw_get_module memtrack failed: -2
01-01 03:36:36.409 385 385 E android.hardware.memtrack@1.0-service: Could not get passthrough implementation for android.hardware.memtrack@1.0::IMemtrack/default.
01-01 03:36:36.456 347 347 W ServiceManagement: Waited one second for android.hardware.memtrack@1.0::IMemtrack/default. Waiting another...
01-01 03:36:39.457 347 347 I chatty : uid=1000 system_server identical 3 lines
01-01 03:36:40.458 347 347 W ServiceManagement: Waited one second for android.hardware.memtrack@1.0::IMemtrack/default. Waiting another...
01-01 03:36:41.421 387 387 E cutils-trace: Error opening trace file: Permission denied (13)
01-01 03:36:41.422 387 387 D vndksupport: Loading /vendor/lib/hw/android.hardware.memtrack@1.0-impl.so from current namespace instead of sphal namespace.
01-01 03:36:41.423 387 387 E android.hardware.memtrack@1.0-impl: hw_get_module memtrack failed: -2
01-01 03:36:41.424 387 387 E android.hardware.memtrack@1.0-service: Could not get passthrough implementation for android.hardware.memtrack@1.0::IMemtrack/default.
01-01 03:36:41.458 347 347 W ServiceManagement: Waited one second for android.hardware.memtrack@1.0::IMemtrack/default. Waiting another...
01-01 03:36:44.460 347 347 I chatty : uid=1000 system_server identical 3 lines
01-01 03:36:45.460 347 347 W ServiceManagement: Waited one second for android.hardware.memtrack@1.0::IMemtrack/default. Waiting another...
01-01 03:36:46.442 391 391 E cutils-trace: Error opening trace file: Permission denied (13)
01-01 03:36:46.443 391 391 D vndksupport: Loading /vendor/lib/hw/android.hardware.memtrack@1.0-impl.so from current namespace instead of sphal namespace.
01-01 03:36:46.444 391 391 E android.hardware.memtrack@1.0-impl: hw_get_module memtrack failed: -2
01-01 03:36:46.444 391 391 E android.hardware.memtrack@1.0-service: Could not get passthrough implementation for android.hardware.memtrack@1.0::IMemtrack/default.
01-01 03:36:46.461 347 347 W ServiceManagement: Waited one second for android.hardware.memtrack@1.0::IMemtrack/default. Waiting another...
01-01 03:36:49.462 347 347 I chatty : uid=1000 system_server identical 3 lines
01-01 03:36:50.462 347 347 W ServiceManagement: Waited one second for android.hardware.memtrack@1.0::IMemtrack/default. Waiting another...
01-01 03:36:51.452 395 395 E cutils-trace: Error opening trace file: Permission denied (13)
01-01 03:36:51.454 395 395 D vndksupport: Loading /vendor/lib/hw/android.hardware.memtrack@1.0-impl.so from current namespace instead of sphal namespace.
01-01 03:36:51.455 395 395 E android.hardware.memtrack@1.0-impl: hw_get_module memtrack failed: -2
01-01 03:36:51.456 395 395 E android.hardware.memtrack@1.0-service: Could not get passthrough implementation for android.hardware.memtrack@1.0::IMemtrack/default.
01-01 03:36:51.464 347 347 W ServiceManagement: Waited one second for android.hardware.memtrack@1.0::IMemtrack/default. Waiting another...