01-01 04:04:54.003 195 195 I Zygote : Preloading classes...
01-01 04:04:54.070 195 195 I PackageBackwardCompatibility: Loaded android.content.pm.OrgApacheHttpLegacyUpdater
01-01 04:04:54.070 195 195 I PackageBackwardCompatibility: Could not find android.content.pm.AndroidTestBaseUpdater, ignoring
01-01 04:04:54.341 345 345 E cutils-trace: Error opening trace file: Permission denied (13)
01-01 04:04:54.343 345 345 D vndksupport: Loading /vendor/lib/hw/android.hardware.memtrack@1.0-impl.so from current namespace instead of sphal namespace.
01-01 04:04:54.344 345 345 E android.hardware.memtrack@1.0-impl: hw_get_module memtrack failed: -2
01-01 04:04:54.344 345 345 E android.hardware.memtrack@1.0-service: Could not get passthrough implementation for android.hardware.memtrack@1.0::IMemtrack/default.
01-01 04:04:55.227 195 195 E ActivityRecognitionHardware: activity_recognition HAL is deprecated. class_init is effectively a no-op
01-01 04:04:55.431 195 195 I zygote : Thread[1,tid=195,Native,Thread*=0xa7ef6000,peer=0x12cc0088,"main"] recursive attempt to load library "/system/lib/libmedia_jni.so"
01-01 04:04:55.431 195 195 D MtpDeviceJNI: register_android_mtp_MtpDevice
01-01 04:04:55.431 195 195 I zygote : Thread[1,tid=195,Native,Thread*=0xa7ef6000,peer=0x12cc0088,"main"] recursive attempt to load library "/system/lib/libmedia_jni.so"
01-01 04:04:55.432 195 195 I zygote : Thread[1,tid=195,Native,Thread*=0xa7ef6000,peer=0x12cc0088,"main"] recursive attempt to load library "/system/lib/libmedia_jni.so"
01-01 04:04:55.432 195 195 W MediaProfiles: Could not find a validated xml file. Using the default instance instead.
01-01 04:04:55.902 195 195 I Zygote : ...preloaded 6535 classes in 1899ms.
01-01 04:04:55.903 195 195 I zygote : VMRuntime.preloadDexCaches starting
01-01 04:04:56.011 195 195 I zygote : VMRuntime.preloadDexCaches strings total=341090 before=12299 after=12299
01-01 04:04:56.011 195 195 I zygote : VMRuntime.preloadDexCaches types total=31454 before=7837 after=7838
01-01 04:04:56.011 195 195 I zygote : VMRuntime.preloadDexCaches fields total=141524 before=9160 after=9160
01-01 04:04:56.011 195 195 I zygote : VMRuntime.preloadDexCaches methods total=248957 before=12783 after=12783
01-01 04:04:56.011 195 195 I zygote : VMRuntime.preloadDexCaches finished
01-01 04:04:56.714 195 195 I Zygote : Preloading resources...
01-01 04:04:56.756 195 195 W Resources: Preloaded drawable resource #0x1080265 (android:drawable/dialog_background_material) that varies with configuration!!
01-01 04:04:56.800 195 195 I main : type=1400 audit(0.0:86): avc: denied { read } for name="libglapi.so" dev="mmcblk2p13" ino=2521 scontext=u:r:zygote:s0 tcontext=u:object_r:vendor_file:s0 tclass=file permissive=1
01-01 04:04:56.800 195 195 I main : type=1400 audit(0.0:87): avc: denied { open } for path="/system/vendor/lib/libglapi.so" dev="mmcblk2p13" ino=2521 scontext=u:r:zygote:s0 tcontext=u:object_r:vendor_file:s0 tclass=file permissive=1
01-01 04:04:56.800 195 195 I main : type=1400 audit(0.0:88): avc: denied { getattr } for path="/system/vendor/lib/libglapi.so" dev="mmcblk2p13" ino=2521 scontext=u:r:zygote:s0 tcontext=u:object_r:vendor_file:s0 tclass=file permissive=1
01-01 04:04:56.800 195 195 I main : type=1400 audit(0.0:89): avc: denied { map } for path="/system/vendor/lib/libglapi.so" dev="mmcblk2p13" ino=2521 scontext=u:r:zygote:s0 tcontext=u:object_r:vendor_file:s0 tclass=file permissive=1
01-01 04:04:56.800 195 195 I main : type=1400 audit(0.0:90): avc: denied { execute } for path="/system/vendor/lib/libdrm.so" dev="mmcblk2p13" ino=2475 scontext=u:r:zygote:s0 tcontext=u:object_r:vendor_file:s0 tclass=file permissive=1
01-01 04:04:56.804 195 195 I Zygote : ...preloaded 64 resources in 89ms.
01-01 04:04:56.814 195 195 I Zygote : ...preloaded 41 resources in 10ms.
01-01 04:04:56.815 195 195 D vndksupport: Loading /vendor/lib/hw/android.hardware.graphics.mapper@2.0-impl.so from current namespace instead of sphal namespace.
01-01 04:04:56.816 195 195 D vndksupport: Loading /vendor/lib/egl/libGLES_mesa.so from current namespace instead of sphal namespace.
01-01 04:04:56.821 195 195 D libEGL : loaded /vendor/lib/egl/libGLES_mesa.so
01-01 04:04:56.963 195 195 I Zygote : Preloading shared libraries...
01-01 04:04:56.995 195 195 I Zygote : Uninstalled ICU cache reference pinning...
01-01 04:04:56.998 195 195 I Zygote : Installed AndroidKeyStoreProvider in 3ms.
01-01 04:04:57.033 195 195 I Zygote : Warmed up JCA providers in 35ms.
01-01 04:04:57.033 195 195 D Zygote : end preload
01-01 04:04:57.033 195 195 I zygote : Waiting for a blocking GC Explicit
01-01 04:04:57.048 195 195 I zygote : WaitForGcToComplete blocked Explicit on None for 14.679ms
01-01 04:04:57.082 195 195 I zygote : Explicit concurrent copying GC freed 3485(160KB) AllocSpace objects, 0(0B) LOS objects, 73% free, 2MB/8MB, paused 68us total 33.981ms
01-01 04:04:57.116 195 195 I zygote : Explicit concurrent copying GC freed 989(73KB) AllocSpace objects, 0(0B) LOS objects, 74% free, 2MB/8MB, paused 64us total 33.423ms
01-01 04:04:57.194 195 195 I Zygote : System server process 347 has been created
01-01 04:04:57.196 347 347 I Zygote : seccomp disabled by setenforce 0
01-01 04:04:57.197 195 195 I Zygote : Accepting command socket connections
01-01 04:04:57.375 347 347 I system_server: The ClassLoaderContext is a special shared library.
01-01 04:04:57.410 347 347 I chatty : uid=1000 system_server identical 4 lines
01-01 04:04:57.415 347 347 I system_server: The ClassLoaderContext is a special shared library.
01-01 04:04:58.006 347 347 E UsbAlsaJackDetectorJNI: Can't register UsbAlsaJackDetector native methods
01-01 04:04:58.440 347 347 I system_server: type=1400 audit(0.0:91): avc: denied { open } for path="/dev/__properties__/u:object_r:vendor_default_prop:s0" dev="tmpfs" ino=13136 scontext=u:r:system_server:s0 tcontext=u:object_r:vendor_default_prop:s0 tclass=file permissive=1
01-01 04:04:58.440 347 347 I system_server: type=1400 audit(0.0:92): avc: denied { getattr } for path="/dev/__properties__/u:object_r:vendor_default_prop:s0" dev="tmpfs" ino=13136 scontext=u:r:system_server:s0 tcontext=u:object_r:vendor_default_prop:s0 tclass=file permissive=1
01-01 04:04:58.440 347 347 I system_server: type=1400 audit(0.0:93): avc: denied { map } for path="/dev/__properties__/u:object_r:vendor_default_prop:s0" dev="tmpfs" ino=13136 scontext=u:r:system_server:s0 tcontext=u:object_r:vendor_default_prop:s0 tclass=file permissive=1
01-01 04:04:58.557 347 366 E BluetoothAdapter: Bluetooth binder is null
01-01 04:04:58.589 171 171 W hwservicemanager: getTransport: Cannot find entry android.hardware.power@1.0::IPower/default in either framework or device manifest.
01-01 04:04:58.589 347 366 I PowerManagerService-JNI: Couldn't load power HAL service
01-01 04:04:58.589 347 366 E BatteryStatsService: Power Hal not loaded
01-01 04:04:58.709 347 347 I ServiceManagement: getService: Trying again for android.hardware.memtrack@1.0::IMemtrack/default...
01-01 04:04:59.340 209 209 I drm-event-liste: type=1400 audit(0.0:94): avc: denied { read } for path="socket:[14898]" dev="sockfs" ino=14898 scontext=u:r:hal_graphics_composer_default:s0 tcontext=u:r:hal_graphics_composer_default:s0 tclass=netlink_kobject_uevent_socket permissive=1
01-01 04:04:59.351 370 370 E cutils-trace: Error opening trace file: Permission denied (13)
01-01 04:04:59.352 370 370 D vndksupport: Loading /vendor/lib/hw/android.hardware.memtrack@1.0-impl.so from current namespace instead of sphal namespace.
01-01 04:04:59.353 370 370 E android.hardware.memtrack@1.0-impl: hw_get_module memtrack failed: -2
01-01 04:04:59.353 370 370 E android.hardware.memtrack@1.0-service: Could not get passthrough implementation for android.hardware.memtrack@1.0::IMemtrack/default.
01-01 04:04:59.709 347 347 W ServiceManagement: Waited one second for android.hardware.memtrack@1.0::IMemtrack/default. Waiting another...
01-01 04:05:02.710 347 347 I chatty : uid=1000 system_server identical 3 lines
01-01 04:05:03.711 347 347 W ServiceManagement: Waited one second for android.hardware.memtrack@1.0::IMemtrack/default. Waiting another...
01-01 04:05:04.366 371 371 E cutils-trace: Error opening trace file: Permission denied (13)
01-01 04:05:04.367 371 371 D vndksupport: Loading /vendor/lib/hw/android.hardware.memtrack@1.0-impl.so from current namespace instead of sphal namespace.
01-01 04:05:04.368 371 371 E android.hardware.memtrack@1.0-impl: hw_get_module memtrack failed: -2
01-01 04:05:04.368 371 371 E android.hardware.memtrack@1.0-service: Could not get passthrough implementation for android.hardware.memtrack@1.0::IMemtrack/default.
01-01 04:05:04.711 347 347 W ServiceManagement: Waited one second for android.hardware.memtrack@1.0::IMemtrack/default. Waiting another...
01-01 04:05:05.450 201 201 I healthd : type=1400 audit(0.0:95): avc: denied { read } for name="present" dev="sysfs" ino=34539 scontext=u:r:healthd:s0 tcontext=u:object_r:sysfs:s0 tclass=file permissive=1
01-01 04:05:05.450 201 201 I healthd : type=1400 audit(0.0:96): avc: denied { open } for path="/sys/devices/platform/i2c-gpio-1/i2c-11/11-0066/max77693-charger/power_supply/max77693-charger/present" dev="sysfs" ino=34539 scontext=u:r:healthd:s0 tcontext=u:object_r:sysfs:s0 tclass=file permissive=1
01-01 04:05:05.450 201 201 I healthd : type=1400 audit(0.0:97): avc: denied { getattr } for path="/sys/devices/platform/i2c-gpio-1/i2c-11/11-0066/max77693-charger/power_supply/max77693-charger/present" dev="sysfs" ino=34539 scontext=u:r:healthd:s0 tcontext=u:object_r:sysfs:s0 tclass=file permissive=1
01-01 04:05:05.712 347 347 W ServiceManagement: Waited one second for android.hardware.memtrack@1.0::IMemtrack/default. Waiting another...
01-01 04:05:07.713 347 347 I chatty : uid=1000 system_server identical 2 lines
01-01 04:05:08.713 347 347 W ServiceManagement: Waited one second for android.hardware.memtrack@1.0::IMemtrack/default. Waiting another...
01-01 04:05:09.374 372 372 E cutils-trace: Error opening trace file: Permission denied (13)
01-01 04:05:09.375 372 372 D vndksupport: Loading /vendor/lib/hw/android.hardware.memtrack@1.0-impl.so from current namespace instead of sphal namespace.
01-01 04:05:09.376 372 372 E android.hardware.memtrack@1.0-impl: hw_get_module memtrack failed: -2
01-01 04:05:09.376 372 372 E android.hardware.memtrack@1.0-service: Could not get passthrough implementation for android.hardware.memtrack@1.0::IMemtrack/default.
01-01 04:05:09.714 347 347 W ServiceManagement: Waited one second for android.hardware.memtrack@1.0::IMemtrack/default. Waiting another...
01-01 04:05:12.715 347 347 I chatty : uid=1000 system_server identical 3 lines
01-01 04:05:13.716 347 347 W ServiceManagement: Waited one second for android.hardware.memtrack@1.0::IMemtrack/default. Waiting another...
01-01 04:05:14.391 373 373 E cutils-trace: Error opening trace file: Permission denied (13)
01-01 04:05:14.392 373 373 D vndksupport: Loading /vendor/lib/hw/android.hardware.memtrack@1.0-impl.so from current namespace instead of sphal namespace.
01-01 04:05:14.393 373 373 E android.hardware.memtrack@1.0-impl: hw_get_module memtrack failed: -2
01-01 04:05:14.393 373 373 E android.hardware.memtrack@1.0-service: Could not get passthrough implementation for android.hardware.memtrack@1.0::IMemtrack/default.
01-01 04:05:14.716 347 347 W ServiceManagement: Waited one second for android.hardware.memtrack@1.0::IMemtrack/default. Waiting another...
01-01 04:05:17.717 347 347 I chatty : uid=1000 system_server identical 3 lines
01-01 04:05:18.718 347 347 W ServiceManagement: Waited one second for android.hardware.memtrack@1.0::IMemtrack/default. Waiting another...
01-01 04:05:19.402 374 374 E cutils-trace: Error opening trace file: Permission denied (13)
01-01 04:05:19.404 374 374 D vndksupport: Loading /vendor/lib/hw/android.hardware.memtrack@1.0-impl.so from current namespace instead of sphal namespace.
01-01 04:05:19.405 374 374 E android.hardware.memtrack@1.0-impl: hw_get_module memtrack failed: -2
01-01 04:05:19.405 374 374 E android.hardware.memtrack@1.0-service: Could not get passthrough implementation for android.hardware.memtrack@1.0::IMemtrack/default.
01-01 04:05:19.718 347 347 W ServiceManagement: Waited one second for android.hardware.memtrack@1.0::IMemtrack/default. Waiting another...
01-01 04:05:22.719 347 347 I chatty : uid=1000 system_server identical 3 lines
01-01 04:05:23.720 347 347 W ServiceManagement: Waited one second for android.hardware.memtrack@1.0::IMemtrack/default. Waiting another...
01-01 04:05:24.423 375 375 E cutils-trace: Error opening trace file: Permission denied (13)
01-01 04:05:24.424 375 375 D vndksupport: Loading /vendor/lib/hw/android.hardware.memtrack@1.0-impl.so from current namespace instead of sphal namespace.
01-01 04:05:24.425 375 375 E android.hardware.memtrack@1.0-impl: hw_get_module memtrack failed: -2
01-01 04:05:24.425 375 375 E android.hardware.memtrack@1.0-service: Could not get passthrough implementation for android.hardware.memtrack@1.0::IMemtrack/default.
01-01 04:05:24.720 347 347 W ServiceManagement: Waited one second for android.hardware.memtrack@1.0::IMemtrack/default. Waiting another...
01-01 04:05:27.722 347 347 I chatty : uid=1000 system_server identical 3 lines
01-01 04:05:28.722 347 347 W ServiceManagement: Waited one second for android.hardware.memtrack@1.0::IMemtrack/default. Waiting another...
01-01 04:05:29.434 376 376 E cutils-trace: Error opening trace file: Permission denied (13)
01-01 04:05:29.436 376 376 D vndksupport: Loading /vendor/lib/hw/android.hardware.memtrack@1.0-impl.so from current namespace instead of sphal namespace.
01-01 04:05:29.439 376 376 E android.hardware.memtrack@1.0-impl: hw_get_module memtrack failed: -2
01-01 04:05:29.440 376 376 E android.hardware.memtrack@1.0-service: Could not get passthrough implementation for android.hardware.memtrack@1.0::IMemtrack/default.
01-01 04:05:29.722 347 347 W ServiceManagement: Waited one second for android.hardware.memtrack@1.0::IMemtrack/default. Waiting another...
01-01 04:05:32.724 347 347 I chatty : uid=1000 system_server identical 3 lines
01-01 04:05:33.724 347 347 W ServiceManagement: Waited one second for android.hardware.memtrack@1.0::IMemtrack/default. Waiting another...
01-01 04:05:34.451 377 377 E cutils-trace: Error opening trace file: Permission denied (13)
01-01 04:05:34.453 377 377 D vndksupport: Loading /vendor/lib/hw/android.hardware.memtrack@1.0-impl.so from current namespace instead of sphal namespace.
01-01 04:05:34.455 377 377 E android.hardware.memtrack@1.0-impl: hw_get_module memtrack failed: -2
01-01 04:05:34.455 377 377 E android.hardware.memtrack@1.0-service: Could not get passthrough implementation for android.hardware.memtrack@1.0::IMemtrack/default.
01-01 04:05:34.725 347 347 W ServiceManagement: Waited one second for android.hardware.memtrack@1.0::IMemtrack/default. Waiting another...
01-01 04:05:37.726 347 347 I chatty : uid=1000 system_server identical 3 lines
01-01 04:05:38.726 347 347 W ServiceManagement: Waited one second for android.hardware.memtrack@1.0::IMemtrack/default. Waiting another...
01-01 04:05:39.461 378 378 E cutils-trace: Error opening trace file: Permission denied (13)
01-01 04:05:39.463 378 378 D vndksupport: Loading /vendor/lib/hw/android.hardware.memtrack@1.0-impl.so from current namespace instead of sphal namespace.
01-01 04:05:39.465 378 378 E android.hardware.memtrack@1.0-impl: hw_get_module memtrack failed: -2
01-01 04:05:39.466 378 378 E android.hardware.memtrack@1.0-service: Could not get passthrough implementation for android.hardware.memtrack@1.0::IMemtrack/default.
01-01 04:05:39.727 347 347 W ServiceManagement: Waited one second for android.hardware.memtrack@1.0::IMemtrack/default. Waiting another...
01-01 04:05:42.728 347 347 I chatty : uid=1000 system_server identical 3 lines
01-01 04:05:43.728 347 347 W ServiceManagement: Waited one second for android.hardware.memtrack@1.0::IMemtrack/default. Waiting another...
01-01 04:05:44.476 379 379 E cutils-trace: Error opening trace file: Permission denied (13)
01-01 04:05:44.479 379 379 D vndksupport: Loading /vendor/lib/hw/android.hardware.memtrack@1.0-impl.so from current namespace instead of sphal namespace.
01-01 04:05:44.481 379 379 E android.hardware.memtrack@1.0-impl: hw_get_module memtrack failed: -2
01-01 04:05:44.482 379 379 E android.hardware.memtrack@1.0-service: Could not get passthrough implementation for android.hardware.memtrack@1.0::IMemtrack/default.
01-01 04:05:44.729 347 347 W ServiceManagement: Waited one second for android.hardware.memtrack@1.0::IMemtrack/default. Waiting another...
01-01 04:05:47.730 347 347 I chatty : uid=1000 system_server identical 3 lines
01-01 04:05:48.730 347 347 W ServiceManagement: Waited one second for android.hardware.memtrack@1.0::IMemtrack/default. Waiting another...
01-01 04:05:49.492 380 380 E cutils-trace: Error opening trace file: Permission denied (13)
01-01 04:05:49.495 380 380 D vndksupport: Loading /vendor/lib/hw/android.hardware.memtrack@1.0-impl.so from current namespace instead of sphal namespace.
01-01 04:05:49.497 380 380 E android.hardware.memtrack@1.0-impl: hw_get_module memtrack failed: -2
01-01 04:05:49.498 380 380 E android.hardware.memtrack@1.0-service: Could not get passthrough implementation for android.hardware.memtrack@1.0::IMemtrack/default.
01-01 04:05:49.731 347 347 W ServiceManagement: Waited one second for android.hardware.memtrack@1.0::IMemtrack/default. Waiting another...
01-01 04:05:52.732 347 347 I chatty : uid=1000 system_server identical 3 lines
01-01 04:05:53.732 347 347 W ServiceManagement: Waited one second for android.hardware.memtrack@1.0::IMemtrack/default. Waiting another...
01-01 04:05:54.492 381 381 E cutils-trace: Error opening trace file: Permission denied (13)
01-01 04:05:54.493 381 381 D vndksupport: Loading /vendor/lib/hw/android.hardware.memtrack@1.0-impl.so from current namespace instead of sphal namespace.
01-01 04:05:54.494 381 381 E android.hardware.memtrack@1.0-impl: hw_get_module memtrack failed: -2
01-01 04:05:54.494 381 381 E android.hardware.memtrack@1.0-service: Could not get passthrough implementation for android.hardware.memtrack@1.0::IMemtrack/default.
01-01 04:05:54.732 347 347 W ServiceManagement: Waited one second for android.hardware.memtrack@1.0::IMemtrack/default. Waiting another...
01-01 04:05:57.734 347 347 I chatty : uid=1000 system_server identical 3 lines
01-01 04:05:58.734 347 347 W ServiceManagement: Waited one second for android.hardware.memtrack@1.0::IMemtrack/default. Waiting another...
01-01 04:05:59.520 382 382 E cutils-trace: Error opening trace file: Permission denied (13)
01-01 04:05:59.522 382 382 D vndksupport: Loading /vendor/lib/hw/android.hardware.memtrack@1.0-impl.so from current namespace instead of sphal namespace.
01-01 04:05:59.524 382 382 E android.hardware.memtrack@1.0-impl: hw_get_module memtrack failed: -2
01-01 04:05:59.525 382 382 E android.hardware.memtrack@1.0-service: Could not get passthrough implementation for android.hardware.memtrack@1.0::IMemtrack/default.
01-01 04:05:59.734 347 347 W ServiceManagement: Waited one second for android.hardware.memtrack@1.0::IMemtrack/default. Waiting another...
01-01 04:06:02.735 347 347 I chatty : uid=1000 system_server identical 3 lines
01-01 04:06:03.736 347 347 W ServiceManagement: Waited one second for android.hardware.memtrack@1.0::IMemtrack/default. Waiting another...
01-01 04:06:04.527 383 383 E cutils-trace: Error opening trace file: Permission denied (13)
01-01 04:06:04.529 383 383 D vndksupport: Loading /vendor/lib/hw/android.hardware.memtrack@1.0-impl.so from current namespace instead of sphal namespace.
01-01 04:06:04.531 383 383 E android.hardware.memtrack@1.0-impl: hw_get_module memtrack failed: -2
01-01 04:06:04.531 383 383 E android.hardware.memtrack@1.0-service: Could not get passthrough implementation for android.hardware.memtrack@1.0::IMemtrack/default.
01-01 04:06:04.736 347 347 W ServiceManagement: Waited one second for android.hardware.memtrack@1.0::IMemtrack/default. Waiting another...
01-01 04:06:07.738 347 347 I chatty : uid=1000 system_server identical 3 lines
01-01 04:06:08.739 347 347 W ServiceManagement: Waited one second for android.hardware.memtrack@1.0::IMemtrack/default. Waiting another...
01-01 04:06:09.534 384 384 E cutils-trace: Error opening trace file: Permission denied (13)
01-01 04:06:09.535 384 384 D vndksupport: Loading /vendor/lib/hw/android.hardware.memtrack@1.0-impl.so from current namespace instead of sphal namespace.
01-01 04:06:09.536 384 384 E android.hardware.memtrack@1.0-impl: hw_get_module memtrack failed: -2
01-01 04:06:09.536 384 384 E android.hardware.memtrack@1.0-service: Could not get passthrough implementation for android.hardware.memtrack@1.0::IMemtrack/default.
01-01 04:06:09.740 347 347 W ServiceManagement: Waited one second for android.hardware.memtrack@1.0::IMemtrack/default. Waiting another...
01-01 04:06:12.741 347 347 I chatty : uid=1000 system_server identical 3 lines
01-01 04:06:13.741 347 347 W ServiceManagement: Waited one second for android.hardware.memtrack@1.0::IMemtrack/default. Waiting another...
01-01 04:06:14.552 385 385 E cutils-trace: Error opening trace file: Permission denied (13)
01-01 04:06:14.553 385 385 D vndksupport: Loading /vendor/lib/hw/android.hardware.memtrack@1.0-impl.so from current namespace instead of sphal namespace.
01-01 04:06:14.554 385 385 E android.hardware.memtrack@1.0-impl: hw_get_module memtrack failed: -2
01-01 04:06:14.555 385 385 E android.hardware.memtrack@1.0-service: Could not get passthrough implementation for android.hardware.memtrack@1.0::IMemtrack/default.
01-01 04:06:14.741 347 347 W ServiceManagement: Waited one second for android.hardware.memtrack@1.0::IMemtrack/default. Waiting another...
01-01 04:06:17.743 347 347 I chatty : uid=1000 system_server identical 3 lines
01-01 04:06:18.743 347 347 W ServiceManagement: Waited one second for android.hardware.memtrack@1.0::IMemtrack/default. Waiting another...
01-01 04:06:19.567 386 386 E cutils-trace: Error opening trace file: Permission denied (13)
01-01 04:06:19.568 386 386 D vndksupport: Loading /vendor/lib/hw/android.hardware.memtrack@1.0-impl.so from current namespace instead of sphal namespace.
01-01 04:06:19.569 386 386 E android.hardware.memtrack@1.0-impl: hw_get_module memtrack failed: -2
01-01 04:06:19.569 386 386 E android.hardware.memtrack@1.0-service: Could not get passthrough implementation for android.hardware.memtrack@1.0::IMemtrack/default.
01-01 04:06:19.743 347 347 W ServiceManagement: Waited one second for android.hardware.memtrack@1.0::IMemtrack/default. Waiting another...
01-01 04:06:22.745 347 347 I chatty : uid=1000 system_server identical 3 lines
01-01 04:06:23.745 347 347 W ServiceManagement: Waited one second for android.hardware.memtrack@1.0::IMemtrack/default. Waiting another...
01-01 04:06:24.576 387 387 E cutils-trace: Error opening trace file: Permission denied (13)
01-01 04:06:24.577 387 387 D vndksupport: Loading /vendor/lib/hw/android.hardware.memtrack@1.0-impl.so from current namespace instead of sphal namespace.
01-01 04:06:24.578 387 387 E android.hardware.memtrack@1.0-impl: hw_get_module memtrack failed: -2
01-01 04:06:24.579 387 387 E android.hardware.memtrack@1.0-service: Could not get passthrough implementation for android.hardware.memtrack@1.0::IMemtrack/default.
01-01 04:06:24.746 347 347 W ServiceManagement: Waited one second for android.hardware.memtrack@1.0::IMemtrack/default. Waiting another...
01-01 04:06:27.747 347 347 I chatty : uid=1000 system_server identical 3 lines
01-01 04:06:28.747 347 347 W ServiceManagement: Waited one second for android.hardware.memtrack@1.0::IMemtrack/default. Waiting another...
01-01 04:06:29.593 388 388 E cutils-trace: Error opening trace file: Permission denied (13)
01-01 04:06:29.595 388 388 D vndksupport: Loading /vendor/lib/hw/android.hardware.memtrack@1.0-impl.so from current namespace instead of sphal namespace.
01-01 04:06:29.596 388 388 E android.hardware.memtrack@1.0-impl: hw_get_module memtrack failed: -2
01-01 04:06:29.596 388 388 E android.hardware.memtrack@1.0-service: Could not get passthrough implementation for android.hardware.memtrack@1.0::IMemtrack/default.
01-01 04:06:29.748 347 347 W ServiceManagement: Waited one second for android.hardware.memtrack@1.0::IMemtrack/default. Waiting another...
01-01 04:06:32.749 347 347 I chatty : uid=1000 system_server identical 3 lines
01-01 04:06:33.750 347 347 W ServiceManagement: Waited one second for android.hardware.memtrack@1.0::IMemtrack/default. Waiting another...
01-01 04:06:34.603 389 389 E cutils-trace: Error opening trace file: Permission denied (13)
01-01 04:06:34.605 389 389 D vndksupport: Loading /vendor/lib/hw/android.hardware.memtrack@1.0-impl.so from current namespace instead of sphal namespace.
01-01 04:06:34.606 389 389 E android.hardware.memtrack@1.0-impl: hw_get_module memtrack failed: -2
01-01 04:06:34.606 389 389 E android.hardware.memtrack@1.0-service: Could not get passthrough implementation for android.hardware.memtrack@1.0::IMemtrack/default.
01-01 04:06:34.750 347 347 W ServiceManagement: Waited one second for android.hardware.memtrack@1.0::IMemtrack/default. Waiting another...
01-01 04:06:37.752 347 347 I chatty : uid=1000 system_server identical 3 lines
01-01 04:06:38.752 347 347 W ServiceManagement: Waited one second for android.hardware.memtrack@1.0::IMemtrack/default. Waiting another...
01-01 04:06:39.622 390 390 E cutils-trace: Error opening trace file: Permission denied (13)
01-01 04:06:39.624 390 390 D vndksupport: Loading /vendor/lib/hw/android.hardware.memtrack@1.0-impl.so from current namespace instead of sphal namespace.
01-01 04:06:39.625 390 390 E android.hardware.memtrack@1.0-impl: hw_get_module memtrack failed: -2
01-01 04:06:39.625 390 390 E android.hardware.memtrack@1.0-service: Could not get passthrough implementation for android.hardware.memtrack@1.0::IMemtrack/default.
01-01 04:06:39.753 347 347 W ServiceManagement: Waited one second for android.hardware.memtrack@1.0::IMemtrack/default. Waiting another...
01-01 04:06:42.754 347 347 I chatty : uid=1000 system_server identical 3 lines
01-01 04:06:43.754 347 347 W ServiceManagement: Waited one second for android.hardware.memtrack@1.0::IMemtrack/default. Waiting another...
01-01 04:06:44.634 391 391 E cutils-trace: Error opening trace file: Permission denied (13)
01-01 04:06:44.635 391 391 D vndksupport: Loading /vendor/lib/hw/android.hardware.memtrack@1.0-impl.so from current namespace instead of sphal namespace.
01-01 04:06:44.636 391 391 E android.hardware.memtrack@1.0-impl: hw_get_module memtrack failed: -2
01-01 04:06:44.637 391 391 E android.hardware.memtrack@1.0-service: Could not get passthrough implementation for android.hardware.memtrack@1.0::IMemtrack/default.
01-01 04:06:44.755 347 347 W ServiceManagement: Waited one second for android.hardware.memtrack@1.0::IMemtrack/default. Waiting another...
01-01 04:06:47.756 347 347 I chatty : uid=1000 system_server identical 3 lines
01-01 04:06:48.756 347 347 W ServiceManagement: Waited one second for android.hardware.memtrack@1.0::IMemtrack/default. Waiting another...
01-01 04:06:49.650 392 392 E cutils-trace: Error opening trace file: Permission denied (13)
01-01 04:06:49.652 392 392 D vndksupport: Loading /vendor/lib/hw/android.hardware.memtrack@1.0-impl.so from current namespace instead of sphal namespace.
01-01 04:06:49.653 392 392 E android.hardware.memtrack@1.0-impl: hw_get_module memtrack failed: -2
01-01 04:06:49.653 392 392 E android.hardware.memtrack@1.0-service: Could not get passthrough implementation for android.hardware.memtrack@1.0::IMemtrack/default.
01-01 04:06:49.757 347 347 W ServiceManagement: Waited one second for android.hardware.memtrack@1.0::IMemtrack/default. Waiting another...
01-01 04:06:52.758 347 347 I chatty : uid=1000 system_server identical 3 lines
01-01 04:06:53.758 347 347 W ServiceManagement: Waited one second for android.hardware.memtrack@1.0::IMemtrack/default. Waiting another...
01-01 04:06:54.666 393 393 E cutils-trace: Error opening trace file: Permission denied (13)
01-01 04:06:54.667 393 393 D vndksupport: Loading /vendor/lib/hw/android.hardware.memtrack@1.0-impl.so from current namespace instead of sphal namespace.
01-01 04:06:54.668 393 393 E android.hardware.memtrack@1.0-impl: hw_get_module memtrack failed: -2
01-01 04:06:54.668 393 393 E android.hardware.memtrack@1.0-service: Could not get passthrough implementation for android.hardware.memtrack@1.0::IMemtrack/default.
01-01 04:06:54.759 347 347 W ServiceManagement: Waited one second for android.hardware.memtrack@1.0::IMemtrack/default. Waiting another...
01-01 04:06:57.760 347 347 I chatty : uid=1000 system_server identical 3 lines
01-01 04:06:58.760 347 347 W ServiceManagement: Waited one second for android.hardware.memtrack@1.0::IMemtrack/default. Waiting another...
01-01 04:06:59.677 394 394 E cutils-trace: Error opening trace file: Permission denied (13)
01-01 04:06:59.678 394 394 D vndksupport: Loading /vendor/lib/hw/android.hardware.memtrack@1.0-impl.so from current namespace instead of sphal namespace.
01-01 04:06:59.679 394 394 E android.hardware.memtrack@1.0-impl: hw_get_module memtrack failed: -2
01-01 04:06:59.680 394 394 E android.hardware.memtrack@1.0-service: Could not get passthrough implementation for android.hardware.memtrack@1.0::IMemtrack/default.
01-01 04:06:59.760 347 347 W ServiceManagement: Waited one second for android.hardware.memtrack@1.0::IMemtrack/default. Waiting another...
01-01 04:07:02.762 347 347 I chatty : uid=1000 system_server identical 3 lines
01-01 04:07:03.762 347 347 W ServiceManagement: Waited one second for android.hardware.memtrack@1.0::IMemtrack/default. Waiting another...
01-01 04:07:04.695 395 395 E cutils-trace: Error opening trace file: Permission denied (13)
01-01 04:07:04.697 395 395 D vndksupport: Loading /vendor/lib/hw/android.hardware.memtrack@1.0-impl.so from current namespace instead of sphal namespace.
01-01 04:07:04.698 395 395 E android.hardware.memtrack@1.0-impl: hw_get_module memtrack failed: -2
01-01 04:07:04.698 395 395 E android.hardware.memtrack@1.0-service: Could not get passthrough implementation for android.hardware.memtrack@1.0::IMemtrack/default.
01-01 04:07:04.763 347 347 W ServiceManagement: Waited one second for android.hardware.memtrack@1.0::IMemtrack/default. Waiting another...
01-01 04:07:07.764 347 347 I chatty : uid=1000 system_server identical 3 lines
01-01 04:07:08.764 347 347 W ServiceManagement: Waited one second for android.hardware.memtrack@1.0::IMemtrack/default. Waiting another...
01-01 04:07:09.715 396 396 E cutils-trace: Error opening trace file: Permission denied (13)
01-01 04:07:09.716 396 396 D vndksupport: Loading /vendor/lib/hw/android.hardware.memtrack@1.0-impl.so from current namespace instead of sphal namespace.
01-01 04:07:09.717 396 396 E android.hardware.memtrack@1.0-impl: hw_get_module memtrack failed: -2
01-01 04:07:09.718 396 396 E android.hardware.memtrack@1.0-service: Could not get passthrough implementation for android.hardware.memtrack@1.0::IMemtrack/default.
01-01 04:07:09.765 347 347 W ServiceManagement: Waited one second for android.hardware.memtrack@1.0::IMemtrack/default. Waiting another...
01-01 04:07:12.766 347 347 I chatty : uid=1000 system_server identical 3 lines
01-01 04:07:13.766 347 347 W ServiceManagement: Waited one second for android.hardware.memtrack@1.0::IMemtrack/default. Waiting another...
01-01 04:07:14.722 397 397 E cutils-trace: Error opening trace file: Permission denied (13)
01-01 04:07:14.723 397 397 D vndksupport: Loading /vendor/lib/hw/android.hardware.memtrack@1.0-impl.so from current namespace instead of sphal namespace.
01-01 04:07:14.724 397 397 E android.hardware.memtrack@1.0-impl: hw_get_module memtrack failed: -2
01-01 04:07:14.724 397 397 E android.hardware.memtrack@1.0-service: Could not get passthrough implementation for android.hardware.memtrack@1.0::IMemtrack/default.
01-01 04:07:14.766 347 347 W ServiceManagement: Waited one second for android.hardware.memtrack@1.0::IMemtrack/default. Waiting another...
01-01 04:07:17.768 347 347 I chatty : uid=1000 system_server identical 3 lines
01-01 04:07:18.768 347 347 W ServiceManagement: Waited one second for android.hardware.memtrack@1.0::IMemtrack/default. Waiting another...
01-01 04:07:19.735 398 398 E cutils-trace: Error opening trace file: Permission denied (13)
01-01 04:07:19.736 398 398 D vndksupport: Loading /vendor/lib/hw/android.hardware.memtrack@1.0-impl.so from current namespace instead of sphal namespace.
01-01 04:07:19.737 398 398 E android.hardware.memtrack@1.0-impl: hw_get_module memtrack failed: -2
01-01 04:07:19.737 398 398 E android.hardware.memtrack@1.0-service: Could not get passthrough implementation for android.hardware.memtrack@1.0::IMemtrack/default.
01-01 04:07:19.768 347 347 W ServiceManagement: Waited one second for android.hardware.memtrack@1.0::IMemtrack/default. Waiting another...
01-01 04:07:22.770 347 347 I chatty : uid=1000 system_server identical 3 lines
01-01 04:07:23.770 347 347 W ServiceManagement: Waited one second for android.hardware.memtrack@1.0::IMemtrack/default. Waiting another...
01-01 04:07:24.747 399 399 E cutils-trace: Error opening trace file: Permission denied (13)
01-01 04:07:24.748 399 399 D vndksupport: Loading /vendor/lib/hw/android.hardware.memtrack@1.0-impl.so from current namespace instead of sphal namespace.
01-01 04:07:24.749 399 399 E android.hardware.memtrack@1.0-impl: hw_get_module memtrack failed: -2
01-01 04:07:24.749 399 399 E android.hardware.memtrack@1.0-service: Could not get passthrough implementation for android.hardware.memtrack@1.0::IMemtrack/default.
01-01 04:07:24.771 347 347 W ServiceManagement: Waited one second for android.hardware.memtrack@1.0::IMemtrack/default. Waiting another...
01-01 04:07:27.772 347 347 I chatty : uid=1000 system_server identical 3 lines
01-01 04:07:28.773 347 347 W ServiceManagement: Waited one second for android.hardware.memtrack@1.0::IMemtrack/default. Waiting another...
01-01 04:07:29.764 400 400 E cutils-trace: Error opening trace file: Permission denied (13)
01-01 04:07:29.765 400 400 D vndksupport: Loading /vendor/lib/hw/android.hardware.memtrack@1.0-impl.so from current namespace instead of sphal namespace.
01-01 04:07:29.766 400 400 E android.hardware.memtrack@1.0-impl: hw_get_module memtrack failed: -2
01-01 04:07:29.767 400 400 E android.hardware.memtrack@1.0-service: Could not get passthrough implementation for android.hardware.memtrack@1.0::IMemtrack/default.
01-01 04:07:29.773 347 347 W ServiceManagement: Waited one second for android.hardware.memtrack@1.0::IMemtrack/default. Waiting another...
01-01 04:07:33.775 347 347 I chatty : uid=1000 system_server identical 4 lines
01-01 04:07:34.775 347 347 W ServiceManagement: Waited one second for android.hardware.memtrack@1.0::IMemtrack/default. Waiting another...
01-01 04:07:34.777 401 401 E cutils-trace: Error opening trace file: Permission denied (13)
01-01 04:07:34.779 401 401 D vndksupport: Loading /vendor/lib/hw/android.hardware.memtrack@1.0-impl.so from current namespace instead of sphal namespace.
01-01 04:07:34.780 401 401 E android.hardware.memtrack@1.0-impl: hw_get_module memtrack failed: -2
01-01 04:07:34.780 401 401 E android.hardware.memtrack@1.0-service: Could not get passthrough implementation for android.hardware.memtrack@1.0::IMemtrack/default.
01-01 04:07:35.776 347 347 W ServiceManagement: Waited one second for android.hardware.memtrack@1.0::IMemtrack/default. Waiting another...
01-01 04:07:38.777 347 347 I chatty : uid=1000 system_server identical 3 lines
01-01 04:07:39.777 347 347 W ServiceManagement: Waited one second for android.hardware.memtrack@1.0::IMemtrack/default. Waiting another...
01-01 04:07:39.801 402 402 E cutils-trace: Error opening trace file: Permission denied (13)
01-01 04:07:39.802 402 402 D vndksupport: Loading /vendor/lib/hw/android.hardware.memtrack@1.0-impl.so from current namespace instead of sphal namespace.
01-01 04:07:39.803 402 402 E android.hardware.memtrack@1.0-impl: hw_get_module memtrack failed: -2
01-01 04:07:39.803 402 402 E android.hardware.memtrack@1.0-service: Could not get passthrough implementation for android.hardware.memtrack@1.0::IMemtrack/default.
01-01 04:07:40.778 347 347 W ServiceManagement: Waited one second for android.hardware.memtrack@1.0::IMemtrack/default. Waiting another...
01-01 04:07:43.779 347 347 I chatty : uid=1000 system_server identical 3 lines
01-01 04:07:44.779 347 347 W ServiceManagement: Waited one second for android.hardware.memtrack@1.0::IMemtrack/default. Waiting another...
01-01 04:07:44.807 403 403 E cutils-trace: Error opening trace file: Permission denied (13)
01-01 04:07:44.808 403 403 D vndksupport: Loading /vendor/lib/hw/android.hardware.memtrack@1.0-impl.so from current namespace instead of sphal namespace.
01-01 04:07:44.809 403 403 E android.hardware.memtrack@1.0-impl: hw_get_module memtrack failed: -2
01-01 04:07:44.809 403 403 E android.hardware.memtrack@1.0-service: Could not get passthrough implementation for android.hardware.memtrack@1.0::IMemtrack/default.
01-01 04:07:45.780 347 347 W ServiceManagement: Waited one second for android.hardware.memtrack@1.0::IMemtrack/default. Waiting another...
01-01 04:07:48.781 347 347 I chatty : uid=1000 system_server identical 3 lines
01-01 04:07:49.781 347 347 W ServiceManagement: Waited one second for android.hardware.memtrack@1.0::IMemtrack/default. Waiting another...
01-01 04:07:49.822 404 404 E cutils-trace: Error opening trace file: Permission denied (13)
01-01 04:07:49.824 404 404 D vndksupport: Loading /vendor/lib/hw/android.hardware.memtrack@1.0-impl.so from current namespace instead of sphal namespace.
01-01 04:07:49.825 404 404 E android.hardware.memtrack@1.0-impl: hw_get_module memtrack failed: -2
01-01 04:07:49.825 404 404 E android.hardware.memtrack@1.0-service: Could not get passthrough implementation for android.hardware.memtrack@1.0::IMemtrack/default.
01-01 04:07:50.782 347 347 W ServiceManagement: Waited one second for android.hardware.memtrack@1.0::IMemtrack/default. Waiting another...
01-01 04:07:53.783 347 347 I chatty : uid=1000 system_server identical 3 lines
01-01 04:07:54.784 347 347 W ServiceManagement: Waited one second for android.hardware.memtrack@1.0::IMemtrack/default. Waiting another...
01-01 04:07:54.838 405 405 E cutils-trace: Error opening trace file: Permission denied (13)
01-01 04:07:54.839 405 405 D vndksupport: Loading /vendor/lib/hw/android.hardware.memtrack@1.0-impl.so from current namespace instead of sphal namespace.
01-01 04:07:54.841 405 405 E android.hardware.memtrack@1.0-impl: hw_get_module memtrack failed: -2
01-01 04:07:54.841 405 405 E android.hardware.memtrack@1.0-service: Could not get passthrough implementation for android.hardware.memtrack@1.0::IMemtrack/default.
01-01 04:07:55.784 347 347 W ServiceManagement: Waited one second for android.hardware.memtrack@1.0::IMemtrack/default. Waiting another...
01-01 04:07:58.785 347 347 I chatty : uid=1000 system_server identical 3 lines
01-01 04:07:59.786 347 347 W ServiceManagement: Waited one second for android.hardware.memtrack@1.0::IMemtrack/default. Waiting another...
01-01 04:07:59.843 406 406 E cutils-trace: Error opening trace file: Permission denied (13)
01-01 04:07:59.844 406 406 D vndksupport: Loading /vendor/lib/hw/android.hardware.memtrack@1.0-impl.so from current namespace instead of sphal namespace.
01-01 04:07:59.845 406 406 E android.hardware.memtrack@1.0-impl: hw_get_module memtrack failed: -2
01-01 04:07:59.845 406 406 E android.hardware.memtrack@1.0-service: Could not get passthrough implementation for android.hardware.memtrack@1.0::IMemtrack/default.
01-01 04:08:00.786 347 347 W ServiceManagement: Waited one second for android.hardware.memtrack@1.0::IMemtrack/default. Waiting another...
01-01 04:08:03.788 347 347 I chatty : uid=1000 system_server identical 3 lines
01-01 04:08:04.788 347 347 W ServiceManagement: Waited one second for android.hardware.memtrack@1.0::IMemtrack/default. Waiting another...
01-01 04:08:04.862 407 407 E cutils-trace: Error opening trace file: Permission denied (13)
01-01 04:08:04.864 407 407 D vndksupport: Loading /vendor/lib/hw/android.hardware.memtrack@1.0-impl.so from current namespace instead of sphal namespace.
01-01 04:08:04.865 407 407 E android.hardware.memtrack@1.0-impl: hw_get_module memtrack failed: -2
01-01 04:08:04.865 407 407 E android.hardware.memtrack@1.0-service: Could not get passthrough implementation for android.hardware.memtrack@1.0::IMemtrack/default.
01-01 04:08:05.789 347 347 W ServiceManagement: Waited one second for android.hardware.memtrack@1.0::IMemtrack/default. Waiting another...
01-01 04:08:08.790 347 347 I chatty : uid=1000 system_server identical 3 lines
01-01 04:08:09.790 347 347 W ServiceManagement: Waited one second for android.hardware.memtrack@1.0::IMemtrack/default. Waiting another...
01-01 04:08:09.874 408 408 E cutils-trace: Error opening trace file: Permission denied (13)
01-01 04:08:09.875 408 408 D vndksupport: Loading /vendor/lib/hw/android.hardware.memtrack@1.0-impl.so from current namespace instead of sphal namespace.
01-01 04:08:09.876 408 408 E android.hardware.memtrack@1.0-impl: hw_get_module memtrack failed: -2
01-01 04:08:09.877 408 408 E android.hardware.memtrack@1.0-service: Could not get passthrough implementation for android.hardware.memtrack@1.0::IMemtrack/default.
01-01 04:08:10.790 347 347 W ServiceManagement: Waited one second for android.hardware.memtrack@1.0::IMemtrack/default. Waiting another...
01-01 04:08:13.792 347 347 I chatty : uid=1000 system_server identical 3 lines
01-01 04:08:14.792 347 347 W ServiceManagement: Waited one second for android.hardware.memtrack@1.0::IMemtrack/default. Waiting another...
01-01 04:08:14.884 409 409 E cutils-trace: Error opening trace file: Permission denied (13)
01-01 04:08:14.885 409 409 D vndksupport: Loading /vendor/lib/hw/android.hardware.memtrack@1.0-impl.so from current namespace instead of sphal namespace.
01-01 04:08:14.886 409 409 E android.hardware.memtrack@1.0-impl: hw_get_module memtrack failed: -2
01-01 04:08:14.886 409 409 E android.hardware.memtrack@1.0-service: Could not get passthrough implementation for android.hardware.memtrack@1.0::IMemtrack/default.
01-01 04:08:15.792 347 347 W ServiceManagement: Waited one second for android.hardware.memtrack@1.0::IMemtrack/default. Waiting another...
01-01 04:08:18.793 347 347 I chatty : uid=1000 system_server identical 3 lines
01-01 04:08:19.794 347 347 W ServiceManagement: Waited one second for android.hardware.memtrack@1.0::IMemtrack/default. Waiting another...
01-01 04:08:19.899 410 410 E cutils-trace: Error opening trace file: Permission denied (13)
01-01 04:08:19.900 410 410 D vndksupport: Loading /vendor/lib/hw/android.hardware.memtrack@1.0-impl.so from current namespace instead of sphal namespace.
01-01 04:08:19.901 410 410 E android.hardware.memtrack@1.0-impl: hw_get_module memtrack failed: -2
01-01 04:08:19.902 410 410 E android.hardware.memtrack@1.0-service: Could not get passthrough implementation for android.hardware.memtrack@1.0::IMemtrack/default.
01-01 04:08:20.794 347 347 W ServiceManagement: Waited one second for android.hardware.memtrack@1.0::IMemtrack/default. Waiting another...
01-01 04:08:23.795 347 347 I chatty : uid=1000 system_server identical 3 lines
01-01 04:08:24.796 347 347 W ServiceManagement: Waited one second for android.hardware.memtrack@1.0::IMemtrack/default. Waiting another...
01-01 04:08:24.921 411 411 E cutils-trace: Error opening trace file: Permission denied (13)
01-01 04:08:24.922 411 411 D vndksupport: Loading /vendor/lib/hw/android.hardware.memtrack@1.0-impl.so from current namespace instead of sphal namespace.
01-01 04:08:24.923 411 411 E android.hardware.memtrack@1.0-impl: hw_get_module memtrack failed: -2
01-01 04:08:24.924 411 411 E android.hardware.memtrack@1.0-service: Could not get passthrough implementation for android.hardware.memtrack@1.0::IMemtrack/default.
01-01 04:08:25.796 347 347 W ServiceManagement: Waited one second for android.hardware.memtrack@1.0::IMemtrack/default. Waiting another...
01-01 04:08:28.798 347 347 I chatty : uid=1000 system_server identical 3 lines
01-01 04:08:29.798 347 347 W ServiceManagement: Waited one second for android.hardware.memtrack@1.0::IMemtrack/default. Waiting another...
01-01 04:08:29.940 412 412 E cutils-trace: Error opening trace file: Permission denied (13)
01-01 04:08:29.941 412 412 D vndksupport: Loading /vendor/lib/hw/android.hardware.memtrack@1.0-impl.so from current namespace instead of sphal namespace.
01-01 04:08:29.942 412 412 E android.hardware.memtrack@1.0-impl: hw_get_module memtrack failed: -2
01-01 04:08:29.943 412 412 E android.hardware.memtrack@1.0-service: Could not get passthrough implementation for android.hardware.memtrack@1.0::IMemtrack/default.
01-01 04:08:30.799 347 347 W ServiceManagement: Waited one second for android.hardware.memtrack@1.0::IMemtrack/default. Waiting another...
01-01 04:08:33.800 347 347 I chatty : uid=1000 system_server identical 3 lines
01-01 04:08:34.800 347 347 W ServiceManagement: Waited one second for android.hardware.memtrack@1.0::IMemtrack/default. Waiting another...
01-01 04:08:34.945 413 413 E cutils-trace: Error opening trace file: Permission denied (13)
01-01 04:08:34.946 413 413 D vndksupport: Loading /vendor/lib/hw/android.hardware.memtrack@1.0-impl.so from current namespace instead of sphal namespace.
01-01 04:08:34.947 413 413 E android.hardware.memtrack@1.0-impl: hw_get_module memtrack failed: -2
01-01 04:08:34.948 413 413 E android.hardware.memtrack@1.0-service: Could not get passthrough implementation for android.hardware.memtrack@1.0::IMemtrack/default.
01-01 04:08:35.801 347 347 W ServiceManagement: Waited one second for android.hardware.memtrack@1.0::IMemtrack/default. Waiting another...
01-01 04:08:38.802 347 347 I chatty : uid=1000 system_server identical 3 lines
01-01 04:08:39.803 347 347 W ServiceManagement: Waited one second for android.hardware.memtrack@1.0::IMemtrack/default. Waiting another...
01-01 04:08:39.961 414 414 E cutils-trace: Error opening trace file: Permission denied (13)
01-01 04:08:39.963 414 414 D vndksupport: Loading /vendor/lib/hw/android.hardware.memtrack@1.0-impl.so from current namespace instead of sphal namespace.
01-01 04:08:39.964 414 414 E android.hardware.memtrack@1.0-impl: hw_get_module memtrack failed: -2
01-01 04:08:39.964 414 414 E android.hardware.memtrack@1.0-service: Could not get passthrough implementation for android.hardware.memtrack@1.0::IMemtrack/default.
01-01 04:08:40.803 347 347 W ServiceManagement: Waited one second for android.hardware.memtrack@1.0::IMemtrack/default. Waiting another...
01-01 04:08:43.805 347 347 I chatty : uid=1000 system_server identical 3 lines
01-01 04:08:44.805 347 347 W ServiceManagement: Waited one second for android.hardware.memtrack@1.0::IMemtrack/default. Waiting another...
01-01 04:08:44.977 415 415 E cutils-trace: Error opening trace file: Permission denied (13)
01-01 04:08:44.978 415 415 D vndksupport: Loading /vendor/lib/hw/android.hardware.memtrack@1.0-impl.so from current namespace instead of sphal namespace.
01-01 04:08:44.980 415 415 E android.hardware.memtrack@1.0-impl: hw_get_module memtrack failed: -2
01-01 04:08:44.980 415 415 E android.hardware.memtrack@1.0-service: Could not get passthrough implementation for android.hardware.memtrack@1.0::IMemtrack/default.
01-01 04:08:45.806 347 347 W ServiceManagement: Waited one second for android.hardware.memtrack@1.0::IMemtrack/default. Waiting another...
01-01 04:08:48.807 347 347 I chatty : uid=1000 system_server identical 3 lines
01-01 04:08:49.807 347 347 W ServiceManagement: Waited one second for android.hardware.memtrack@1.0::IMemtrack/default. Waiting another...
01-01 04:08:49.998 416 416 E cutils-trace: Error opening trace file: Permission denied (13)
01-01 04:08:50.001 416 416 D vndksupport: Loading /vendor/lib/hw/android.hardware.memtrack@1.0-impl.so from current namespace instead of sphal namespace.
01-01 04:08:50.003 416 416 E android.hardware.memtrack@1.0-impl: hw_get_module memtrack failed: -2
01-01 04:08:50.003 416 416 E android.hardware.memtrack@1.0-service: Could not get passthrough implementation for android.hardware.memtrack@1.0::IMemtrack/default.
01-01 04:08:50.808 347 347 W ServiceManagement: Waited one second for android.hardware.memtrack@1.0::IMemtrack/default. Waiting another...
01-01 04:08:53.809 347 347 I chatty : uid=1000 system_server identical 3 lines
01-01 04:08:54.810 347 347 W ServiceManagement: Waited one second for android.hardware.memtrack@1.0::IMemtrack/default. Waiting another...
01-01 04:08:55.008 417 417 E cutils-trace: Error opening trace file: Permission denied (13)
01-01 04:08:55.010 417 417 D vndksupport: Loading /vendor/lib/hw/android.hardware.memtrack@1.0-impl.so from current namespace instead of sphal namespace.
01-01 04:08:55.011 417 417 E android.hardware.memtrack@1.0-impl: hw_get_module memtrack failed: -2
01-01 04:08:55.011 417 417 E android.hardware.memtrack@1.0-service: Could not get passthrough implementation for android.hardware.memtrack@1.0::IMemtrack/default.
01-01 04:08:55.810 347 347 W ServiceManagement: Waited one second for android.hardware.memtrack@1.0::IMemtrack/default. Waiting another...
01-01 04:08:58.812 347 347 I chatty : uid=1000 system_server identical 3 lines
01-01 04:08:59.812 347 347 W ServiceManagement: Waited one second for android.hardware.memtrack@1.0::IMemtrack/default. Waiting another...
01-01 04:09:00.015 418 418 E cutils-trace: Error opening trace file: Permission denied (13)
01-01 04:09:00.017 418 418 D vndksupport: Loading /vendor/lib/hw/android.hardware.memtrack@1.0-impl.so from current namespace instead of sphal namespace.
