01-01 04:04:48.007 169 169 I SELinux : SELinux: Loaded service_contexts from:
01-01 04:04:48.008 173 173 I SELinux : SELinux: Loaded service_contexts from:
01-01 04:04:48.010 173 173 I SELinux : /vendor/etc/selinux/vndservice_contexts
01-01 04:04:48.032 169 169 I SELinux : /system/etc/selinux/plat_service_contexts
01-01 04:04:48.035 171 171 I hwservicemanager: hwservicemanager is ready now.
01-01 04:04:48.035 175 175 E cutils-trace: Error opening trace file: No such file or directory (2)
01-01 04:04:48.035 171 171 E cutils-trace: Error opening trace file: No such file or directory (2)
01-01 04:04:48.048 175 175 D vndksupport: Loading /vendor/lib/hw/android.hardware.keymaster@3.0-impl.so from current namespace instead of sphal namespace.
01-01 04:04:40.387 168 168 W auditd : type=2000 audit(0.0:1): state=initialized audit_enabled=0 res=1
01-01 04:04:47.060 168 168 W auditd : type=1403 audit(0.0:2): auid=4294967295 ses=4294967295 lsm=selinux res=1
01-01 04:04:47.100 1 1 I init : type=1400 audit(0.0:3): avc: denied { search } for scontext=u:r:init:s0 tcontext=u:r:kernel:s0 tclass=key permissive=1
01-01 04:04:47.760 1 1 I init : type=1400 audit(0.0:4): avc: denied { create } for name="sdcard" scontext=u:r:init:s0 tcontext=u:object_r:tmpfs:s0 tclass=lnk_file permissive=1
01-01 04:04:47.770 1 1 I init : type=1400 audit(0.0:5): avc: denied { module_request } for kmod="fs-cpuset" scontext=u:r:init:s0 tcontext=u:r:kernel:s0 tclass=system permissive=1
01-01 04:04:48.000 173 173 I vndservicemanag: type=1400 audit(0.0:6): avc: denied { map } for path="/dev/event-log-tags" dev="tmpfs" ino=14456 scontext=u:r:vndservicemanager:s0 tcontext=u:object_r:runtime_event_log_tags_file:s0 tclass=file permissive=1
01-01 04:04:48.058 176 176 E cutils-trace: Error opening trace file: No such file or directory (2)
01-01 04:04:48.076 175 175 I android.hardware.keymaster@3.0-impl: Fetching keymaster device name default
01-01 04:04:48.077 175 175 I android.hardware.keymaster@3.0-impl: Could not find any keystore module, using software-only implementation.
01-01 04:04:48.078 175 175 I ServiceManagement: Removing namespace from process name android.hardware.keymaster@3.0-service to keymaster@3.0-service.
01-01 04:04:48.079 175 175 I android.hardware.keymaster@3.0-service: Registration complete for android.hardware.keymaster@3.0::IKeymasterDevice/default.
01-01 04:04:49.058 176 176 I vold_prepare_subdirs: SELinux: Loaded file_contexts
01-01 04:04:49.061 189 189 D vold_prepare_subdirs: Setting up mode 700 uid 0 gid 0 context u:object_r:vold_data_file:s0 on path: /data/misc_de/0/vold
01-01 04:04:49.062 189 189 D vold_prepare_subdirs: Setting up mode 700 uid 0 gid 0 context u:object_r:storaged_data_file:s0 on path: /data/misc_de/0/storaged
01-01 04:04:49.063 189 189 D vold_prepare_subdirs: Setting up mode 700 uid 1000 gid 1000 context u:object_r:fingerprint_vendor_data_file:s0 on path: /data/vendor_de/0/fpdata
01-01 04:04:49.100 191 191 I init : type=1400 audit(0.0:7): avc: denied { execute_no_trans } for path="/system/bin/resize2fs_partitions.sh" dev="mmcblk2p13" ino=533 scontext=u:r:init:s0 tcontext=u:object_r:system_file:s0 tclass=file permissive=1
01-01 04:04:49.103 190 190 I /system/bin/tzdatacheck: timezone distro dir /data/misc/zoneinfo/current does not exist. No action required.
01-01 04:04:49.170 1 1 I init : type=1400 audit(0.0:8): avc: denied { setattr } for name="brightness" dev="sysfs" ino=34211 scontext=u:r:init:s0 tcontext=u:object_r:sysfs:s0 tclass=file permissive=1
01-01 04:04:49.270 199 199 I mkdir : type=1400 audit(0.0:9): avc: denied { search } for name="default" dev="tmpfs" ino=14405 scontext=u:r:toolbox:s0 tcontext=u:object_r:storage_file:s0 tclass=dir permissive=1
01-01 04:04:49.270 199 199 I mkdir : type=1400 audit(0.0:10): avc: denied { write } for name="default" dev="tmpfs" ino=14405 scontext=u:r:toolbox:s0 tcontext=u:object_r:storage_file:s0 tclass=dir permissive=1
01-01 04:04:49.270 199 199 I mkdir : type=1400 audit(0.0:11): avc: denied { add_name } for name="sys" scontext=u:r:toolbox:s0 tcontext=u:object_r:storage_file:s0 tclass=dir permissive=1
01-01 04:04:49.270 199 199 I mkdir : type=1400 audit(0.0:12): avc: denied { create } for name="sys" scontext=u:r:toolbox:s0 tcontext=u:object_r:storage_file:s0 tclass=dir permissive=1
01-01 04:04:49.272 197 197 I sysinit : Running /system/etc/init.d/00banner
01-01 04:04:49.296 200 200 I ServiceManagement: Removing namespace from process name android.hidl.allocator@1.0-service to allocator@1.0-service.
01-01 04:04:49.297 200 200 E cutils-trace: Error opening trace file: Permission denied (13)
01-01 04:04:49.300 196 196 I resize2fs: type=1400 audit(0.0:13): avc: denied { getattr } for path="/proc/swaps" dev="proc" ino=4026532353 scontext=u:r:init:s0 tcontext=u:object_r:proc_swaps:s0 tclass=file permissive=1
01-01 04:04:49.300 196 196 I resize2fs: type=1400 audit(0.0:14): avc: denied { write } for name="mmcblk2p16" dev="tmpfs" ino=13169 scontext=u:r:init:s0 tcontext=u:object_r:block_device:s0 tclass=blk_file permissive=1
01-01 04:04:49.300 196 196 I resize2fs: type=1400 audit(0.0:15): avc: denied { read } for name="meta_bg_resize" dev="sysfs" ino=15541 scontext=u:r:init:s0 tcontext=u:object_r:sysfs_fs_ext4_features:s0 tclass=file permissive=1
01-01 04:04:49.331 201 201 I health@2.0/: health@2.0/backup: Hal starting main loop...
01-01 04:04:49.331 201 201 I health@2.0/: health@2.0/backup Hal is starting up...
01-01 04:04:49.333 171 171 W hwservicemanager: getTransport: Cannot find entry android.hardware.health@1.0::IHealth/default in either framework or device manifest.
01-01 04:04:49.358 201 201 I health@2.0/: health@2.0/backup: Hal init done
01-01 04:04:49.359 218 218 I lineage : _ _
01-01 04:04:49.382 220 220 I lineage : | (_)_ __ ___ __ _ __ _ ___ ___ ___
01-01 04:04:49.482 224 224 I lineage : | | | '_ \ / _ \/ _` |/ _` |/ _ \/ _ \/ __|
01-01 04:04:49.534 206 206 E cutils-trace: Error opening trace file: Permission denied (13)
01-01 04:04:49.536 207 207 E cutils-trace: Error opening trace file: Permission denied (13)
01-01 04:04:49.540 206 206 D vndksupport: Loading /vendor/lib/hw/android.hardware.gatekeeper@1.0-impl.so from current namespace instead of sphal namespace.
01-01 04:04:49.540 207 207 D vndksupport: Loading /vendor/lib/hw/android.hardware.graphics.allocator@2.0-impl.so from current namespace instead of sphal namespace.
01-01 04:04:49.543 205 205 D android.hardware.drm@1.0-service: android.hardware.drm@1.0-service starting...
01-01 04:04:49.550 205 205 E cutils-trace: Error opening trace file: Permission denied (13)
01-01 04:04:49.552 205 205 D vndksupport: Loading /vendor/lib/hw/android.hardware.drm@1.0-impl.so from current namespace instead of sphal namespace.
01-01 04:04:49.582 207 207 D vndksupport: Loading /vendor/lib/hw/gralloc.gbm.so from current namespace instead of sphal namespace.
01-01 04:04:49.583 206 206 D vndksupport: Loading /vendor/lib/hw/gatekeeper.default.so from current namespace instead of sphal namespace.
01-01 04:04:49.594 240 240 I lineage : | | | | | | __/ (_| | (_| | __/ (_) \__ \
01-01 04:04:49.599 212 212 E cutils-trace: Error opening trace file: Permission denied (13)
01-01 04:04:49.600 217 241 I adbd : initializing functionfs
01-01 04:04:49.601 209 209 E cutils-trace: Error opening trace file: Permission denied (13)
01-01 04:04:49.602 212 212 D vndksupport: Loading /vendor/lib/hw/android.hardware.memtrack@1.0-impl.so from current namespace instead of sphal namespace.
01-01 04:04:49.603 209 209 D vndksupport: Loading /vendor/lib/hw/android.hardware.graphics.composer@2.1-impl.so from current namespace instead of sphal namespace.
01-01 04:04:49.604 217 241 I adbd : opening control endpoint /dev/usb-ffs/adb/ep0
01-01 04:04:49.615 211 211 E cutils-trace: Error opening trace file: Permission denied (13)
01-01 04:04:49.626 204 204 W /vendor/bin/hw/android.hardware.configstore@1.1-service: Could not find seccomp policy file at: /vendor/etc/seccomp_policy/configstore@1.1.policy
01-01 04:04:49.626 204 204 I ServiceManagement: Removing namespace from process name android.hardware.configstore@1.1-service to configstore@1.1-service.
01-01 04:04:49.627 204 204 E cutils-trace: Error opening trace file: Permission denied (13)
01-01 04:04:49.638 211 211 D vndksupport: Loading /vendor/lib/hw/android.hardware.light@2.0-impl.so from current namespace instead of sphal namespace.
01-01 04:04:49.645 212 212 E android.hardware.memtrack@1.0-impl: hw_get_module memtrack failed: -2
01-01 04:04:49.647 212 212 E android.hardware.memtrack@1.0-service: Could not get passthrough implementation for android.hardware.memtrack@1.0::IMemtrack/default.
01-01 04:04:49.649 226 226 E cutils : Failed to read /data/.layout_version: No such file or directory
01-01 04:04:49.668 206 206 E I9305Gatekeeper: called i9305_gatekeeper_open with gate keeper 0xa9b170d0 device 0xa98c9090
01-01 04:04:49.671 211 211 D vndksupport: Loading /vendor/lib/hw/lights.smdk4x12.so from current namespace instead of sphal namespace.
01-01 04:04:49.691 211 211 D vndksupport: Loading /vendor/lib/hw/lights.smdk4x12.so from current namespace instead of sphal namespace.
01-01 04:04:49.691 211 211 E light : light_open lights keyboard failed: -22
01-01 04:04:49.691 211 211 E light : Light passthrough failed to load legacy HAL.
01-01 04:04:49.691 211 211 D vndksupport: Loading /vendor/lib/hw/lights.smdk4x12.so from current namespace instead of sphal namespace.
01-01 04:04:49.692 211 211 E light : light_open lights buttons failed: -22
01-01 04:04:49.692 211 211 E light : Light passthrough failed to load legacy HAL.
01-01 04:04:49.692 211 211 D vndksupport: Loading /vendor/lib/hw/lights.smdk4x12.so from current namespace instead of sphal namespace.
01-01 04:04:49.692 211 211 E light : light_open lights battery failed: -22
01-01 04:04:49.692 211 211 E light : Light passthrough failed to load legacy HAL.
01-01 04:04:49.693 211 211 D vndksupport: Loading /vendor/lib/hw/lights.smdk4x12.so from current namespace instead of sphal namespace.
01-01 04:04:49.693 211 211 E light : light_open lights notifications failed: -22
01-01 04:04:49.693 211 211 E light : Light passthrough failed to load legacy HAL.
01-01 04:04:49.693 211 211 D vndksupport: Loading /vendor/lib/hw/lights.smdk4x12.so from current namespace instead of sphal namespace.
01-01 04:04:49.693 211 211 E light : light_open lights attention failed: -22
01-01 04:04:49.693 211 211 E light : Light passthrough failed to load legacy HAL.
01-01 04:04:49.694 211 211 D vndksupport: Loading /vendor/lib/hw/lights.smdk4x12.so from current namespace instead of sphal namespace.
01-01 04:04:49.694 211 211 E light : light_open lights bluetooth failed: -22
01-01 04:04:49.694 211 211 E light : Light passthrough failed to load legacy HAL.
01-01 04:04:49.694 211 211 D vndksupport: Loading /vendor/lib/hw/lights.smdk4x12.so from current namespace instead of sphal namespace.
01-01 04:04:49.694 211 211 E light : light_open lights wifi failed: -22
01-01 04:04:49.694 211 211 E light : Light passthrough failed to load legacy HAL.
01-01 04:04:49.702 209 209 D vndksupport: Loading /vendor/lib/hw/hwcomposer.drm.so from current namespace instead of sphal namespace.
01-01 04:04:49.708 194 194 I Netd : Netd 1.0 starting
01-01 04:04:49.709 194 194 D TetherController: Setting IP forward enable = 0
01-01 04:04:49.713 243 243 I lineage : |_|_|_| |_|\___|\__,_|\__, |\___|\___/|___/
01-01 04:04:49.731 205 205 I ServiceManagement: Removing namespace from process name android.hardware.drm@1.0-service to drm@1.0-service.
01-01 04:04:49.733 211 211 I ServiceManagement: Removing namespace from process name android.hardware.light@2.0-service to light@2.0-service.
01-01 04:04:49.734 205 205 I android.hardware.drm@1.0-service: Registration complete for android.hardware.drm@1.0::IDrmFactory/default.
01-01 04:04:49.736 211 211 I android.hardware.light@2.0-service: Registration complete for android.hardware.light@2.0::ILight/default.
01-01 04:04:49.737 205 205 D vndksupport: Loading /vendor/lib/hw/android.hardware.drm@1.0-impl.so from current namespace instead of sphal namespace.
01-01 04:04:49.738 217 241 I adbd : functionfs successfully initialized
01-01 04:04:49.738 217 241 I adbd : registering usb transport
01-01 04:04:49.739 206 206 I ServiceManagement: Removing namespace from process name android.hardware.gatekeeper@1.0-service to gatekeeper@1.0-service.
01-01 04:04:49.740 205 205 I ServiceManagement: Removing namespace from process name android.hardware.drm@1.0-service to drm@1.0-service.
01-01 04:04:49.743 238 238 I /system/bin/tombstoned: tombstoned successfully initialized
01-01 04:04:49.745 205 205 I android.hardware.drm@1.0-service: Registration complete for android.hardware.drm@1.0::ICryptoFactory/default.
01-01 04:04:49.749 206 206 I android.hardware.gatekeeper@1.0-service: Registration complete for android.hardware.gatekeeper@1.0::IGatekeeper/default.
01-01 04:04:49.794 236 236 I gatekeeperd: Starting gatekeeperd...
01-01 04:04:49.799 236 236 W gatekeeperd: Using hacked built-in software GateKeeper
01-01 04:04:49.799 236 236 W gatekeeperd: FIXME: Use proper software implementation instead
01-01 04:04:49.829 248 248 I lineage : |___/
01-01 04:04:49.844 171 171 W hwservicemanager: getTransport: Cannot find entry android.hardware.usb.gadget@1.0::IUsbGadget/default in either framework or device manifest.
01-01 04:04:49.847 239 239 I usbd : Usb HAL not found
01-01 04:04:49.879 209 209 E hwc-drm-plane: Could not get rotation property
01-01 04:04:49.880 209 209 I hwc-drm-plane: Could not get alpha property
01-01 04:04:49.880 209 209 I hwc-drm-plane: Could not get pixel blend mode property
01-01 04:04:49.881 209 209 E hwc-drm-plane: Could not get rotation property
01-01 04:04:49.883 209 209 E hwc-drm-plane: Could not get rotation property
01-01 04:04:49.883 216 216 E cutils-trace: Error opening trace file: Permission denied (13)
01-01 04:04:49.884 209 209 E hwc-drm-plane: Could not get rotation property
01-01 04:04:49.884 171 171 W hwservicemanager: getTransport: Cannot find entry android.hardware.thermal@1.1::IThermal/default in either framework or device manifest.
01-01 04:04:49.886 209 209 E hwc-drm-plane: Could not get rotation property
01-01 04:04:49.886 209 209 D vndksupport: Loading /vendor/lib/hw/gralloc.gbm.so from current namespace instead of sphal namespace.
01-01 04:04:49.889 209 209 D vndksupport: Loading /vendor/lib/hw/gralloc.gbm.so from current namespace instead of sphal namespace.
01-01 04:04:49.890 209 209 E hwc-drm-display-compositor: Create blob_id 59
01-01 04:04:49.891 209 209 I ServiceManagement: Removing namespace from process name android.hardware.graphics.composer@2.1-service to composer@2.1-service.
01-01 04:04:49.902 209 209 I android.hardware.graphics.composer@2.1-service: Registration complete for android.hardware.graphics.composer@2.1::IComposer/default.
01-01 04:04:49.907 216 216 W thermalserviced: Unable to get Thermal HAL V1.1, vendor thermal event notification not available
01-01 04:04:49.914 194 194 I Netd : Creating child chains: 149.3ms
01-01 04:04:49.914 194 194 I Netd : Setting up OEM hooks: 0.2ms
01-01 04:04:49.914 194 194 I Netd : Setting up FirewallController hooks: 0.0ms
01-01 04:04:49.927 194 194 I Netd : Setting up TetherController hooks: 12.8ms
01-01 04:04:49.930 194 194 I Netd : Setting up BandwidthController hooks: 3.5ms
01-01 04:04:49.931 194 194 I Netd : Setting up IdletimerController hooks: 0.1ms
01-01 04:04:49.931 194 194 E Netd : failed to start trafficcontroller: (Status[code: 1, msg: "[Operation not permitted] : map create failed!: /sys/fs/bpf/traffic_cookie_tag_map"])
01-01 04:04:49.931 194 194 I Netd : initializing traffic control: 0.2ms
01-01 04:04:49.940 203 203 D android.hardware.cas@1.0-service: android.hardware.cas@1.0-service starting...
01-01 04:04:49.957 203 203 I ServiceManagement: Removing namespace from process name android.hardware.cas@1.0-service to cas@1.0-service.
01-01 04:04:49.958 228 228 I mediaserver: ServiceManager: 0xa881c120
01-01 04:04:49.959 194 194 W IptablesRestoreController: iptables-restore process 245 terminated status=256
01-01 04:04:49.960 194 194 E IptablesRestoreController: iptables error:
01-01 04:04:49.960 194 194 E IptablesRestoreController: ------- COMMAND -------
01-01 04:04:49.960 194 194 E IptablesRestoreController: *filter
01-01 04:04:49.960 194 194 E IptablesRestoreController: -A bw_INPUT -p esp -j RETURN
01-01 04:04:49.960 194 194 E IptablesRestoreController: -A bw_INPUT -m mark --mark 0x100000/0x100000 -j RETURN
01-01 04:04:49.960 194 194 E IptablesRestoreController: -A bw_INPUT -m owner --socket-exists
01-01 04:04:49.960 194 194 E IptablesRestoreController: -A bw_INPUT -j MARK --or-mark 0x100000
01-01 04:04:49.960 194 194 E IptablesRestoreController: -A bw_OUTPUT -o ipsec+ -j RETURN
01-01 04:04:49.960 194 194 E IptablesRestoreController: -A bw_OUTPUT -m policy --pol ipsec --dir out -j RETURN
01-01 04:04:49.960 194 194 E IptablesRestoreController: -A bw_OUTPUT -m owner --socket-exists
01-01 04:04:49.960 194 194 E IptablesRestoreController: -A bw_costly_shared --jump bw_penalty_box
01-01 04:04:49.960 194 194 E IptablesRestoreController: -A bw_penalty_box --jump bw_happy_box
01-01 04:04:49.960 194 194 E IptablesRestoreController: -A bw_happy_box --jump bw_data_saver
01-01 04:04:49.960 194 194 E IptablesRestoreController: -A bw_data_saver -j RETURN
01-01 04:04:49.960 194 194 E IptablesRestoreController: -I bw_happy_box -m owner --uid-owner 0-9999 --jump RETURN
01-01 04:04:49.960 194 194 E IptablesRestoreController: COMMIT
01-01 04:04:49.960 194 194 E IptablesRestoreController: *raw
01-01 04:04:49.960 194 194 E IptablesRestoreController: -A bw_raw_PREROUTING -i ipsec+ -j RETURN
01-01 04:04:49.960 194 194 E IptablesRestoreController: -A bw_raw_PREROUTING -m policy --pol ipsec --dir in -j RETURN
01-01 04:04:49.960 194 194 E IptablesRestoreController: -A bw_raw_PREROUTING -m owner --socket-exists
01-01 04:04:49.960 194 194 E IptablesRestoreController:
01-01 04:04:49.960 194 194 E IptablesRestoreController: COMMIT
01-01 04:04:49.960 194 194 E IptablesRestoreController: *mangle
01-01 04:04:49.960 194 194 E IptablesRestoreController: -A bw_mangle_POSTROUTING -o ipsec+ -j RETURN
01-01 04:04:49.960 194 194 E IptablesRestoreController: -A bw_mangle_POSTROUTING -m policy --pol ipsec --dir out -j RETURN
01-01 04:04:49.960 194 194 E IptablesRestoreController: -A bw_mangle_POSTROUTING -m owner --socket-exists
01-01 04:04:49.960 194 194 E IptablesRestoreController: -A bw_mangle_POSTROUTING -j MARK --set-mark 0x0/0x100000
01-01 04:04:49.960 194 194 E IptablesRestoreController:
01-01 04:04:49.960 194 194 E IptablesRestoreController: COMMIT
01-01 04:04:49.960 194 194 E IptablesRestoreController:
01-01 04:04:49.960 194 194 E IptablesRestoreController: ------- ERROR -------
01-01 04:04:49.960 194 194 E IptablesRestoreController: iptables-restore: line 161 failed
01-01 04:04:49.960 194 194 E IptablesRestoreController: ----------------------
01-01 04:04:49.960 203 203 E cutils-trace: Error opening trace file: Permission denied (13)
01-01 04:04:49.972 194 194 W IptablesRestoreController: iptables-restore process 246 terminated status=256
01-01 04:04:49.972 194 194 E IptablesRestoreController: iptables error:
01-01 04:04:49.972 194 194 E IptablesRestoreController: ------- COMMAND -------
01-01 04:04:49.972 194 194 E IptablesRestoreController: *filter
01-01 04:04:49.972 194 194 E IptablesRestoreController: -A bw_INPUT -p esp -j RETURN
01-01 04:04:49.972 194 194 E IptablesRestoreController: -A bw_INPUT -m mark --mark 0x100000/0x100000 -j RETURN
01-01 04:04:49.972 194 194 E IptablesRestoreController: -A bw_INPUT -m owner --socket-exists
01-01 04:04:49.972 194 194 E IptablesRestoreController: -A bw_INPUT -j MARK --or-mark 0x100000
01-01 04:04:49.972 194 194 E IptablesRestoreController: -A bw_OUTPUT -o ipsec+ -j RETURN
01-01 04:04:49.972 194 194 E IptablesRestoreController: -A bw_OUTPUT -m policy --pol ipsec --dir out -j RETURN
01-01 04:04:49.972 194 194 E IptablesRestoreController: -A bw_OUTPUT -m owner --socket-exists
01-01 04:04:49.972 194 194 E IptablesRestoreController: -A bw_costly_shared --jump bw_penalty_box
01-01 04:04:49.972 194 194 E IptablesRestoreController: -A bw_penalty_box --jump bw_happy_box
01-01 04:04:49.972 194 194 E IptablesRestoreController: -A bw_happy_box --jump bw_data_saver
01-01 04:04:49.972 194 194 E IptablesRestoreController: -A bw_data_saver -j RETURN
01-01 04:04:49.972 194 194 E IptablesRestoreController: -I bw_happy_box -m owner --uid-owner 0-9999 --jump RETURN
01-01 04:04:49.972 194 194 E IptablesRestoreController: COMMIT
01-01 04:04:49.972 194 194 E IptablesRestoreController: *raw
01-01 04:04:49.972 194 194 E IptablesRestoreController: -A bw_raw_PREROUTING -i ipsec+ -j RETURN
01-01 04:04:49.972 194 194 E IptablesRestoreController: -A bw_raw_PREROUTING -m policy --pol ipsec --dir in -j RETURN
01-01 04:04:49.972 194 194 E IptablesRestoreController: -A bw_raw_PREROUTING -m owner --socket-exists
01-01 04:04:49.972 194 194 E IptablesRestoreController:
01-01 04:04:49.972 194 194 E IptablesRestoreController: COMMIT
01-01 04:04:49.972 194 194 E IptablesRestoreController: *mangle
01-01 04:04:49.972 194 194 E IptablesRestoreController: -A bw_mangle_POSTROUTING -o ipsec+ -j RETURN
01-01 04:04:49.972 194 194 E IptablesRestoreController: -A bw_mangle_POSTROUTING -m policy --pol ipsec --dir out -j RETURN
01-01 04:04:49.972 194 194 E IptablesRestoreController: -A bw_mangle_POSTROUTING -m owner --socket-exists
01-01 04:04:49.972 194 194 E IptablesRestoreController: -A bw_mangle_POSTROUTING -j MARK --set-mark 0x0/0x100000
01-01 04:04:49.972 194 194 E IptablesRestoreController:
01-01 04:04:49.972 194 194 E IptablesRestoreController: COMMIT
01-01 04:04:49.972 194 194 E IptablesRestoreController:
01-01 04:04:49.972 194 194 E IptablesRestoreController: ------- ERROR -------
01-01 04:04:49.972 194 194 E IptablesRestoreController: ip6tables-restore: line 134 failed
01-01 04:04:49.972 194 194 E IptablesRestoreController: ----------------------
01-01 04:04:49.972 194 194 I Netd : Disabling bandwidth control: 41.3ms
01-01 04:04:50.007 194 194 E Netd : cannot find interface dummy0
01-01 04:04:50.032 227 227 E cutils-trace: Error opening trace file: Permission denied (13)
01-01 04:04:50.047 171 171 W hwservicemanager: getTransport: Cannot find entry android.hardware.keymaster@4.0::IKeymasterDevice/default in either framework or device manifest.
01-01 04:04:50.051 227 227 I keystore: found android.hardware.keymaster@3.0::IKeymasterDevice with interface name default and seclevel SOFTWARE
01-01 04:04:50.051 227 227 W keystore: No secure Keymaster implementation found, but device offers insecure Keymaster HAL. Using as default.
01-01 04:04:50.066 262 262 I lineage : Welcome to Android 9 / LineageOS-16.0-20200409-UNOFFICIAL-i9305
01-01 04:04:50.101 202 202 D audiohalservice: Init hw binder with mem size = 1024
01-01 04:04:50.107 202 202 E cutils-trace: Error opening trace file: Permission denied (13)
01-01 04:04:50.128 202 202 D vndksupport: Loading /vendor/lib/hw/android.hardware.audio@4.0-impl.so from current namespace instead of sphal namespace.
01-01 04:04:50.234 215 215 E cutils-trace: Error opening trace file: Permission denied (13)
01-01 04:04:50.251 215 215 I ConfigStore: android::hardware::configstore::V1_0::ISurfaceFlingerConfigs::startGraphicsAllocatorService retrieved: 0
01-01 04:04:50.258 202 202 I ServiceManagement: Removing namespace from process name android.hardware.audio@2.0-service to audio@2.0-service.
01-01 04:04:50.263 264 264 I sysinit : Running /system/etc/init.d/90userinit
01-01 04:04:50.271 194 194 I Netd : Initializing RouteController: 298.6ms
01-01 04:04:50.271 194 194 D XfrmController: Sending Netlink XFRM Message: XFRM_MSG_FLUSHSA
01-01 04:04:50.271 194 194 D XfrmController: [0016]: 140000001c0005000000000000000000
01-01 04:04:50.271 194 194 D XfrmController: [0001]: ff
01-01 04:04:50.271 194 194 D XfrmController: [0003]: 000000
01-01 04:04:50.271 194 194 D XfrmController: {netlink msg resp}[0036]: 240000000200000100000000c200000000000000140000001c0005000000000000000000
01-01 04:04:50.271 194 194 D XfrmController: Sending Netlink XFRM Message: XFRM_MSG_FLUSHPOLICY
01-01 04:04:50.271 194 194 D XfrmController: [0016]: 100000001d0005000000000000000000
01-01 04:04:50.271 194 194 D XfrmController: {netlink msg resp}[0036]: 240000000200000100000000c200000000000000100000001d0005000000000000000000
01-01 04:04:50.271 194 194 I Netd : Initializing XfrmController: 0.8ms
01-01 04:04:50.282 194 194 E Netd : Unable to create netlink socket: Protocol not supported
01-01 04:04:50.282 194 194 W Netd : Unable to open qlog quota socket, check if xt_quota2 can send via UeventHandler
01-01 04:04:50.283 194 194 D MDnsDS : MDnsSdListener::Hander starting up
01-01 04:04:50.285 194 194 I Netd : Registering NetdNativeService: 1.4ms
01-01 04:04:50.285 194 194 I Netd : Starting CommandListener: 0.3ms
01-01 04:04:50.308 194 280 D MDnsDS : MDnsSdListener starting to monitor
01-01 04:04:50.308 194 280 D MDnsDS : Going to poll with pollCount 1
01-01 04:04:50.344 232 232 W statsd : statscompanion service unavailable!
01-01 04:04:50.344 232 232 I statsd : using statsd socket
01-01 04:04:50.359 202 202 I audiohalservice: Registration complete for android.hardware.audio@4.0::IDevicesFactory/default.
01-01 04:04:50.364 194 194 I Netd : Registering NetdHwService: 78.5ms
01-01 04:04:50.364 194 194 I Netd : Netd started in 657ms
01-01 04:04:50.371 202 202 D vndksupport: Loading /vendor/lib/hw/android.hardware.audio.effect@4.0-impl.so from current namespace instead of sphal namespace.
01-01 04:04:50.378 215 215 I SurfaceFlinger: Using HWComposer service: 'default'
01-01 04:04:50.378 215 215 I SurfaceFlinger: SurfaceFlinger is starting
01-01 04:04:50.384 215 215 I ConfigStore: android::hardware::configstore::V1_0::ISurfaceFlingerConfigs::vsyncEventPhaseOffsetNs retrieved: 1000000 (default)
01-01 04:04:50.385 215 215 I ConfigStore: android::hardware::configstore::V1_0::ISurfaceFlingerConfigs::vsyncSfEventPhaseOffsetNs retrieved: 1000000 (default)
01-01 04:04:50.385 215 215 I ConfigStore: android::hardware::configstore::V1_0::ISurfaceFlingerConfigs::hasSyncFramework retrieved: 1
01-01 04:04:50.385 215 215 I ConfigStore: android::hardware::configstore::V1_0::ISurfaceFlingerConfigs::presentTimeOffsetFromVSyncNs retrieved: 0
01-01 04:04:50.386 215 215 I ConfigStore: android::hardware::configstore::V1_0::ISurfaceFlingerConfigs::useHwcForRGBtoYUV retrieved: 0
01-01 04:04:50.386 215 215 I ConfigStore: android::hardware::configstore::V1_0::ISurfaceFlingerConfigs::maxVirtualDisplaySize retrieved: 0 (default)
01-01 04:04:50.386 215 215 I ConfigStore: android::hardware::configstore::V1_0::ISurfaceFlingerConfigs::useVrFlinger retrieved: 0 (default)
01-01 04:04:50.386 215 215 I ConfigStore: android::hardware::configstore::V1_0::ISurfaceFlingerConfigs::maxFrameBufferAcquiredBuffers retrieved: 2 (default)
01-01 04:04:50.386 215 215 I ConfigStore: android::hardware::configstore::V1_0::ISurfaceFlingerConfigs::hasWideColorDisplay retrieved: 0
01-01 04:04:50.387 171 171 W hwservicemanager: getTransport: Cannot find entry android.hardware.configstore@1.1::ISurfaceFlingerConfigs/default in either framework or device manifest.
01-01 04:04:50.388 215 215 I ConfigStore: android::hardware::configstore::V1_1::ISurfaceFlingerConfigs::primaryDisplayOrientation retrieved: ORIENTATION_0 (default)
01-01 04:04:50.388 215 215 I SurfaceFlinger: Enabling HWC virtual displays
01-01 04:04:50.389 215 215 I SurfaceFlinger: Disabling Triple Buffering
01-01 04:04:50.389 215 215 I SurfaceFlinger: Treble testing override: 'false'
01-01 04:04:50.389 215 215 I SurfaceFlinger: SurfaceFlinger's main thread ready to run. Initializing graphics H/W...
01-01 04:04:50.389 215 215 I SurfaceFlinger: Phase offest NS: 1000000
01-01 04:04:50.390 215 215 I surfaceflinger: type=1400 audit(0.0:67): avc: denied { read } for name="libglapi.so" dev="mmcblk2p13" ino=2521 scontext=u:r:surfaceflinger:s0 tcontext=u:object_r:vendor_file:s0 tclass=file permissive=1
01-01 04:04:50.390 215 215 I surfaceflinger: type=1400 audit(0.0:68): avc: denied { open } for path="/system/vendor/lib/libglapi.so" dev="mmcblk2p13" ino=2521 scontext=u:r:surfaceflinger:s0 tcontext=u:object_r:vendor_file:s0 tclass=file permissive=1
01-01 04:04:50.390 215 215 I surfaceflinger: type=1400 audit(0.0:69): avc: denied { getattr } for path="/system/vendor/lib/libglapi.so" dev="mmcblk2p13" ino=2521 scontext=u:r:surfaceflinger:s0 tcontext=u:object_r:vendor_file:s0 tclass=file permissive=1
01-01 04:04:50.390 215 215 I surfaceflinger: type=1400 audit(0.0:70): avc: denied { map } for path="/system/vendor/lib/libglapi.so" dev="mmcblk2p13" ino=2521 scontext=u:r:surfaceflinger:s0 tcontext=u:object_r:vendor_file:s0 tclass=file permissive=1
01-01 04:04:50.390 215 215 I surfaceflinger: type=1400 audit(0.0:71): avc: denied { execute } for path="/system/vendor/lib/libglapi.so" dev="mmcblk2p13" ino=2521 scontext=u:r:surfaceflinger:s0 tcontext=u:object_r:vendor_file:s0 tclass=file permissive=1
01-01 04:04:50.391 215 215 D vndksupport: Loading /vendor/lib/egl/libGLES_mesa.so from current namespace instead of sphal namespace.
01-01 04:04:50.401 215 215 D libEGL : loaded /vendor/lib/egl/libGLES_mesa.so
01-01 04:04:50.422 202 202 I audiohalservice: Registration complete for android.hardware.audio.effect@4.0::IEffectsFactory/default.
01-01 04:04:50.423 171 171 W hwservicemanager: getTransport: Cannot find entry android.hardware.soundtrigger@2.1::ISoundTriggerHw/default in either framework or device manifest.
01-01 04:04:50.423 202 202 D vndksupport: Loading /vendor/lib/hw/android.hardware.soundtrigger@2.1-impl.so from current namespace instead of sphal namespace.
01-01 04:04:50.436 202 202 E SoundTriggerHalImpl: couldn't load sound trigger module sound_trigger.primary (No such file or directory)
01-01 04:04:50.439 202 202 I audiohalservice: Registration complete for android.hardware.soundtrigger@2.1::ISoundTriggerHw/default.
01-01 04:04:50.440 171 171 W hwservicemanager: getTransport: Cannot find entry android.hardware.bluetooth.a2dp@1.0::IBluetoothAudioOffload/default in either framework or device manifest.
01-01 04:04:50.440 202 202 D vndksupport: Loading /vendor/lib/hw/android.hardware.bluetooth.a2dp@1.0-impl.so from current namespace instead of sphal namespace.
01-01 04:04:50.447 202 202 I audiohalservice: Registration complete for android.hardware.bluetooth.a2dp@1.0::IBluetoothAudioOffload/default.
01-01 04:04:50.467 230 230 I mediametrics: ServiceManager: 0xaf49c100
01-01 04:04:50.467 230 230 D MediaAnalyticsService: MediaAnalyticsService created
01-01 04:04:50.514 229 229 V MediaUtils: physMem: 2106867712
01-01 04:04:50.514 229 229 V MediaUtils: requested limit: 421373540
01-01 04:04:50.515 229 229 V MediaUtils: actual limit: 421373540
01-01 04:04:50.515 229 229 V MediaUtils: original limits: 4294967295/4294967295
01-01 04:04:50.515 229 229 V MediaUtils: new limits: 421373540/4294967295
01-01 04:04:50.515 229 229 D vndksupport: Loading libutils.so from current namespace instead of sphal namespace.
01-01 04:04:50.516 207 207 I ServiceManagement: Removing namespace from process name android.hardware.graphics.allocator@2.0-service to allocator@2.0-service.
01-01 04:04:50.517 229 229 W /system/bin/mediaextractor: Could not read additional policy file '/vendor/etc/seccomp_policy/mediaextractor.policy'
01-01 04:04:50.517 229 229 W /system/bin/mediaextractor: libminijail[229]: failed to get path of fd 4: No such file or directory
01-01 04:04:50.517 229 229 W /system/bin/mediaextractor: libminijail[229]: allowing syscall: clock_gettime
01-01 04:04:50.517 229 229 W /system/bin/mediaextractor: libminijail[229]: allowing syscall: connect
01-01 04:04:50.517 229 229 W /system/bin/mediaextractor: libminijail[229]: allowing syscall: fcntl64
01-01 04:04:50.517 229 229 W /system/bin/mediaextractor: libminijail[229]: allowing syscall: socket
01-01 04:04:50.518 229 229 W /system/bin/mediaextractor: libminijail[229]: allowing syscall: writev
01-01 04:04:50.518 207 207 I android.hardware.graphics.allocator@2.0-service: Registration complete for android.hardware.graphics.allocator@2.0::IAllocator/default.
01-01 04:04:50.525 229 229 W /system/bin/mediaextractor: libminijail[229]: logging seccomp filter failures
01-01 04:04:50.628 215 215 D vndksupport: Loading /vendor/lib/hw/gralloc.gbm.so from current namespace instead of sphal namespace.
01-01 04:04:50.629 231 231 I mediaserver: ServiceManager: 0xacb9c1c0
01-01 04:04:50.630 231 231 W BatteryNotifier: batterystats service unavailable!
01-01 04:04:50.634 215 215 W EGL-MAIN: MESA-LOADER: failed to open exynos (search paths /vendor/lib/dri)
01-01 04:04:50.634 215 215 W EGL-MAIN: Failed to open any DRM device
01-01 04:04:50.642 235 235 I media.codec: mediacodecservice starting
01-01 04:04:50.648 235 235 W media.codec: Could not read additional policy file '/vendor/etc/seccomp_policy/mediacodec.policy'
01-01 04:04:50.648 235 235 W media.codec: libminijail[235]: failed to get path of fd 4: No such file or directory
01-01 04:04:50.649 235 235 W media.codec: libminijail[235]: allowing syscall: clock_gettime
01-01 04:04:50.649 235 235 W media.codec: libminijail[235]: allowing syscall: connect
01-01 04:04:50.649 235 235 W media.codec: libminijail[235]: allowing syscall: fcntl64
01-01 04:04:50.649 235 235 W media.codec: libminijail[235]: allowing syscall: socket
01-01 04:04:50.649 235 235 W media.codec: libminijail[235]: allowing syscall: writev
01-01 04:04:50.650 235 235 W media.codec: libminijail[235]: logging seccomp filter failures
01-01 04:04:50.657 235 235 E MediaCodecsXmlParser: Cannot find media_codecs.xml
01-01 04:04:50.657 235 235 W MediaCodecsXmlParser: unable to open media codecs configuration xml file: /data/misc/media/media_codecs_profiling_results.xml
01-01 04:04:50.657 235 235 W MediaCodecsXmlParser: parseTopLevelXMLFile(/data/misc/media/media_codecs_profiling_results.xml) failed
01-01 04:04:50.657 235 235 I ServiceManagement: Removing namespace from process name android.hardware.media.omx@1.0-service to omx@1.0-service.
01-01 04:04:50.668 235 235 E cutils-trace: Error opening trace file: Permission denied (13)
01-01 04:04:50.670 235 235 D vndksupport: Loading libstagefrighthw.so from current namespace instead of sphal namespace.
01-01 04:04:50.670 235 235 E MediaCodecsXmlParser: Cannot find media_codecs.xml
01-01 04:04:50.671 235 235 W MediaCodecsXmlParser: unable to open media codecs configuration xml file: /data/misc/media/media_codecs_profiling_results.xml
01-01 04:04:50.671 235 235 W MediaCodecsXmlParser: parseTopLevelXMLFile(/data/misc/media/media_codecs_profiling_results.xml) failed
01-01 04:04:50.671 235 235 I ServiceManagement: Removing namespace from process name android.hardware.media.omx@1.0-service to omx@1.0-service.
01-01 04:04:50.672 235 235 I media.codec: IOmx HAL service created.
01-01 04:04:50.698 215 215 I ConfigStore: android::hardware::configstore::V1_0::ISurfaceFlingerConfigs::hasWideColorDisplay retrieved: 0
01-01 04:04:50.698 215 215 I ConfigStore: android::hardware::configstore::V1_0::ISurfaceFlingerConfigs::hasHDRDisplay retrieved: 0
01-01 04:04:50.759 215 215 I SurfaceFlinger: EGL information:
01-01 04:04:50.759 215 215 I SurfaceFlinger: vendor : Android
01-01 04:04:50.759 215 215 I SurfaceFlinger: version : 1.4 Android META-EGL
01-01 04:04:50.759 215 215 I SurfaceFlinger: extensions: EGL_KHR_get_all_proc_addresses EGL_ANDROID_presentation_time EGL_KHR_swap_buffers_with_damage EGL_ANDROID_get_native_client_buffer EGL_ANDROID_front_buffer_auto_refresh EGL_ANDROID_get_frame_timestamps EGL_EXT_surface_SMPTE2086_metadata EGL_EXT_surface_CTA861_3_metadata EGL_KHR_image EGL_KHR_image_base EGL_KHR_gl_colorspace EGL_KHR_gl_texture_2D_image EGL_KHR_gl_texture_3D_image EGL_KHR_gl_texture_cubemap_image EGL_KHR_gl_renderbuffer_image EGL_KHR_reusable_sync EGL_KHR_fence_sync EGL_KHR_create_context EGL_KHR_config_attribs EGL_KHR_surfaceless_context EGL_ANDROID_image_native_buffer EGL_KHR_wait_sync EGL_ANDROID_recordable EGL_KHR_partial_update EGL_EXT_pixel_format_float EGL_EXT_buffer_age EGL_KHR_create_context_no_error EGL_KHR_no_config_context
01-01 04:04:50.759 215 215 I SurfaceFlinger: Client API: OpenGL_ES
01-01 04:04:50.759 215 215 I SurfaceFlinger: EGLSurface: 8-8-8-8, config=0xb17eac00
01-01 04:04:50.759 222 222 I cameraserver: ServiceManager: 0xb0e1c100
01-01 04:04:50.759 222 222 I CameraService: CameraService started (pid=222)
01-01 04:04:50.759 222 222 I CameraService: CameraService process starting
01-01 04:04:50.759 222 222 W BatteryNotifier: batterystats service unavailable!
01-01 04:04:50.760 222 222 W BatteryNotifier: batterystats service unavailable!
01-01 04:04:50.760 222 222 E cutils-trace: Error opening trace file: Permission denied (13)
01-01 04:04:50.762 171 171 W hwservicemanager: getTransport: Cannot find entry android.hardware.camera.provider@2.4::ICameraProvider/legacy/0 in either framework or device manifest.
01-01 04:04:50.762 171 171 W hwservicemanager: getTransport: Cannot find entry android.hardware.camera.provider@2.4::ICameraProvider/external/0 in either framework or device manifest.
01-01 04:04:50.763 222 222 I : Waiting for activity service
01-01 04:04:50.768 215 215 I SurfaceFlinger: OpenGL ES informations:
01-01 04:04:50.768 215 215 I SurfaceFlinger: vendor : VMware, Inc.
01-01 04:04:50.768 215 215 I SurfaceFlinger: renderer : llvmpipe (LLVM 3.9, 128 bits)
01-01 04:04:50.768 215 215 I SurfaceFlinger: version : OpenGL ES 3.0 Mesa 19.2.0-devel (git-f6e5382a00)
01-01 04:04:50.768 215 215 I SurfaceFlinger: extensions: GL_EXT_debug_marker GL_EXT_blend_minmax GL_EXT_multi_draw_arrays GL_EXT_texture_compression_s3tc GL_EXT_texture_compression_dxt1 GL_EXT_texture_compression_rgtc GL_EXT_texture_format_BGRA8888 GL_OES_compressed_ETC1_RGB8_texture GL_OES_depth24 GL_OES_element_index_uint GL_OES_fbo_render_mipmap GL_OES_mapbuffer GL_OES_rgb8_rgba8 GL_OES_standard_derivatives GL_OES_stencil8 GL_OES_texture_3D GL_OES_texture_float GL_OES_texture_float_linear GL_OES_texture_half_float GL_OES_texture_half_float_linear GL_OES_texture_npot GL_OES_vertex_half_float GL_EXT_texture_sRGB_decode GL_OES_EGL_image GL_OES_depth_texture GL_OES_packed_depth_stencil GL_EXT_texture_type_2_10_10_10_REV GL_NV_conditional_render GL_OES_get_program_binary GL_APPLE_texture_max_level GL_EXT_discard_framebuffer GL_EXT_read_format_bgra GL_EXT_frag_depth GL_NV_fbo_color_attachments GL_OES_EGL_image_external GL_OES_EGL_sync GL_OES_vertex_array_object GL_ANGLE_texture_compression_dxt3 GL_ANGLE_texture_compression_dxt5 GL_EXT_occlusion_query_bool
01-01 04:04:50.768 215 215 I SurfaceFlinger: GL_MAX_TEXTURE_SIZE = 8192
01-01 04:04:50.768 215 215 I SurfaceFlinger: GL_MAX_VIEWPORT_DIMS = 8192
01-01 04:04:50.772 209 209 D vndksupport: Loading /vendor/lib/hw/android.hardware.graphics.mapper@2.0-impl.so from current namespace instead of sphal namespace.
01-01 04:04:50.775 209 209 D vndksupport: Loading /vendor/lib/hw/gralloc.gbm.so from current namespace instead of sphal namespace.
01-01 04:04:50.779 215 215 E HWComposer: getSupportedPerFrameMetadata: getSupportedPerFrameMetadata failed for display 0: Unsupported (8)
01-01 04:04:50.780 215 215 I HWC2 : Hotplug connecting an already connected display. Clearing old display state.
01-01 04:04:50.782 215 215 D vndksupport: Loading /vendor/lib/hw/android.hardware.graphics.mapper@2.0-impl.so from current namespace instead of sphal namespace.
01-01 04:04:50.783 215 215 D vndksupport: Loading /vendor/lib/hw/gralloc.gbm.so from current namespace instead of sphal namespace.
01-01 04:04:50.834 195 195 D AndroidRuntime: >>>>>> START com.android.internal.os.ZygoteInit uid 0 <<<<<<
01-01 04:04:50.890 195 195 I zygote : option[0]=-Xzygote
01-01 04:04:50.890 195 195 I zygote : option[1]=-Xcheck:jni
01-01 04:04:50.890 195 195 I zygote : option[2]=-Xusetombstonedtraces
01-01 04:04:50.890 195 195 I zygote : option[3]=exit
01-01 04:04:50.890 195 195 I zygote : option[4]=vfprintf
01-01 04:04:50.890 195 195 I zygote : option[5]=sensitiveThread
01-01 04:04:50.890 195 195 I zygote : option[6]=-verbose:gc
01-01 04:04:50.890 195 195 I zygote : option[7]=-Xms4m
01-01 04:04:50.890 195 195 I zygote : option[8]=-Xmx16m
01-01 04:04:50.890 195 195 I zygote : option[9]=-Xusejit:true
01-01 04:04:50.890 195 195 I zygote : option[10]=-Xjitsaveprofilinginfo
01-01 04:04:50.890 195 195 I zygote : option[11]=-XjdwpOptions:suspend=n,server=y
01-01 04:04:50.890 195 195 I zygote : option[12]=-XjdwpProvider:default
01-01 04:04:50.890 195 195 I zygote : option[13]=-Xlockprofthreshold:500
01-01 04:04:50.890 195 195 I zygote : option[14]=-Ximage-compiler-option
01-01 04:04:50.890 195 195 I zygote : option[15]=--runtime-arg
01-01 04:04:50.890 195 195 I zygote : option[16]=-Ximage-compiler-option
01-01 04:04:50.890 195 195 I zygote : option[17]=-Xms64m
01-01 04:04:50.891 195 195 I zygote : option[18]=-Ximage-compiler-option
01-01 04:04:50.891 195 195 I zygote : option[19]=--runtime-arg
01-01 04:04:50.891 195 195 I zygote : option[20]=-Ximage-compiler-option
01-01 04:04:50.891 195 195 I zygote : option[21]=-Xmx64m
01-01 04:04:50.891 195 195 I zygote : option[22]=-Ximage-compiler-option
01-01 04:04:50.891 195 195 I zygote : option[23]=--compiler-filter=verify-at-runtime
01-01 04:04:50.891 195 195 I zygote : option[24]=-Ximage-compiler-option
01-01 04:04:50.891 195 195 I zygote : option[25]=--profile-file=/system/etc/boot-image.prof
01-01 04:04:50.891 195 195 I zygote : option[26]=-Ximage-compiler-option
01-01 04:04:50.891 195 195 I zygote : option[27]=--compiler-filter=speed-profile
01-01 04:04:50.891 195 195 I zygote : option[28]=-Xcompiler-option
01-01 04:04:50.891 195 195 I zygote : option[29]=--runtime-arg
01-01 04:04:50.891 195 195 I zygote : option[30]=-Xcompiler-option
01-01 04:04:50.891 195 195 I zygote : option[31]=-Xms64m
01-01 04:04:50.891 195 195 I zygote : option[32]=-Xcompiler-option
01-01 04:04:50.891 195 195 I zygote : option[33]=--runtime-arg
01-01 04:04:50.891 195 195 I zygote : option[34]=-Xcompiler-option
01-01 04:04:50.891 195 195 I zygote : option[35]=-Xmx512m
01-01 04:04:50.891 195 195 I zygote : option[36]=-Ximage-compiler-option
01-01 04:04:50.891 195 195 I zygote : option[37]=--instruction-set-variant=cortex-a9
01-01 04:04:50.891 195 195 I zygote : option[38]=-Xcompiler-option
01-01 04:04:50.891 195 195 I zygote : option[39]=--instruction-set-variant=cortex-a9
01-01 04:04:50.891 195 195 I zygote : option[40]=-Ximage-compiler-option
01-01 04:04:50.891 195 195 I zygote : option[41]=--instruction-set-features=default
01-01 04:04:50.891 195 195 I zygote : option[42]=-Xcompiler-option
01-01 04:04:50.891 195 195 I zygote : option[43]=--instruction-set-features=default
01-01 04:04:50.891 195 195 I zygote : option[44]=-Duser.locale=en-US
01-01 04:04:50.891 195 195 I zygote : option[45]=--cpu-abilist=armeabi-v7a,armeabi
01-01 04:04:50.891 195 195 I zygote : option[46]=-Xfingerprint:Samsung/lineage_i9305/i9305:9/PQ3A.190801.002/replicant04091537:eng/test-keys
01-01 04:04:50.894 213 213 I FastMixerState: sMaxFastTracks = 8
01-01 04:04:50.896 213 213 V MediaUtils: physMem: 2106867712
01-01 04:04:50.896 213 213 V MediaUtils: requested limit: 421373540
01-01 04:04:50.896 213 213 V MediaUtils: actual limit: 421373540
01-01 04:04:50.897 213 213 V MediaUtils: original limits: 4294967295/4294967295
01-01 04:04:50.897 213 213 V MediaUtils: new limits: 421373540/4294967295
01-01 04:04:50.902 213 213 I audioserver: ServiceManager: 0xa6c1c100
01-01 04:04:50.902 213 213 W BatteryNotifier: batterystats service unavailable!
01-01 04:04:50.903 213 213 E cutils-trace: Error opening trace file: Permission denied (13)
01-01 04:04:50.910 171 171 W hwservicemanager: getTransport: Cannot find entry android.hardware.audio@4.0::IDevicesFactory/msd in either framework or device manifest.
01-01 04:04:50.913 213 213 I AudioFlinger: Using default 3000 mSec as standby time.
01-01 04:04:50.916 213 213 I APM::ConfigParsingUtils: loadAudioPolicyConfig() loaded /vendor/etc/audio_policy.conf
01-01 04:04:50.917 202 321 D vndksupport: Loading /vendor/lib/hw/audio.primary.i9305.so from current namespace instead of sphal namespace.
01-01 04:04:50.919 195 195 W zygote : Could not reserve sentinel fault page
01-01 04:04:50.927 202 321 D audio_hw_generic: Emulator host-side ALSA audio emulation detected.
01-01 04:04:50.928 202 321 D audio_hw_generic: mixer 0 name Master Volume
01-01 04:04:50.928 202 321 D audio_hw_generic: mixer 1 name Master Capture Switch
01-01 04:04:50.928 202 321 D audio_hw_generic: mixer 2 name Synth Volume
01-01 04:04:50.928 202 321 D audio_hw_generic: mixer 3 name Synth Capture Switch
01-01 04:04:50.928 202 321 D audio_hw_generic: mixer 4 name Line Volume
01-01 04:04:50.928 202 321 D audio_hw_generic: mixer 5 name Line Capture Switch
01-01 04:04:50.928 202 321 D audio_hw_generic: mixer 6 name Mic Volume
01-01 04:04:50.928 202 321 D audio_hw_generic: mixer 7 name Mic Capture Switch
01-01 04:04:50.928 202 321 D audio_hw_generic: mixer 8 name CD Volume
01-01 04:04:50.928 202 321 D audio_hw_generic: mixer 9 name CD Capture Switch
01-01 04:04:50.928 202 321 D audio_hw_generic: mixer 10 name External I/O Box
01-01 04:04:50.929 202 321 W DeviceHAL: Error from HAL Device in function get_master_volume: Function not implemented
01-01 04:04:50.929 202 321 W DeviceHAL: Error from HAL Device in function get_master_mute: Function not implemented
01-01 04:04:50.929 202 321 W DeviceHAL: Error from HAL Device in function set_master_volume: Function not implemented
01-01 04:04:50.929 202 321 W DeviceHAL: Error from HAL Device in function set_master_mute: Function not implemented
01-01 04:04:50.929 213 213 I AudioFlinger: loadHwModule() Loaded primary audio interface, handle 10
01-01 04:04:50.929 213 213 I AudioFlinger: openOutput() this 0xa6c3e000, module 10 Device 0x2, SamplingRate 48000, Format 0x000001, Channels 0x3, flags 0x2
01-01 04:04:50.931 213 213 I AudioFlinger: HAL output buffer size 720 frames, normal sink buffer size 1152 frames
01-01 04:04:50.953 195 195 I zygote : VerifyImage: /system/bin/patchoat --input-image-location=/system/framework/boot.art --output-image-directory=/data/dalvik-cache/arm --instruction-set=arm --verify
01-01 04:04:50.966 213 213 I BufferProvider: found effect "Multichannel Downmix To Stereo" from The Android Open Source Project
01-01 04:04:50.967 213 213 I AudioFlinger: Using module 10 as the primary audio interface
01-01 04:04:50.968 213 334 I AudioFlinger: AudioFlinger's thread 0xa6203500 tid=334 ready to run
01-01 04:04:50.968 213 334 W AudioFlinger: no wake lock to update, system not ready yet
01-01 04:04:50.969 213 334 W AudioFlinger: no wake lock to update, system not ready yet
01-01 04:04:50.969 213 213 W AudioFlinger: moveEffects() bad srcOutput 0
01-01 04:04:50.972 215 215 D SurfaceFlinger: shader cache generated - 24 shaders in 160.830887 ms
01-01 04:04:50.975 215 215 D SurfaceFlinger: Set power mode=2, type=0 flinger=0xb2155000
01-01 04:04:50.976 215 215 D SurfaceFlinger: Finished set power mode=2, type=0
01-01 04:04:50.978 213 337 I AudioFlinger: AudioFlinger's thread 0xa5f10700 tid=337 ready to run
01-01 04:04:50.979 202 332 E DevicesFactoryHAL: loadAudioInterface couldn't load audio hw module audio.r_submix (No such file or directory)
01-01 04:04:50.980 213 213 E AudioFlinger: loadHwModule() error -22 loading module r_submix
01-01 04:04:50.980 213 213 W APM_AudioPolicyManager: could not open HW module r_submix
01-01 04:04:50.980 213 213 W APM_AudioPolicyManager: Input device 80000100 unreachable
01-01 04:04:50.981 213 213 I : Waiting for activity service
01-01 04:04:51.006 331 331 W patchoat: Could not reserve sentinel fault page
01-01 04:04:51.335 331 331 E patchoat: Unable to open relocated image file /data/dalvik-cache/arm/system@framework@boot.art
01-01 04:04:51.342 195 195 W zygote : Failed execv(/system/bin/patchoat --input-image-location=/system/framework/boot.art --output-image-directory=/data/dalvik-cache/arm --instruction-set=arm --verify) because non-0 exit status Preemptively pruning the dalvik cache.
01-01 04:04:51.343 195 195 I zygote : Pruning dalvik-cache since we are relocating an image and will need to recompile
01-01 04:04:51.343 195 195 I zygote : RelocateImage: /system/bin/patchoat --input-image-location=/system/framework/boot.art --output-image-directory=/data/dalvik-cache/arm --instruction-set=arm --base-offset-delta=-7876608
01-01 04:04:51.383 340 340 W patchoat: Could not reserve sentinel fault page
01-01 04:04:51.534 338 338 I BootAnimation: boot animation disabled
01-01 04:04:52.940 209 209 I drm-event-liste: type=1400 audit(0.0:85): avc: denied { read } for path="socket:[14898]" dev="sockfs" ino=14898 scontext=u:r:hal_graphics_composer_default:s0 tcontext=u:r:hal_graphics_composer_default:s0 tclass=netlink_kobject_uevent_socket permissive=1
01-01 04:04:53.571 195 195 W zygote : CheckJNI: method to register "write" not in the given class. This is slow, consider changing your RegisterNatives calls.
01-01 04:04:53.574 195 195 I chatty : uid=0(root) main identical 44 lines
01-01 04:04:53.575 195 195 W zygote : CheckJNI: method to register "write" not in the given class. This is slow, consider changing your RegisterNatives calls.
01-01 04:04:53.575 195 195 W zygote : CheckJNI: method to register "write_non_chained" not in the given class. This is slow, consider changing your RegisterNatives calls.
01-01 04:04:53.578 195 195 I chatty : uid=0(root) main identical 7 lines
01-01 04:04:53.578 195 195 W zygote : CheckJNI: method to register "write_non_chained" not in the given class. This is slow, consider changing your RegisterNatives calls.
01-01 04:04:53.897 195 195 D Zygote : begin preload
01-01 04:04:53.897 195 195 I Zygote : Installing ICU cache reference pinning...
01-01 04:04:53.897 195 195 I Zygote : Preloading ICU data...
