01-01 05:32:02.321 347 347 E android.hardware.memtrack@1.0-service: Could not get passthrough implementation for android.hardware.memtrack@1.0::IMemtrack/default.
01-01 05:32:02.459 196 196 I Zygote : Preloading classes...
01-01 05:32:02.555 196 196 I PackageBackwardCompatibility: Loaded android.content.pm.OrgApacheHttpLegacyUpdater
01-01 05:32:02.556 196 196 I PackageBackwardCompatibility: Could not find android.content.pm.AndroidTestBaseUpdater, ignoring
01-01 05:32:03.768 196 196 E ActivityRecognitionHardware: activity_recognition HAL is deprecated. class_init is effectively a no-op
01-01 05:32:03.978 196 196 I zygote : Thread[1,tid=196,Native,Thread*=0xa5676000,peer=0x12d00088,"main"] recursive attempt to load library "/system/lib/libmedia_jni.so"
01-01 05:32:03.979 196 196 D MtpDeviceJNI: register_android_mtp_MtpDevice
01-01 05:32:03.979 196 196 I zygote : Thread[1,tid=196,Native,Thread*=0xa5676000,peer=0x12d00088,"main"] recursive attempt to load library "/system/lib/libmedia_jni.so"
01-01 05:32:03.980 196 196 I zygote : Thread[1,tid=196,Native,Thread*=0xa5676000,peer=0x12d00088,"main"] recursive attempt to load library "/system/lib/libmedia_jni.so"
01-01 05:32:03.981 196 196 W MediaProfiles: Could not find a validated xml file. Using the default instance instead.
01-01 05:32:04.585 196 196 I Zygote : ...preloaded 6535 classes in 2127ms.
01-01 05:32:04.586 196 196 I zygote : VMRuntime.preloadDexCaches starting
01-01 05:32:04.675 196 196 I zygote : VMRuntime.preloadDexCaches strings total=341090 before=12299 after=12299
01-01 05:32:04.675 196 196 I zygote : VMRuntime.preloadDexCaches types total=31454 before=7837 after=7838
01-01 05:32:04.675 196 196 I zygote : VMRuntime.preloadDexCaches fields total=141524 before=9160 after=9160
01-01 05:32:04.675 196 196 I zygote : VMRuntime.preloadDexCaches methods total=248957 before=12783 after=12783
01-01 05:32:04.675 196 196 I zygote : VMRuntime.preloadDexCaches finished
01-01 05:32:05.434 196 196 I Zygote : Preloading resources...
01-01 05:32:05.508 196 196 W Resources: Preloaded drawable resource #0x1080265 (android:drawable/dialog_background_material) that varies with configuration!!
01-01 05:32:05.555 196 196 I Zygote : ...preloaded 64 resources in 121ms.
01-01 05:32:05.560 196 196 I main : type=1400 audit(0.0:86): avc: denied { read } for name="libglapi.so" dev="mmcblk2p13" ino=2521 scontext=u:r:zygote:s0 tcontext=u:object_r:vendor_file:s0 tclass=file permissive=1
01-01 05:32:05.560 196 196 I main : type=1400 audit(0.0:87): avc: denied { open } for path="/system/vendor/lib/libglapi.so" dev="mmcblk2p13" ino=2521 scontext=u:r:zygote:s0 tcontext=u:object_r:vendor_file:s0 tclass=file permissive=1
01-01 05:32:05.560 196 196 I main : type=1400 audit(0.0:88): avc: denied { getattr } for path="/system/vendor/lib/libglapi.so" dev="mmcblk2p13" ino=2521 scontext=u:r:zygote:s0 tcontext=u:object_r:vendor_file:s0 tclass=file permissive=1
01-01 05:32:05.560 196 196 I main : type=1400 audit(0.0:89): avc: denied { map } for path="/system/vendor/lib/libglapi.so" dev="mmcblk2p13" ino=2521 scontext=u:r:zygote:s0 tcontext=u:object_r:vendor_file:s0 tclass=file permissive=1
01-01 05:32:05.560 196 196 I main : type=1400 audit(0.0:90): avc: denied { execute } for path="/system/vendor/lib/libglapi.so" dev="mmcblk2p13" ino=2521 scontext=u:r:zygote:s0 tcontext=u:object_r:vendor_file:s0 tclass=file permissive=1
01-01 05:32:05.566 196 196 I Zygote : ...preloaded 41 resources in 10ms.
01-01 05:32:05.567 196 196 D vndksupport: Loading /vendor/lib/hw/android.hardware.graphics.mapper@2.0-impl.so from current namespace instead of sphal namespace.
01-01 05:32:05.569 196 196 D vndksupport: Loading /vendor/lib/egl/libGLES_mesa.so from current namespace instead of sphal namespace.
01-01 05:32:05.571 196 196 D libEGL : loaded /vendor/lib/egl/libGLES_mesa.so
01-01 05:32:05.722 196 196 I Zygote : Preloading shared libraries...
01-01 05:32:05.793 196 196 I Zygote : Uninstalled ICU cache reference pinning...
01-01 05:32:05.795 196 196 I Zygote : Installed AndroidKeyStoreProvider in 2ms.
01-01 05:32:05.821 196 196 I Zygote : Warmed up JCA providers in 26ms.
01-01 05:32:05.821 196 196 D Zygote : end preload
01-01 05:32:05.864 196 196 I zygote : Explicit concurrent copying GC freed 16968(978KB) AllocSpace objects, 1(20KB) LOS objects, 72% free, 2MB/8MB, paused 114us total 42.066ms
01-01 05:32:05.905 196 196 I zygote : Explicit concurrent copying GC freed 1666(97KB) AllocSpace objects, 0(0B) LOS objects, 73% free, 2MB/8MB, paused 71us total 37.714ms
01-01 05:32:05.990 196 196 I Zygote : System server process 349 has been created
01-01 05:32:05.992 349 349 I Zygote : seccomp disabled by setenforce 0
01-01 05:32:05.993 196 196 I Zygote : Accepting command socket connections
01-01 05:32:06.207 349 349 I system_server: The ClassLoaderContext is a special shared library.
01-01 05:32:06.243 349 349 I chatty : uid=1000 system_server identical 4 lines
01-01 05:32:06.266 349 349 I system_server: The ClassLoaderContext is a special shared library.
01-01 05:32:06.941 349 349 E UsbAlsaJackDetectorJNI: Can't register UsbAlsaJackDetector native methods
01-01 05:32:07.324 363 363 E cutils-trace: Error opening trace file: Permission denied (13)
01-01 05:32:07.326 363 363 D vndksupport: Loading /vendor/lib/hw/android.hardware.memtrack@1.0-impl.so from current namespace instead of sphal namespace.
01-01 05:32:07.327 363 363 E android.hardware.memtrack@1.0-impl: hw_get_module memtrack failed: -2
01-01 05:32:07.327 363 363 E android.hardware.memtrack@1.0-service: Could not get passthrough implementation for android.hardware.memtrack@1.0::IMemtrack/default.
01-01 05:32:07.440 349 349 I system_server: type=1400 audit(0.0:91): avc: denied { open } for path="/dev/__properties__/u:object_r:vendor_default_prop:s0" dev="tmpfs" ino=13336 scontext=u:r:system_server:s0 tcontext=u:object_r:vendor_default_prop:s0 tclass=file permissive=1
01-01 05:32:07.440 349 349 I system_server: type=1400 audit(0.0:92): avc: denied { getattr } for path="/dev/__properties__/u:object_r:vendor_default_prop:s0" dev="tmpfs" ino=13336 scontext=u:r:system_server:s0 tcontext=u:object_r:vendor_default_prop:s0 tclass=file permissive=1
01-01 05:32:07.440 349 349 I system_server: type=1400 audit(0.0:93): avc: denied { map } for path="/dev/__properties__/u:object_r:vendor_default_prop:s0" dev="tmpfs" ino=13336 scontext=u:r:system_server:s0 tcontext=u:object_r:vendor_default_prop:s0 tclass=file permissive=1
01-01 05:32:07.556 349 369 E BluetoothAdapter: Bluetooth binder is null
01-01 05:32:07.589 171 171 W hwservicemanager: getTransport: Cannot find entry android.hardware.power@1.0::IPower/default in either framework or device manifest.
01-01 05:32:07.589 349 369 I PowerManagerService-JNI: Couldn't load power HAL service
01-01 05:32:07.589 349 369 E BatteryStatsService: Power Hal not loaded
01-01 05:32:07.696 349 349 I ServiceManagement: getService: Trying again for android.hardware.memtrack@1.0::IMemtrack/default...
01-01 05:32:08.360 209 209 I drm-event-liste: type=1400 audit(0.0:94): avc: denied { read } for path="socket:[8856]" dev="sockfs" ino=8856 scontext=u:r:hal_graphics_composer_default:s0 tcontext=u:r:hal_graphics_composer_default:s0 tclass=netlink_kobject_uevent_socket permissive=1
01-01 05:32:08.697 349 349 W ServiceManagement: Waited one second for android.hardware.memtrack@1.0::IMemtrack/default. Waiting another...
01-01 05:32:10.698 349 349 I chatty : uid=1000 system_server identical 2 lines
01-01 05:32:11.698 349 349 W ServiceManagement: Waited one second for android.hardware.memtrack@1.0::IMemtrack/default. Waiting another...
01-01 05:32:12.346 373 373 E cutils-trace: Error opening trace file: Permission denied (13)
01-01 05:32:12.347 373 373 D vndksupport: Loading /vendor/lib/hw/android.hardware.memtrack@1.0-impl.so from current namespace instead of sphal namespace.
01-01 05:32:12.348 373 373 E android.hardware.memtrack@1.0-impl: hw_get_module memtrack failed: -2
01-01 05:32:12.349 373 373 E android.hardware.memtrack@1.0-service: Could not get passthrough implementation for android.hardware.memtrack@1.0::IMemtrack/default.
01-01 05:32:12.699 349 349 W ServiceManagement: Waited one second for android.hardware.memtrack@1.0::IMemtrack/default. Waiting another...
01-01 05:32:13.699 349 349 W ServiceManagement: Waited one second for android.hardware.memtrack@1.0::IMemtrack/default. Waiting another...
01-01 05:32:14.470 202 202 I healthd : type=1400 audit(0.0:95): avc: denied { read } for name="present" dev="sysfs" ino=34539 scontext=u:r:healthd:s0 tcontext=u:object_r:sysfs:s0 tclass=file permissive=1
01-01 05:32:14.470 202 202 I healthd : type=1400 audit(0.0:96): avc: denied { open } for path="/sys/devices/platform/i2c-gpio-1/i2c-11/11-0066/max77693-charger/power_supply/max77693-charger/present" dev="sysfs" ino=34539 scontext=u:r:healthd:s0 tcontext=u:object_r:sysfs:s0 tclass=file permissive=1
01-01 05:32:14.470 202 202 I healthd : type=1400 audit(0.0:97): avc: denied { getattr } for path="/sys/devices/platform/i2c-gpio-1/i2c-11/11-0066/max77693-charger/power_supply/max77693-charger/present" dev="sysfs" ino=34539 scontext=u:r:healthd:s0 tcontext=u:object_r:sysfs:s0 tclass=file permissive=1
01-01 05:32:14.700 349 349 W ServiceManagement: Waited one second for android.hardware.memtrack@1.0::IMemtrack/default. Waiting another...
01-01 05:32:15.700 349 349 I chatty : uid=1000 system_server identical 1 line
01-01 05:32:16.701 349 349 W ServiceManagement: Waited one second for android.hardware.memtrack@1.0::IMemtrack/default. Waiting another...
01-01 05:32:17.370 374 374 E cutils-trace: Error opening trace file: Permission denied (13)
01-01 05:32:17.371 374 374 D vndksupport: Loading /vendor/lib/hw/android.hardware.memtrack@1.0-impl.so from current namespace instead of sphal namespace.
01-01 05:32:17.372 374 374 E android.hardware.memtrack@1.0-impl: hw_get_module memtrack failed: -2
01-01 05:32:17.372 374 374 E android.hardware.memtrack@1.0-service: Could not get passthrough implementation for android.hardware.memtrack@1.0::IMemtrack/default.
01-01 05:32:17.701 349 349 W ServiceManagement: Waited one second for android.hardware.memtrack@1.0::IMemtrack/default. Waiting another...
01-01 05:32:20.703 349 349 I chatty : uid=1000 system_server identical 3 lines
01-01 05:32:21.703 349 349 W ServiceManagement: Waited one second for android.hardware.memtrack@1.0::IMemtrack/default. Waiting another...
01-01 05:32:22.369 375 375 E cutils-trace: Error opening trace file: Permission denied (13)
01-01 05:32:22.370 375 375 D vndksupport: Loading /vendor/lib/hw/android.hardware.memtrack@1.0-impl.so from current namespace instead of sphal namespace.
01-01 05:32:22.371 375 375 E android.hardware.memtrack@1.0-impl: hw_get_module memtrack failed: -2
01-01 05:32:22.371 375 375 E android.hardware.memtrack@1.0-service: Could not get passthrough implementation for android.hardware.memtrack@1.0::IMemtrack/default.
01-01 05:32:22.704 349 349 W ServiceManagement: Waited one second for android.hardware.memtrack@1.0::IMemtrack/default. Waiting another...
01-01 05:32:25.705 349 349 I chatty : uid=1000 system_server identical 3 lines
01-01 05:32:26.706 349 349 W ServiceManagement: Waited one second for android.hardware.memtrack@1.0::IMemtrack/default. Waiting another...
01-01 05:32:27.388 376 376 E cutils-trace: Error opening trace file: Permission denied (13)
01-01 05:32:27.389 376 376 D vndksupport: Loading /vendor/lib/hw/android.hardware.memtrack@1.0-impl.so from current namespace instead of sphal namespace.
01-01 05:32:27.390 376 376 E android.hardware.memtrack@1.0-impl: hw_get_module memtrack failed: -2
01-01 05:32:27.390 376 376 E android.hardware.memtrack@1.0-service: Could not get passthrough implementation for android.hardware.memtrack@1.0::IMemtrack/default.
01-01 05:32:27.706 349 349 W ServiceManagement: Waited one second for android.hardware.memtrack@1.0::IMemtrack/default. Waiting another...
01-01 05:32:30.708 349 349 I chatty : uid=1000 system_server identical 3 lines
01-01 05:32:31.708 349 349 W ServiceManagement: Waited one second for android.hardware.memtrack@1.0::IMemtrack/default. Waiting another...
01-01 05:32:32.400 377 377 E cutils-trace: Error opening trace file: Permission denied (13)
01-01 05:32:32.401 377 377 D vndksupport: Loading /vendor/lib/hw/android.hardware.memtrack@1.0-impl.so from current namespace instead of sphal namespace.
01-01 05:32:32.402 377 377 E android.hardware.memtrack@1.0-impl: hw_get_module memtrack failed: -2
01-01 05:32:32.403 377 377 E android.hardware.memtrack@1.0-service: Could not get passthrough implementation for android.hardware.memtrack@1.0::IMemtrack/default.
01-01 05:32:32.709 349 349 W ServiceManagement: Waited one second for android.hardware.memtrack@1.0::IMemtrack/default. Waiting another...
01-01 05:32:35.710 349 349 I chatty : uid=1000 system_server identical 3 lines
01-01 05:32:36.710 349 349 W ServiceManagement: Waited one second for android.hardware.memtrack@1.0::IMemtrack/default. Waiting another...
01-01 05:32:37.425 378 378 E cutils-trace: Error opening trace file: Permission denied (13)
01-01 05:32:37.426 378 378 D vndksupport: Loading /vendor/lib/hw/android.hardware.memtrack@1.0-impl.so from current namespace instead of sphal namespace.
01-01 05:32:37.427 378 378 E android.hardware.memtrack@1.0-impl: hw_get_module memtrack failed: -2
01-01 05:32:37.427 378 378 E android.hardware.memtrack@1.0-service: Could not get passthrough implementation for android.hardware.memtrack@1.0::IMemtrack/default.
01-01 05:32:37.711 349 349 W ServiceManagement: Waited one second for android.hardware.memtrack@1.0::IMemtrack/default. Waiting another...
01-01 05:32:40.712 349 349 I chatty : uid=1000 system_server identical 3 lines
01-01 05:32:41.712 349 349 W ServiceManagement: Waited one second for android.hardware.memtrack@1.0::IMemtrack/default. Waiting another...
01-01 05:32:42.437 379 379 E cutils-trace: Error opening trace file: Permission denied (13)
01-01 05:32:42.438 379 379 D vndksupport: Loading /vendor/lib/hw/android.hardware.memtrack@1.0-impl.so from current namespace instead of sphal namespace.
01-01 05:32:42.439 379 379 E android.hardware.memtrack@1.0-impl: hw_get_module memtrack failed: -2
01-01 05:32:42.439 379 379 E android.hardware.memtrack@1.0-service: Could not get passthrough implementation for android.hardware.memtrack@1.0::IMemtrack/default.
01-01 05:32:42.713 349 349 W ServiceManagement: Waited one second for android.hardware.memtrack@1.0::IMemtrack/default. Waiting another...
01-01 05:32:45.714 349 349 I chatty : uid=1000 system_server identical 3 lines
01-01 05:32:46.714 349 349 W ServiceManagement: Waited one second for android.hardware.memtrack@1.0::IMemtrack/default. Waiting another...
01-01 05:32:47.451 380 380 E cutils-trace: Error opening trace file: Permission denied (13)
01-01 05:32:47.452 380 380 D vndksupport: Loading /vendor/lib/hw/android.hardware.memtrack@1.0-impl.so from current namespace instead of sphal namespace.
01-01 05:32:47.453 380 380 E android.hardware.memtrack@1.0-impl: hw_get_module memtrack failed: -2
01-01 05:32:47.453 380 380 E android.hardware.memtrack@1.0-service: Could not get passthrough implementation for android.hardware.memtrack@1.0::IMemtrack/default.
01-01 05:32:47.715 349 349 W ServiceManagement: Waited one second for android.hardware.memtrack@1.0::IMemtrack/default. Waiting another...
01-01 05:32:50.716 349 349 I chatty : uid=1000 system_server identical 3 lines
01-01 05:32:51.717 349 349 W ServiceManagement: Waited one second for android.hardware.memtrack@1.0::IMemtrack/default. Waiting another...
01-01 05:32:52.469 381 381 E cutils-trace: Error opening trace file: Permission denied (13)
01-01 05:32:52.471 381 381 D vndksupport: Loading /vendor/lib/hw/android.hardware.memtrack@1.0-impl.so from current namespace instead of sphal namespace.
01-01 05:32:52.472 381 381 E android.hardware.memtrack@1.0-impl: hw_get_module memtrack failed: -2
01-01 05:32:52.472 381 381 E android.hardware.memtrack@1.0-service: Could not get passthrough implementation for android.hardware.memtrack@1.0::IMemtrack/default.
01-01 05:32:52.717 349 349 W ServiceManagement: Waited one second for android.hardware.memtrack@1.0::IMemtrack/default. Waiting another...
01-01 05:32:55.719 349 349 I chatty : uid=1000 system_server identical 3 lines
01-01 05:32:56.719 349 349 W ServiceManagement: Waited one second for android.hardware.memtrack@1.0::IMemtrack/default. Waiting another...
01-01 05:32:57.474 382 382 E cutils-trace: Error opening trace file: Permission denied (13)
01-01 05:32:57.475 382 382 D vndksupport: Loading /vendor/lib/hw/android.hardware.memtrack@1.0-impl.so from current namespace instead of sphal namespace.
01-01 05:32:57.476 382 382 E android.hardware.memtrack@1.0-impl: hw_get_module memtrack failed: -2
01-01 05:32:57.476 382 382 E android.hardware.memtrack@1.0-service: Could not get passthrough implementation for android.hardware.memtrack@1.0::IMemtrack/default.
01-01 05:32:57.720 349 349 W ServiceManagement: Waited one second for android.hardware.memtrack@1.0::IMemtrack/default. Waiting another...
01-01 05:33:00.721 349 349 I chatty : uid=1000 system_server identical 3 lines
01-01 05:33:01.721 349 349 W ServiceManagement: Waited one second for android.hardware.memtrack@1.0::IMemtrack/default. Waiting another...
01-01 05:33:02.495 383 383 E cutils-trace: Error opening trace file: Permission denied (13)
01-01 05:33:02.496 383 383 D vndksupport: Loading /vendor/lib/hw/android.hardware.memtrack@1.0-impl.so from current namespace instead of sphal namespace.
01-01 05:33:02.497 383 383 E android.hardware.memtrack@1.0-impl: hw_get_module memtrack failed: -2
01-01 05:33:02.497 383 383 E android.hardware.memtrack@1.0-service: Could not get passthrough implementation for android.hardware.memtrack@1.0::IMemtrack/default.
01-01 05:33:02.722 349 349 W ServiceManagement: Waited one second for android.hardware.memtrack@1.0::IMemtrack/default. Waiting another...
01-01 05:33:05.723 349 349 I chatty : uid=1000 system_server identical 3 lines
01-01 05:33:06.724 349 349 W ServiceManagement: Waited one second for android.hardware.memtrack@1.0::IMemtrack/default. Waiting another...
01-01 05:33:07.507 384 384 E cutils-trace: Error opening trace file: Permission denied (13)
01-01 05:33:07.508 384 384 D vndksupport: Loading /vendor/lib/hw/android.hardware.memtrack@1.0-impl.so from current namespace instead of sphal namespace.
01-01 05:33:07.509 384 384 E android.hardware.memtrack@1.0-impl: hw_get_module memtrack failed: -2
01-01 05:33:07.510 384 384 E android.hardware.memtrack@1.0-service: Could not get passthrough implementation for android.hardware.memtrack@1.0::IMemtrack/default.
01-01 05:33:07.724 349 349 W ServiceManagement: Waited one second for android.hardware.memtrack@1.0::IMemtrack/default. Waiting another...
01-01 05:33:10.726 349 349 I chatty : uid=1000 system_server identical 3 lines
01-01 05:33:11.726 349 349 W ServiceManagement: Waited one second for android.hardware.memtrack@1.0::IMemtrack/default. Waiting another...
01-01 05:33:12.527 385 385 E cutils-trace: Error opening trace file: Permission denied (13)
01-01 05:33:12.529 385 385 D vndksupport: Loading /vendor/lib/hw/android.hardware.memtrack@1.0-impl.so from current namespace instead of sphal namespace.
01-01 05:33:12.531 385 385 E android.hardware.memtrack@1.0-impl: hw_get_module memtrack failed: -2
01-01 05:33:12.532 385 385 E android.hardware.memtrack@1.0-service: Could not get passthrough implementation for android.hardware.memtrack@1.0::IMemtrack/default.
01-01 05:33:12.727 349 349 W ServiceManagement: Waited one second for android.hardware.memtrack@1.0::IMemtrack/default. Waiting another...
01-01 05:33:15.728 349 349 I chatty : uid=1000 system_server identical 3 lines
01-01 05:33:16.729 349 349 W ServiceManagement: Waited one second for android.hardware.memtrack@1.0::IMemtrack/default. Waiting another...
01-01 05:33:17.534 386 386 E cutils-trace: Error opening trace file: Permission denied (13)
01-01 05:33:17.536 386 386 D vndksupport: Loading /vendor/lib/hw/android.hardware.memtrack@1.0-impl.so from current namespace instead of sphal namespace.
01-01 05:33:17.537 386 386 E android.hardware.memtrack@1.0-impl: hw_get_module memtrack failed: -2
01-01 05:33:17.537 386 386 E android.hardware.memtrack@1.0-service: Could not get passthrough implementation for android.hardware.memtrack@1.0::IMemtrack/default.
01-01 05:33:17.729 349 349 W ServiceManagement: Waited one second for android.hardware.memtrack@1.0::IMemtrack/default. Waiting another...
01-01 05:33:20.730 349 349 I chatty : uid=1000 system_server identical 3 lines
01-01 05:33:21.731 349 349 W ServiceManagement: Waited one second for android.hardware.memtrack@1.0::IMemtrack/default. Waiting another...
01-01 05:33:22.539 387 387 E cutils-trace: Error opening trace file: Permission denied (13)
01-01 05:33:22.541 387 387 D vndksupport: Loading /vendor/lib/hw/android.hardware.memtrack@1.0-impl.so from current namespace instead of sphal namespace.
01-01 05:33:22.542 387 387 E android.hardware.memtrack@1.0-impl: hw_get_module memtrack failed: -2
01-01 05:33:22.542 387 387 E android.hardware.memtrack@1.0-service: Could not get passthrough implementation for android.hardware.memtrack@1.0::IMemtrack/default.
01-01 05:33:22.731 349 349 W ServiceManagement: Waited one second for android.hardware.memtrack@1.0::IMemtrack/default. Waiting another...
01-01 05:33:25.733 349 349 I chatty : uid=1000 system_server identical 3 lines
01-01 05:33:26.733 349 349 W ServiceManagement: Waited one second for android.hardware.memtrack@1.0::IMemtrack/default. Waiting another...
01-01 05:33:27.569 388 388 E cutils-trace: Error opening trace file: Permission denied (13)
01-01 05:33:27.570 388 388 D vndksupport: Loading /vendor/lib/hw/android.hardware.memtrack@1.0-impl.so from current namespace instead of sphal namespace.
01-01 05:33:27.571 388 388 E android.hardware.memtrack@1.0-impl: hw_get_module memtrack failed: -2
01-01 05:33:27.571 388 388 E android.hardware.memtrack@1.0-service: Could not get passthrough implementation for android.hardware.memtrack@1.0::IMemtrack/default.
01-01 05:33:27.734 349 349 W ServiceManagement: Waited one second for android.hardware.memtrack@1.0::IMemtrack/default. Waiting another...
01-01 05:33:30.735 349 349 I chatty : uid=1000 system_server identical 3 lines
01-01 05:33:31.736 349 349 W ServiceManagement: Waited one second for android.hardware.memtrack@1.0::IMemtrack/default. Waiting another...
01-01 05:33:32.575 389 389 E cutils-trace: Error opening trace file: Permission denied (13)
01-01 05:33:32.576 389 389 D vndksupport: Loading /vendor/lib/hw/android.hardware.memtrack@1.0-impl.so from current namespace instead of sphal namespace.
01-01 05:33:32.577 389 389 E android.hardware.memtrack@1.0-impl: hw_get_module memtrack failed: -2
01-01 05:33:32.578 389 389 E android.hardware.memtrack@1.0-service: Could not get passthrough implementation for android.hardware.memtrack@1.0::IMemtrack/default.
01-01 05:33:32.736 349 349 W ServiceManagement: Waited one second for android.hardware.memtrack@1.0::IMemtrack/default. Waiting another...
01-01 05:33:35.738 349 349 I chatty : uid=1000 system_server identical 3 lines
01-01 05:33:36.738 349 349 W ServiceManagement: Waited one second for android.hardware.memtrack@1.0::IMemtrack/default. Waiting another...
01-01 05:33:37.590 390 390 E cutils-trace: Error opening trace file: Permission denied (13)
01-01 05:33:37.591 390 390 D vndksupport: Loading /vendor/lib/hw/android.hardware.memtrack@1.0-impl.so from current namespace instead of sphal namespace.
01-01 05:33:37.592 390 390 E android.hardware.memtrack@1.0-impl: hw_get_module memtrack failed: -2
01-01 05:33:37.593 390 390 E android.hardware.memtrack@1.0-service: Could not get passthrough implementation for android.hardware.memtrack@1.0::IMemtrack/default.
01-01 05:33:37.739 349 349 W ServiceManagement: Waited one second for android.hardware.memtrack@1.0::IMemtrack/default. Waiting another...
01-01 05:33:40.740 349 349 I chatty : uid=1000 system_server identical 3 lines
01-01 05:33:41.740 349 349 W ServiceManagement: Waited one second for android.hardware.memtrack@1.0::IMemtrack/default. Waiting another...
01-01 05:33:42.602 391 391 E cutils-trace: Error opening trace file: Permission denied (13)
01-01 05:33:42.603 391 391 D vndksupport: Loading /vendor/lib/hw/android.hardware.memtrack@1.0-impl.so from current namespace instead of sphal namespace.
01-01 05:33:42.604 391 391 E android.hardware.memtrack@1.0-impl: hw_get_module memtrack failed: -2
01-01 05:33:42.604 391 391 E android.hardware.memtrack@1.0-service: Could not get passthrough implementation for android.hardware.memtrack@1.0::IMemtrack/default.
01-01 05:33:42.741 349 349 W ServiceManagement: Waited one second for android.hardware.memtrack@1.0::IMemtrack/default. Waiting another...
01-01 05:33:45.742 349 349 I chatty : uid=1000 system_server identical 3 lines
01-01 05:33:46.743 349 349 W ServiceManagement: Waited one second for android.hardware.memtrack@1.0::IMemtrack/default. Waiting another...
01-01 05:33:47.619 392 392 E cutils-trace: Error opening trace file: Permission denied (13)
01-01 05:33:47.621 392 392 D vndksupport: Loading /vendor/lib/hw/android.hardware.memtrack@1.0-impl.so from current namespace instead of sphal namespace.
01-01 05:33:47.622 392 392 E android.hardware.memtrack@1.0-impl: hw_get_module memtrack failed: -2
01-01 05:33:47.622 392 392 E android.hardware.memtrack@1.0-service: Could not get passthrough implementation for android.hardware.memtrack@1.0::IMemtrack/default.
01-01 05:33:47.743 349 349 W ServiceManagement: Waited one second for android.hardware.memtrack@1.0::IMemtrack/default. Waiting another...
01-01 05:33:50.744 349 349 I chatty : uid=1000 system_server identical 3 lines
01-01 05:33:51.745 349 349 W ServiceManagement: Waited one second for android.hardware.memtrack@1.0::IMemtrack/default. Waiting another...
01-01 05:33:52.635 394 394 E cutils-trace: Error opening trace file: Permission denied (13)
01-01 05:33:52.637 394 394 D vndksupport: Loading /vendor/lib/hw/android.hardware.memtrack@1.0-impl.so from current namespace instead of sphal namespace.
01-01 05:33:52.638 394 394 E android.hardware.memtrack@1.0-impl: hw_get_module memtrack failed: -2
01-01 05:33:52.638 394 394 E android.hardware.memtrack@1.0-service: Could not get passthrough implementation for android.hardware.memtrack@1.0::IMemtrack/default.
01-01 05:33:52.745 349 349 W ServiceManagement: Waited one second for android.hardware.memtrack@1.0::IMemtrack/default. Waiting another...
01-01 05:33:55.747 349 349 I chatty : uid=1000 system_server identical 3 lines
01-01 05:33:56.747 349 349 W ServiceManagement: Waited one second for android.hardware.memtrack@1.0::IMemtrack/default. Waiting another...
01-01 05:33:57.643 395 395 E cutils-trace: Error opening trace file: Permission denied (13)
01-01 05:33:57.645 395 395 D vndksupport: Loading /vendor/lib/hw/android.hardware.memtrack@1.0-impl.so from current namespace instead of sphal namespace.
01-01 05:33:57.646 395 395 E android.hardware.memtrack@1.0-impl: hw_get_module memtrack failed: -2
01-01 05:33:57.646 395 395 E android.hardware.memtrack@1.0-service: Could not get passthrough implementation for android.hardware.memtrack@1.0::IMemtrack/default.
01-01 05:33:57.748 349 349 W ServiceManagement: Waited one second for android.hardware.memtrack@1.0::IMemtrack/default. Waiting another...
01-01 05:34:00.749 349 349 I chatty : uid=1000 system_server identical 3 lines
01-01 05:34:01.750 349 349 W ServiceManagement: Waited one second for android.hardware.memtrack@1.0::IMemtrack/default. Waiting another...
01-01 05:34:02.665 396 396 E cutils-trace: Error opening trace file: Permission denied (13)
01-01 05:34:02.667 396 396 D vndksupport: Loading /vendor/lib/hw/android.hardware.memtrack@1.0-impl.so from current namespace instead of sphal namespace.
01-01 05:34:02.668 396 396 E android.hardware.memtrack@1.0-impl: hw_get_module memtrack failed: -2
01-01 05:34:02.668 396 396 E android.hardware.memtrack@1.0-service: Could not get passthrough implementation for android.hardware.memtrack@1.0::IMemtrack/default.
01-01 05:34:02.750 349 349 W ServiceManagement: Waited one second for android.hardware.memtrack@1.0::IMemtrack/default. Waiting another...
01-01 05:34:05.751 349 349 I chatty : uid=1000 system_server identical 3 lines
01-01 05:34:06.752 349 349 W ServiceManagement: Waited one second for android.hardware.memtrack@1.0::IMemtrack/default. Waiting another...
01-01 05:34:07.687 397 397 E cutils-trace: Error opening trace file: Permission denied (13)
01-01 05:34:07.690 397 397 D vndksupport: Loading /vendor/lib/hw/android.hardware.memtrack@1.0-impl.so from current namespace instead of sphal namespace.
01-01 05:34:07.692 397 397 E android.hardware.memtrack@1.0-impl: hw_get_module memtrack failed: -2
01-01 05:34:07.693 397 397 E android.hardware.memtrack@1.0-service: Could not get passthrough implementation for android.hardware.memtrack@1.0::IMemtrack/default.
01-01 05:34:07.752 349 349 W ServiceManagement: Waited one second for android.hardware.memtrack@1.0::IMemtrack/default. Waiting another...
01-01 05:34:10.753 349 349 I chatty : uid=1000 system_server identical 3 lines
01-01 05:34:11.754 349 349 W ServiceManagement: Waited one second for android.hardware.memtrack@1.0::IMemtrack/default. Waiting another...
01-01 05:34:12.700 398 398 E cutils-trace: Error opening trace file: Permission denied (13)
01-01 05:34:12.702 398 398 D vndksupport: Loading /vendor/lib/hw/android.hardware.memtrack@1.0-impl.so from current namespace instead of sphal namespace.
01-01 05:34:12.704 398 398 E android.hardware.memtrack@1.0-impl: hw_get_module memtrack failed: -2
01-01 05:34:12.705 398 398 E android.hardware.memtrack@1.0-service: Could not get passthrough implementation for android.hardware.memtrack@1.0::IMemtrack/default.
01-01 05:34:12.754 349 349 W ServiceManagement: Waited one second for android.hardware.memtrack@1.0::IMemtrack/default. Waiting another...
01-01 05:34:15.755 349 349 I chatty : uid=1000 system_server identical 3 lines
01-01 05:34:16.756 349 349 W ServiceManagement: Waited one second for android.hardware.memtrack@1.0::IMemtrack/default. Waiting another...
01-01 05:34:17.719 399 399 E cutils-trace: Error opening trace file: Permission denied (13)
01-01 05:34:17.722 399 399 D vndksupport: Loading /vendor/lib/hw/android.hardware.memtrack@1.0-impl.so from current namespace instead of sphal namespace.
01-01 05:34:17.723 399 399 E android.hardware.memtrack@1.0-impl: hw_get_module memtrack failed: -2
01-01 05:34:17.724 399 399 E android.hardware.memtrack@1.0-service: Could not get passthrough implementation for android.hardware.memtrack@1.0::IMemtrack/default.
01-01 05:34:17.756 349 349 W ServiceManagement: Waited one second for android.hardware.memtrack@1.0::IMemtrack/default. Waiting another...
01-01 05:34:20.757 349 349 I chatty : uid=1000 system_server identical 3 lines
01-01 05:34:21.758 349 349 W ServiceManagement: Waited one second for android.hardware.memtrack@1.0::IMemtrack/default. Waiting another...
01-01 05:34:22.739 400 400 E cutils-trace: Error opening trace file: Permission denied (13)
01-01 05:34:22.742 400 400 D vndksupport: Loading /vendor/lib/hw/android.hardware.memtrack@1.0-impl.so from current namespace instead of sphal namespace.
01-01 05:34:22.744 400 400 E android.hardware.memtrack@1.0-impl: hw_get_module memtrack failed: -2
01-01 05:34:22.744 400 400 E android.hardware.memtrack@1.0-service: Could not get passthrough implementation for android.hardware.memtrack@1.0::IMemtrack/default.
01-01 05:34:22.758 349 349 W ServiceManagement: Waited one second for android.hardware.memtrack@1.0::IMemtrack/default. Waiting another...
01-01 05:34:25.760 349 349 I chatty : uid=1000 system_server identical 3 lines
01-01 05:34:26.760 349 349 W ServiceManagement: Waited one second for android.hardware.memtrack@1.0::IMemtrack/default. Waiting another...
01-01 05:34:27.740 401 401 E cutils-trace: Error opening trace file: Permission denied (13)
01-01 05:34:27.743 401 401 D vndksupport: Loading /vendor/lib/hw/android.hardware.memtrack@1.0-impl.so from current namespace instead of sphal namespace.
01-01 05:34:27.745 401 401 E android.hardware.memtrack@1.0-impl: hw_get_module memtrack failed: -2
01-01 05:34:27.745 401 401 E android.hardware.memtrack@1.0-service: Could not get passthrough implementation for android.hardware.memtrack@1.0::IMemtrack/default.
01-01 05:34:27.760 349 349 W ServiceManagement: Waited one second for android.hardware.memtrack@1.0::IMemtrack/default. Waiting another...
01-01 05:34:30.762 349 349 I chatty : uid=1000 system_server identical 3 lines
01-01 05:34:31.762 349 349 W ServiceManagement: Waited one second for android.hardware.memtrack@1.0::IMemtrack/default. Waiting another...
01-01 05:34:32.749 402 402 E cutils-trace: Error opening trace file: Permission denied (13)
01-01 05:34:32.750 402 402 D vndksupport: Loading /vendor/lib/hw/android.hardware.memtrack@1.0-impl.so from current namespace instead of sphal namespace.
01-01 05:34:32.751 402 402 E android.hardware.memtrack@1.0-impl: hw_get_module memtrack failed: -2
01-01 05:34:32.752 402 402 E android.hardware.memtrack@1.0-service: Could not get passthrough implementation for android.hardware.memtrack@1.0::IMemtrack/default.
01-01 05:34:32.763 349 349 W ServiceManagement: Waited one second for android.hardware.memtrack@1.0::IMemtrack/default. Waiting another...
01-01 05:34:36.764 349 349 I chatty : uid=1000 system_server identical 4 lines
01-01 05:34:37.765 349 349 W ServiceManagement: Waited one second for android.hardware.memtrack@1.0::IMemtrack/default. Waiting another...
01-01 05:34:37.769 403 403 E cutils-trace: Error opening trace file: Permission denied (13)
01-01 05:34:37.772 403 403 D vndksupport: Loading /vendor/lib/hw/android.hardware.memtrack@1.0-impl.so from current namespace instead of sphal namespace.
01-01 05:34:37.773 403 403 E android.hardware.memtrack@1.0-impl: hw_get_module memtrack failed: -2
01-01 05:34:37.774 403 403 E android.hardware.memtrack@1.0-service: Could not get passthrough implementation for android.hardware.memtrack@1.0::IMemtrack/default.
01-01 05:34:38.766 349 349 W ServiceManagement: Waited one second for android.hardware.memtrack@1.0::IMemtrack/default. Waiting another...
01-01 05:34:41.767 349 349 I chatty : uid=1000 system_server identical 3 lines
01-01 05:34:42.768 349 349 W ServiceManagement: Waited one second for android.hardware.memtrack@1.0::IMemtrack/default. Waiting another...
01-01 05:34:42.783 404 404 E cutils-trace: Error opening trace file: Permission denied (13)
01-01 05:34:42.785 404 404 D vndksupport: Loading /vendor/lib/hw/android.hardware.memtrack@1.0-impl.so from current namespace instead of sphal namespace.
01-01 05:34:42.788 404 404 E android.hardware.memtrack@1.0-impl: hw_get_module memtrack failed: -2
01-01 05:34:42.788 404 404 E android.hardware.memtrack@1.0-service: Could not get passthrough implementation for android.hardware.memtrack@1.0::IMemtrack/default.
01-01 05:34:43.769 349 349 W ServiceManagement: Waited one second for android.hardware.memtrack@1.0::IMemtrack/default. Waiting another...
01-01 05:34:46.770 349 349 I chatty : uid=1000 system_server identical 3 lines
01-01 05:34:47.770 349 349 W ServiceManagement: Waited one second for android.hardware.memtrack@1.0::IMemtrack/default. Waiting another...
01-01 05:34:47.793 405 405 E cutils-trace: Error opening trace file: Permission denied (13)
01-01 05:34:47.796 405 405 D vndksupport: Loading /vendor/lib/hw/android.hardware.memtrack@1.0-impl.so from current namespace instead of sphal namespace.
01-01 05:34:47.798 405 405 E android.hardware.memtrack@1.0-impl: hw_get_module memtrack failed: -2
01-01 05:34:47.799 405 405 E android.hardware.memtrack@1.0-service: Could not get passthrough implementation for android.hardware.memtrack@1.0::IMemtrack/default.
01-01 05:34:48.771 349 349 W ServiceManagement: Waited one second for android.hardware.memtrack@1.0::IMemtrack/default. Waiting another...
01-01 05:34:51.772 349 349 I chatty : uid=1000 system_server identical 3 lines
01-01 05:34:52.773 349 349 W ServiceManagement: Waited one second for android.hardware.memtrack@1.0::IMemtrack/default. Waiting another...
01-01 05:34:52.799 406 406 E cutils-trace: Error opening trace file: Permission denied (13)
01-01 05:34:52.801 406 406 D vndksupport: Loading /vendor/lib/hw/android.hardware.memtrack@1.0-impl.so from current namespace instead of sphal namespace.
01-01 05:34:52.802 406 406 E android.hardware.memtrack@1.0-impl: hw_get_module memtrack failed: -2
01-01 05:34:52.802 406 406 E android.hardware.memtrack@1.0-service: Could not get passthrough implementation for android.hardware.memtrack@1.0::IMemtrack/default.
01-01 05:34:53.773 349 349 W ServiceManagement: Waited one second for android.hardware.memtrack@1.0::IMemtrack/default. Waiting another...
01-01 05:34:56.775 349 349 I chatty : uid=1000 system_server identical 3 lines
01-01 05:34:57.775 349 349 W ServiceManagement: Waited one second for android.hardware.memtrack@1.0::IMemtrack/default. Waiting another...
01-01 05:34:57.808 407 407 E cutils-trace: Error opening trace file: Permission denied (13)
01-01 05:34:57.810 407 407 D vndksupport: Loading /vendor/lib/hw/android.hardware.memtrack@1.0-impl.so from current namespace instead of sphal namespace.
01-01 05:34:57.811 407 407 E android.hardware.memtrack@1.0-impl: hw_get_module memtrack failed: -2
01-01 05:34:57.811 407 407 E android.hardware.memtrack@1.0-service: Could not get passthrough implementation for android.hardware.memtrack@1.0::IMemtrack/default.
01-01 05:34:58.776 349 349 W ServiceManagement: Waited one second for android.hardware.memtrack@1.0::IMemtrack/default. Waiting another...
01-01 05:35:01.777 349 349 I chatty : uid=1000 system_server identical 3 lines
01-01 05:35:02.778 349 349 W ServiceManagement: Waited one second for android.hardware.memtrack@1.0::IMemtrack/default. Waiting another...
01-01 05:35:02.830 408 408 E cutils-trace: Error opening trace file: Permission denied (13)
01-01 05:35:02.831 408 408 D vndksupport: Loading /vendor/lib/hw/android.hardware.memtrack@1.0-impl.so from current namespace instead of sphal namespace.
01-01 05:35:02.832 408 408 E android.hardware.memtrack@1.0-impl: hw_get_module memtrack failed: -2
01-01 05:35:02.833 408 408 E android.hardware.memtrack@1.0-service: Could not get passthrough implementation for android.hardware.memtrack@1.0::IMemtrack/default.
01-01 05:35:03.778 349 349 W ServiceManagement: Waited one second for android.hardware.memtrack@1.0::IMemtrack/default. Waiting another...
01-01 05:35:06.780 349 349 I chatty : uid=1000 system_server identical 3 lines
01-01 05:35:07.780 349 349 W ServiceManagement: Waited one second for android.hardware.memtrack@1.0::IMemtrack/default. Waiting another...
01-01 05:35:07.839 409 409 E cutils-trace: Error opening trace file: Permission denied (13)
01-01 05:35:07.841 409 409 D vndksupport: Loading /vendor/lib/hw/android.hardware.memtrack@1.0-impl.so from current namespace instead of sphal namespace.
01-01 05:35:07.842 409 409 E android.hardware.memtrack@1.0-impl: hw_get_module memtrack failed: -2
01-01 05:35:07.842 409 409 E android.hardware.memtrack@1.0-service: Could not get passthrough implementation for android.hardware.memtrack@1.0::IMemtrack/default.
01-01 05:35:08.781 349 349 W ServiceManagement: Waited one second for android.hardware.memtrack@1.0::IMemtrack/default. Waiting another...
01-01 05:35:11.782 349 349 I chatty : uid=1000 system_server identical 3 lines
01-01 05:35:12.782 349 349 W ServiceManagement: Waited one second for android.hardware.memtrack@1.0::IMemtrack/default. Waiting another...
01-01 05:35:12.853 410 410 E cutils-trace: Error opening trace file: Permission denied (13)
01-01 05:35:12.854 410 410 D vndksupport: Loading /vendor/lib/hw/android.hardware.memtrack@1.0-impl.so from current namespace instead of sphal namespace.
01-01 05:35:12.855 410 410 E android.hardware.memtrack@1.0-impl: hw_get_module memtrack failed: -2
01-01 05:35:12.855 410 410 E android.hardware.memtrack@1.0-service: Could not get passthrough implementation for android.hardware.memtrack@1.0::IMemtrack/default.
01-01 05:35:13.783 349 349 W ServiceManagement: Waited one second for android.hardware.memtrack@1.0::IMemtrack/default. Waiting another...
01-01 05:35:16.784 349 349 I chatty : uid=1000 system_server identical 3 lines
01-01 05:35:17.785 349 349 W ServiceManagement: Waited one second for android.hardware.memtrack@1.0::IMemtrack/default. Waiting another...
01-01 05:35:17.869 411 411 E cutils-trace: Error opening trace file: Permission denied (13)
01-01 05:35:17.871 411 411 D vndksupport: Loading /vendor/lib/hw/android.hardware.memtrack@1.0-impl.so from current namespace instead of sphal namespace.
01-01 05:35:17.872 411 411 E android.hardware.memtrack@1.0-impl: hw_get_module memtrack failed: -2
01-01 05:35:17.872 411 411 E android.hardware.memtrack@1.0-service: Could not get passthrough implementation for android.hardware.memtrack@1.0::IMemtrack/default.
01-01 05:35:18.785 349 349 W ServiceManagement: Waited one second for android.hardware.memtrack@1.0::IMemtrack/default. Waiting another...
01-01 05:35:21.787 349 349 I chatty : uid=1000 system_server identical 3 lines
01-01 05:35:22.787 349 349 W ServiceManagement: Waited one second for android.hardware.memtrack@1.0::IMemtrack/default. Waiting another...
01-01 05:35:22.881 412 412 E cutils-trace: Error opening trace file: Permission denied (13)
01-01 05:35:22.883 412 412 D vndksupport: Loading /vendor/lib/hw/android.hardware.memtrack@1.0-impl.so from current namespace instead of sphal namespace.
01-01 05:35:22.884 412 412 E android.hardware.memtrack@1.0-impl: hw_get_module memtrack failed: -2
01-01 05:35:22.884 412 412 E android.hardware.memtrack@1.0-service: Could not get passthrough implementation for android.hardware.memtrack@1.0::IMemtrack/default.
01-01 05:35:23.788 349 349 W ServiceManagement: Waited one second for android.hardware.memtrack@1.0::IMemtrack/default. Waiting another...
01-01 05:35:26.789 349 349 I chatty : uid=1000 system_server identical 3 lines
01-01 05:35:27.789 349 349 W ServiceManagement: Waited one second for android.hardware.memtrack@1.0::IMemtrack/default. Waiting another...
01-01 05:35:27.892 413 413 E cutils-trace: Error opening trace file: Permission denied (13)
01-01 05:35:27.893 413 413 D vndksupport: Loading /vendor/lib/hw/android.hardware.memtrack@1.0-impl.so from current namespace instead of sphal namespace.
01-01 05:35:27.894 413 413 E android.hardware.memtrack@1.0-impl: hw_get_module memtrack failed: -2
01-01 05:35:27.894 413 413 E android.hardware.memtrack@1.0-service: Could not get passthrough implementation for android.hardware.memtrack@1.0::IMemtrack/default.
01-01 05:35:28.790 349 349 W ServiceManagement: Waited one second for android.hardware.memtrack@1.0::IMemtrack/default. Waiting another...
01-01 05:35:31.791 349 349 I chatty : uid=1000 system_server identical 3 lines
01-01 05:35:32.792 349 349 W ServiceManagement: Waited one second for android.hardware.memtrack@1.0::IMemtrack/default. Waiting another...
01-01 05:35:32.902 414 414 E cutils-trace: Error opening trace file: Permission denied (13)
01-01 05:35:32.903 414 414 D vndksupport: Loading /vendor/lib/hw/android.hardware.memtrack@1.0-impl.so from current namespace instead of sphal namespace.
01-01 05:35:32.904 414 414 E android.hardware.memtrack@1.0-impl: hw_get_module memtrack failed: -2
01-01 05:35:32.905 414 414 E android.hardware.memtrack@1.0-service: Could not get passthrough implementation for android.hardware.memtrack@1.0::IMemtrack/default.
01-01 05:35:33.792 349 349 W ServiceManagement: Waited one second for android.hardware.memtrack@1.0::IMemtrack/default. Waiting another...
01-01 05:35:36.794 349 349 I chatty : uid=1000 system_server identical 3 lines
01-01 05:35:37.794 349 349 W ServiceManagement: Waited one second for android.hardware.memtrack@1.0::IMemtrack/default. Waiting another...
01-01 05:35:37.920 415 415 E cutils-trace: Error opening trace file: Permission denied (13)
01-01 05:35:37.922 415 415 D vndksupport: Loading /vendor/lib/hw/android.hardware.memtrack@1.0-impl.so from current namespace instead of sphal namespace.
01-01 05:35:37.923 415 415 E android.hardware.memtrack@1.0-impl: hw_get_module memtrack failed: -2
01-01 05:35:37.923 415 415 E android.hardware.memtrack@1.0-service: Could not get passthrough implementation for android.hardware.memtrack@1.0::IMemtrack/default.
01-01 05:35:38.795 349 349 W ServiceManagement: Waited one second for android.hardware.memtrack@1.0::IMemtrack/default. Waiting another...
01-01 05:35:41.796 349 349 I chatty : uid=1000 system_server identical 3 lines
01-01 05:35:42.796 349 349 W ServiceManagement: Waited one second for android.hardware.memtrack@1.0::IMemtrack/default. Waiting another...
01-01 05:35:42.925 416 416 E cutils-trace: Error opening trace file: Permission denied (13)
01-01 05:35:42.926 416 416 D vndksupport: Loading /vendor/lib/hw/android.hardware.memtrack@1.0-impl.so from current namespace instead of sphal namespace.
01-01 05:35:42.927 416 416 E android.hardware.memtrack@1.0-impl: hw_get_module memtrack failed: -2
01-01 05:35:42.927 416 416 E android.hardware.memtrack@1.0-service: Could not get passthrough implementation for android.hardware.memtrack@1.0::IMemtrack/default.
01-01 05:35:43.797 349 349 W ServiceManagement: Waited one second for android.hardware.memtrack@1.0::IMemtrack/default. Waiting another...
01-01 05:35:46.799 349 349 I chatty : uid=1000 system_server identical 3 lines
01-01 05:35:47.799 349 349 W ServiceManagement: Waited one second for android.hardware.memtrack@1.0::IMemtrack/default. Waiting another...
01-01 05:35:47.941 417 417 E cutils-trace: Error opening trace file: Permission denied (13)
01-01 05:35:47.943 417 417 D vndksupport: Loading /vendor/lib/hw/android.hardware.memtrack@1.0-impl.so from current namespace instead of sphal namespace.
01-01 05:35:47.944 417 417 E android.hardware.memtrack@1.0-impl: hw_get_module memtrack failed: -2
01-01 05:35:47.944 417 417 E android.hardware.memtrack@1.0-service: Could not get passthrough implementation for android.hardware.memtrack@1.0::IMemtrack/default.
01-01 05:35:48.800 349 349 W ServiceManagement: Waited one second for android.hardware.memtrack@1.0::IMemtrack/default. Waiting another...
01-01 05:35:51.801 349 349 I chatty : uid=1000 system_server identical 3 lines
01-01 05:35:52.801 349 349 W ServiceManagement: Waited one second for android.hardware.memtrack@1.0::IMemtrack/default. Waiting another...
01-01 05:35:52.956 418 418 E cutils-trace: Error opening trace file: Permission denied (13)
01-01 05:35:52.958 418 418 D vndksupport: Loading /vendor/lib/hw/android.hardware.memtrack@1.0-impl.so from current namespace instead of sphal namespace.
01-01 05:35:52.959 418 418 E android.hardware.memtrack@1.0-impl: hw_get_module memtrack failed: -2
01-01 05:35:52.959 418 418 E android.hardware.memtrack@1.0-service: Could not get passthrough implementation for android.hardware.memtrack@1.0::IMemtrack/default.
01-01 05:35:53.802 349 349 W ServiceManagement: Waited one second for android.hardware.memtrack@1.0::IMemtrack/default. Waiting another...
01-01 05:35:56.803 349 349 I chatty : uid=1000 system_server identical 3 lines
01-01 05:35:57.804 349 349 W ServiceManagement: Waited one second for android.hardware.memtrack@1.0::IMemtrack/default. Waiting another...
01-01 05:35:57.972 419 419 E cutils-trace: Error opening trace file: Permission denied (13)
01-01 05:35:57.973 419 419 D vndksupport: Loading /vendor/lib/hw/android.hardware.memtrack@1.0-impl.so from current namespace instead of sphal namespace.
01-01 05:35:57.974 419 419 E android.hardware.memtrack@1.0-impl: hw_get_module memtrack failed: -2
01-01 05:35:57.975 419 419 E android.hardware.memtrack@1.0-service: Could not get passthrough implementation for android.hardware.memtrack@1.0::IMemtrack/default.
01-01 05:35:58.804 349 349 W ServiceManagement: Waited one second for android.hardware.memtrack@1.0::IMemtrack/default. Waiting another...
01-01 05:36:01.806 349 349 I chatty : uid=1000 system_server identical 3 lines
01-01 05:36:02.806 349 349 W ServiceManagement: Waited one second for android.hardware.memtrack@1.0::IMemtrack/default. Waiting another...
01-01 05:36:02.985 420 420 E cutils-trace: Error opening trace file: Permission denied (13)
01-01 05:36:02.986 420 420 D vndksupport: Loading /vendor/lib/hw/android.hardware.memtrack@1.0-impl.so from current namespace instead of sphal namespace.
01-01 05:36:02.987 420 420 E android.hardware.memtrack@1.0-impl: hw_get_module memtrack failed: -2
01-01 05:36:02.987 420 420 E android.hardware.memtrack@1.0-service: Could not get passthrough implementation for android.hardware.memtrack@1.0::IMemtrack/default.
01-01 05:36:03.807 349 349 W ServiceManagement: Waited one second for android.hardware.memtrack@1.0::IMemtrack/default. Waiting another...
01-01 05:36:06.808 349 349 I chatty : uid=1000 system_server identical 3 lines
01-01 05:36:07.808 349 349 W ServiceManagement: Waited one second for android.hardware.memtrack@1.0::IMemtrack/default. Waiting another...
01-01 05:36:08.004 421 421 E cutils-trace: Error opening trace file: Permission denied (13)
01-01 05:36:08.005 421 421 D vndksupport: Loading /vendor/lib/hw/android.hardware.memtrack@1.0-impl.so from current namespace instead of sphal namespace.
01-01 05:36:08.006 421 421 E android.hardware.memtrack@1.0-impl: hw_get_module memtrack failed: -2
01-01 05:36:08.007 421 421 E android.hardware.memtrack@1.0-service: Could not get passthrough implementation for android.hardware.memtrack@1.0::IMemtrack/default.
