01-01 05:45:49.663 543 543 E cutils-trace: Error opening trace file: Permission denied (13)
01-01 05:45:49.666 543 543 D vndksupport: Loading /vendor/lib/hw/android.hardware.memtrack@1.0-impl.so from current namespace instead of sphal namespace.
01-01 05:45:49.669 543 543 E android.hardware.memtrack@1.0-impl: hw_get_module memtrack failed: -2
01-01 05:45:49.669 543 543 E android.hardware.memtrack@1.0-service: Could not get passthrough implementation for android.hardware.memtrack@1.0::IMemtrack/default.
01-01 05:45:50.077 349 349 W ServiceManagement: Waited one second for android.hardware.memtrack@1.0::IMemtrack/default. Waiting another...
01-01 05:45:53.079 349 349 I chatty : uid=1000 system_server identical 3 lines
01-01 05:45:54.079 349 349 W ServiceManagement: Waited one second for android.hardware.memtrack@1.0::IMemtrack/default. Waiting another...
01-01 05:45:54.666 544 544 E cutils-trace: Error opening trace file: Permission denied (13)
01-01 05:45:54.668 544 544 D vndksupport: Loading /vendor/lib/hw/android.hardware.memtrack@1.0-impl.so from current namespace instead of sphal namespace.
01-01 05:45:54.669 544 544 E android.hardware.memtrack@1.0-impl: hw_get_module memtrack failed: -2
01-01 05:45:54.669 544 544 E android.hardware.memtrack@1.0-service: Could not get passthrough implementation for android.hardware.memtrack@1.0::IMemtrack/default.
01-01 05:45:55.080 349 349 W ServiceManagement: Waited one second for android.hardware.memtrack@1.0::IMemtrack/default. Waiting another...
01-01 05:45:58.081 349 349 I chatty : uid=1000 system_server identical 3 lines
01-01 05:45:59.082 349 349 W ServiceManagement: Waited one second for android.hardware.memtrack@1.0::IMemtrack/default. Waiting another...
01-01 05:45:59.675 545 545 E cutils-trace: Error opening trace file: Permission denied (13)
01-01 05:45:59.676 545 545 D vndksupport: Loading /vendor/lib/hw/android.hardware.memtrack@1.0-impl.so from current namespace instead of sphal namespace.
01-01 05:45:59.677 545 545 E android.hardware.memtrack@1.0-impl: hw_get_module memtrack failed: -2
01-01 05:45:59.678 545 545 E android.hardware.memtrack@1.0-service: Could not get passthrough implementation for android.hardware.memtrack@1.0::IMemtrack/default.
01-01 05:46:00.082 349 349 W ServiceManagement: Waited one second for android.hardware.memtrack@1.0::IMemtrack/default. Waiting another...
01-01 05:46:03.084 349 349 I chatty : uid=1000 system_server identical 3 lines
01-01 05:46:04.084 349 349 W ServiceManagement: Waited one second for android.hardware.memtrack@1.0::IMemtrack/default. Waiting another...
01-01 05:46:04.694 546 546 E cutils-trace: Error opening trace file: Permission denied (13)
01-01 05:46:04.695 546 546 D vndksupport: Loading /vendor/lib/hw/android.hardware.memtrack@1.0-impl.so from current namespace instead of sphal namespace.
01-01 05:46:04.696 546 546 E android.hardware.memtrack@1.0-impl: hw_get_module memtrack failed: -2
01-01 05:46:04.697 546 546 E android.hardware.memtrack@1.0-service: Could not get passthrough implementation for android.hardware.memtrack@1.0::IMemtrack/default.
01-01 05:46:05.085 349 349 W ServiceManagement: Waited one second for android.hardware.memtrack@1.0::IMemtrack/default. Waiting another...
01-01 05:46:08.086 349 349 I chatty : uid=1000 system_server identical 3 lines
01-01 05:46:09.086 349 349 W ServiceManagement: Waited one second for android.hardware.memtrack@1.0::IMemtrack/default. Waiting another...
01-01 05:46:09.718 549 549 E cutils-trace: Error opening trace file: Permission denied (13)
01-01 05:46:09.721 549 549 D vndksupport: Loading /vendor/lib/hw/android.hardware.memtrack@1.0-impl.so from current namespace instead of sphal namespace.
01-01 05:46:09.723 549 549 E android.hardware.memtrack@1.0-impl: hw_get_module memtrack failed: -2
01-01 05:46:09.723 549 549 E android.hardware.memtrack@1.0-service: Could not get passthrough implementation for android.hardware.memtrack@1.0::IMemtrack/default.
01-01 05:46:10.087 349 349 W ServiceManagement: Waited one second for android.hardware.memtrack@1.0::IMemtrack/default. Waiting another...
01-01 05:46:13.089 349 349 I chatty : uid=1000 system_server identical 3 lines
01-01 05:46:14.089 349 349 W ServiceManagement: Waited one second for android.hardware.memtrack@1.0::IMemtrack/default. Waiting another...
01-01 05:46:14.715 550 550 E cutils-trace: Error opening trace file: Permission denied (13)
01-01 05:46:14.717 550 550 D vndksupport: Loading /vendor/lib/hw/android.hardware.memtrack@1.0-impl.so from current namespace instead of sphal namespace.
01-01 05:46:14.718 550 550 E android.hardware.memtrack@1.0-impl: hw_get_module memtrack failed: -2
01-01 05:46:14.718 550 550 E android.hardware.memtrack@1.0-service: Could not get passthrough implementation for android.hardware.memtrack@1.0::IMemtrack/default.
01-01 05:46:15.090 349 349 W ServiceManagement: Waited one second for android.hardware.memtrack@1.0::IMemtrack/default. Waiting another...
01-01 05:46:18.091 349 349 I chatty : uid=1000 system_server identical 3 lines
01-01 05:46:19.091 349 349 W ServiceManagement: Waited one second for android.hardware.memtrack@1.0::IMemtrack/default. Waiting another...
01-01 05:46:19.725 551 551 E cutils-trace: Error opening trace file: Permission denied (13)
01-01 05:46:19.727 551 551 D vndksupport: Loading /vendor/lib/hw/android.hardware.memtrack@1.0-impl.so from current namespace instead of sphal namespace.
01-01 05:46:19.728 551 551 E android.hardware.memtrack@1.0-impl: hw_get_module memtrack failed: -2
01-01 05:46:19.728 551 551 E android.hardware.memtrack@1.0-service: Could not get passthrough implementation for android.hardware.memtrack@1.0::IMemtrack/default.
01-01 05:46:20.092 349 349 W ServiceManagement: Waited one second for android.hardware.memtrack@1.0::IMemtrack/default. Waiting another...
01-01 05:46:23.093 349 349 I chatty : uid=1000 system_server identical 3 lines
01-01 05:46:24.094 349 349 W ServiceManagement: Waited one second for android.hardware.memtrack@1.0::IMemtrack/default. Waiting another...
01-01 05:46:24.740 552 552 E cutils-trace: Error opening trace file: Permission denied (13)
01-01 05:46:24.741 552 552 D vndksupport: Loading /vendor/lib/hw/android.hardware.memtrack@1.0-impl.so from current namespace instead of sphal namespace.
01-01 05:46:24.742 552 552 E android.hardware.memtrack@1.0-impl: hw_get_module memtrack failed: -2
01-01 05:46:24.743 552 552 E android.hardware.memtrack@1.0-service: Could not get passthrough implementation for android.hardware.memtrack@1.0::IMemtrack/default.
01-01 05:46:25.094 349 349 W ServiceManagement: Waited one second for android.hardware.memtrack@1.0::IMemtrack/default. Waiting another...
01-01 05:46:28.096 349 349 I chatty : uid=1000 system_server identical 3 lines
01-01 05:46:29.096 349 349 W ServiceManagement: Waited one second for android.hardware.memtrack@1.0::IMemtrack/default. Waiting another...
01-01 05:46:29.758 553 553 E cutils-trace: Error opening trace file: Permission denied (13)
01-01 05:46:29.759 553 553 D vndksupport: Loading /vendor/lib/hw/android.hardware.memtrack@1.0-impl.so from current namespace instead of sphal namespace.
01-01 05:46:29.760 553 553 E android.hardware.memtrack@1.0-impl: hw_get_module memtrack failed: -2
01-01 05:46:29.760 553 553 E android.hardware.memtrack@1.0-service: Could not get passthrough implementation for android.hardware.memtrack@1.0::IMemtrack/default.
01-01 05:46:30.097 349 349 W ServiceManagement: Waited one second for android.hardware.memtrack@1.0::IMemtrack/default. Waiting another...
01-01 05:46:33.098 349 349 I chatty : uid=1000 system_server identical 3 lines
01-01 05:46:34.099 349 349 W ServiceManagement: Waited one second for android.hardware.memtrack@1.0::IMemtrack/default. Waiting another...
01-01 05:46:34.780 554 554 E cutils-trace: Error opening trace file: Permission denied (13)
01-01 05:46:34.783 554 554 D vndksupport: Loading /vendor/lib/hw/android.hardware.memtrack@1.0-impl.so from current namespace instead of sphal namespace.
01-01 05:46:34.785 554 554 E android.hardware.memtrack@1.0-impl: hw_get_module memtrack failed: -2
01-01 05:46:34.785 554 554 E android.hardware.memtrack@1.0-service: Could not get passthrough implementation for android.hardware.memtrack@1.0::IMemtrack/default.
01-01 05:46:35.099 349 349 W ServiceManagement: Waited one second for android.hardware.memtrack@1.0::IMemtrack/default. Waiting another...
01-01 05:46:38.101 349 349 I chatty : uid=1000 system_server identical 3 lines
01-01 05:46:39.101 349 349 W ServiceManagement: Waited one second for android.hardware.memtrack@1.0::IMemtrack/default. Waiting another...
01-01 05:46:39.794 555 555 E cutils-trace: Error opening trace file: Permission denied (13)
01-01 05:46:39.797 555 555 D vndksupport: Loading /vendor/lib/hw/android.hardware.memtrack@1.0-impl.so from current namespace instead of sphal namespace.
01-01 05:46:39.799 555 555 E android.hardware.memtrack@1.0-impl: hw_get_module memtrack failed: -2
01-01 05:46:39.800 555 555 E android.hardware.memtrack@1.0-service: Could not get passthrough implementation for android.hardware.memtrack@1.0::IMemtrack/default.
01-01 05:46:40.102 349 349 W ServiceManagement: Waited one second for android.hardware.memtrack@1.0::IMemtrack/default. Waiting another...
01-01 05:46:43.103 349 349 I chatty : uid=1000 system_server identical 3 lines
01-01 05:46:44.104 349 349 W ServiceManagement: Waited one second for android.hardware.memtrack@1.0::IMemtrack/default. Waiting another...
01-01 05:46:44.806 556 556 E cutils-trace: Error opening trace file: Permission denied (13)
01-01 05:46:44.809 556 556 D vndksupport: Loading /vendor/lib/hw/android.hardware.memtrack@1.0-impl.so from current namespace instead of sphal namespace.
01-01 05:46:44.811 556 556 E android.hardware.memtrack@1.0-impl: hw_get_module memtrack failed: -2
01-01 05:46:44.812 556 556 E android.hardware.memtrack@1.0-service: Could not get passthrough implementation for android.hardware.memtrack@1.0::IMemtrack/default.
01-01 05:46:45.104 349 349 W ServiceManagement: Waited one second for android.hardware.memtrack@1.0::IMemtrack/default. Waiting another...
01-01 05:46:48.105 349 349 I chatty : uid=1000 system_server identical 3 lines
01-01 05:46:49.106 349 349 W ServiceManagement: Waited one second for android.hardware.memtrack@1.0::IMemtrack/default. Waiting another...
01-01 05:46:49.824 557 557 E cutils-trace: Error opening trace file: Permission denied (13)
01-01 05:46:49.827 557 557 D vndksupport: Loading /vendor/lib/hw/android.hardware.memtrack@1.0-impl.so from current namespace instead of sphal namespace.
01-01 05:46:49.829 557 557 E android.hardware.memtrack@1.0-impl: hw_get_module memtrack failed: -2
01-01 05:46:49.830 557 557 E android.hardware.memtrack@1.0-service: Could not get passthrough implementation for android.hardware.memtrack@1.0::IMemtrack/default.
01-01 05:46:50.106 349 349 W ServiceManagement: Waited one second for android.hardware.memtrack@1.0::IMemtrack/default. Waiting another...
01-01 05:46:53.108 349 349 I chatty : uid=1000 system_server identical 3 lines
01-01 05:46:54.108 349 349 W ServiceManagement: Waited one second for android.hardware.memtrack@1.0::IMemtrack/default. Waiting another...
01-01 05:46:54.837 558 558 E cutils-trace: Error opening trace file: Permission denied (13)
01-01 05:46:54.841 558 558 D vndksupport: Loading /vendor/lib/hw/android.hardware.memtrack@1.0-impl.so from current namespace instead of sphal namespace.
01-01 05:46:54.842 558 558 E android.hardware.memtrack@1.0-impl: hw_get_module memtrack failed: -2
01-01 05:46:54.843 558 558 E android.hardware.memtrack@1.0-service: Could not get passthrough implementation for android.hardware.memtrack@1.0::IMemtrack/default.
01-01 05:46:55.109 349 349 W ServiceManagement: Waited one second for android.hardware.memtrack@1.0::IMemtrack/default. Waiting another...
01-01 05:46:58.110 349 349 I chatty : uid=1000 system_server identical 3 lines
01-01 05:46:59.111 349 349 W ServiceManagement: Waited one second for android.hardware.memtrack@1.0::IMemtrack/default. Waiting another...
01-01 05:46:59.856 559 559 E cutils-trace: Error opening trace file: Permission denied (13)
01-01 05:46:59.859 559 559 D vndksupport: Loading /vendor/lib/hw/android.hardware.memtrack@1.0-impl.so from current namespace instead of sphal namespace.
01-01 05:46:59.861 559 559 E android.hardware.memtrack@1.0-impl: hw_get_module memtrack failed: -2
01-01 05:46:59.861 559 559 E android.hardware.memtrack@1.0-service: Could not get passthrough implementation for android.hardware.memtrack@1.0::IMemtrack/default.
01-01 05:47:00.111 349 349 W ServiceManagement: Waited one second for android.hardware.memtrack@1.0::IMemtrack/default. Waiting another...
01-01 05:47:03.113 349 349 I chatty : uid=1000 system_server identical 3 lines
01-01 05:47:04.113 349 349 W ServiceManagement: Waited one second for android.hardware.memtrack@1.0::IMemtrack/default. Waiting another...
01-01 05:47:04.864 560 560 E cutils-trace: Error opening trace file: Permission denied (13)
01-01 05:47:04.867 560 560 D vndksupport: Loading /vendor/lib/hw/android.hardware.memtrack@1.0-impl.so from current namespace instead of sphal namespace.
01-01 05:47:04.869 560 560 E android.hardware.memtrack@1.0-impl: hw_get_module memtrack failed: -2
01-01 05:47:04.869 560 560 E android.hardware.memtrack@1.0-service: Could not get passthrough implementation for android.hardware.memtrack@1.0::IMemtrack/default.
01-01 05:47:05.113 349 349 W ServiceManagement: Waited one second for android.hardware.memtrack@1.0::IMemtrack/default. Waiting another...
01-01 05:47:08.115 349 349 I chatty : uid=1000 system_server identical 3 lines
01-01 05:47:09.115 349 349 W ServiceManagement: Waited one second for android.hardware.memtrack@1.0::IMemtrack/default. Waiting another...
01-01 05:47:09.884 561 561 E cutils-trace: Error opening trace file: Permission denied (13)
01-01 05:47:09.888 561 561 D vndksupport: Loading /vendor/lib/hw/android.hardware.memtrack@1.0-impl.so from current namespace instead of sphal namespace.
01-01 05:47:09.890 561 561 E android.hardware.memtrack@1.0-impl: hw_get_module memtrack failed: -2
01-01 05:47:09.891 561 561 E android.hardware.memtrack@1.0-service: Could not get passthrough implementation for android.hardware.memtrack@1.0::IMemtrack/default.
01-01 05:47:10.116 349 349 W ServiceManagement: Waited one second for android.hardware.memtrack@1.0::IMemtrack/default. Waiting another...
01-01 05:47:13.117 349 349 I chatty : uid=1000 system_server identical 3 lines
01-01 05:47:14.118 349 349 W ServiceManagement: Waited one second for android.hardware.memtrack@1.0::IMemtrack/default. Waiting another...
01-01 05:47:14.891 562 562 E cutils-trace: Error opening trace file: Permission denied (13)
01-01 05:47:14.893 562 562 D vndksupport: Loading /vendor/lib/hw/android.hardware.memtrack@1.0-impl.so from current namespace instead of sphal namespace.
01-01 05:47:14.894 562 562 E android.hardware.memtrack@1.0-impl: hw_get_module memtrack failed: -2
01-01 05:47:14.894 562 562 E android.hardware.memtrack@1.0-service: Could not get passthrough implementation for android.hardware.memtrack@1.0::IMemtrack/default.
01-01 05:47:15.118 349 349 W ServiceManagement: Waited one second for android.hardware.memtrack@1.0::IMemtrack/default. Waiting another...
01-01 05:47:18.119 349 349 I chatty : uid=1000 system_server identical 3 lines
01-01 05:47:19.120 349 349 W ServiceManagement: Waited one second for android.hardware.memtrack@1.0::IMemtrack/default. Waiting another...
01-01 05:47:19.907 563 563 E cutils-trace: Error opening trace file: Permission denied (13)
01-01 05:47:19.909 563 563 D vndksupport: Loading /vendor/lib/hw/android.hardware.memtrack@1.0-impl.so from current namespace instead of sphal namespace.
01-01 05:47:19.910 563 563 E android.hardware.memtrack@1.0-impl: hw_get_module memtrack failed: -2
01-01 05:47:19.910 563 563 E android.hardware.memtrack@1.0-service: Could not get passthrough implementation for android.hardware.memtrack@1.0::IMemtrack/default.
01-01 05:47:20.120 349 349 W ServiceManagement: Waited one second for android.hardware.memtrack@1.0::IMemtrack/default. Waiting another...
01-01 05:47:23.121 349 349 I chatty : uid=1000 system_server identical 3 lines
01-01 05:47:24.122 349 349 W ServiceManagement: Waited one second for android.hardware.memtrack@1.0::IMemtrack/default. Waiting another...
01-01 05:47:24.916 564 564 E cutils-trace: Error opening trace file: Permission denied (13)
01-01 05:47:24.917 564 564 D vndksupport: Loading /vendor/lib/hw/android.hardware.memtrack@1.0-impl.so from current namespace instead of sphal namespace.
01-01 05:47:24.919 564 564 E android.hardware.memtrack@1.0-impl: hw_get_module memtrack failed: -2
01-01 05:47:24.919 564 564 E android.hardware.memtrack@1.0-service: Could not get passthrough implementation for android.hardware.memtrack@1.0::IMemtrack/default.
01-01 05:47:25.122 349 349 W ServiceManagement: Waited one second for android.hardware.memtrack@1.0::IMemtrack/default. Waiting another...
01-01 05:47:28.123 349 349 I chatty : uid=1000 system_server identical 3 lines
01-01 05:47:29.124 349 349 W ServiceManagement: Waited one second for android.hardware.memtrack@1.0::IMemtrack/default. Waiting another...
01-01 05:47:29.941 565 565 E cutils-trace: Error opening trace file: Permission denied (13)
01-01 05:47:29.944 565 565 D vndksupport: Loading /vendor/lib/hw/android.hardware.memtrack@1.0-impl.so from current namespace instead of sphal namespace.
01-01 05:47:29.946 565 565 E android.hardware.memtrack@1.0-impl: hw_get_module memtrack failed: -2
01-01 05:47:29.947 565 565 E android.hardware.memtrack@1.0-service: Could not get passthrough implementation for android.hardware.memtrack@1.0::IMemtrack/default.
01-01 05:47:30.124 349 349 W ServiceManagement: Waited one second for android.hardware.memtrack@1.0::IMemtrack/default. Waiting another...
01-01 05:47:33.126 349 349 I chatty : uid=1000 system_server identical 3 lines
01-01 05:47:34.126 349 349 W ServiceManagement: Waited one second for android.hardware.memtrack@1.0::IMemtrack/default. Waiting another...
01-01 05:47:34.948 566 566 E cutils-trace: Error opening trace file: Permission denied (13)
01-01 05:47:34.950 566 566 D vndksupport: Loading /vendor/lib/hw/android.hardware.memtrack@1.0-impl.so from current namespace instead of sphal namespace.
01-01 05:47:34.951 566 566 E android.hardware.memtrack@1.0-impl: hw_get_module memtrack failed: -2
01-01 05:47:34.951 566 566 E android.hardware.memtrack@1.0-service: Could not get passthrough implementation for android.hardware.memtrack@1.0::IMemtrack/default.
01-01 05:47:35.127 349 349 W ServiceManagement: Waited one second for android.hardware.memtrack@1.0::IMemtrack/default. Waiting another...
01-01 05:47:38.128 349 349 I chatty : uid=1000 system_server identical 3 lines
01-01 05:47:39.128 349 349 W ServiceManagement: Waited one second for android.hardware.memtrack@1.0::IMemtrack/default. Waiting another...
01-01 05:47:39.964 567 567 E cutils-trace: Error opening trace file: Permission denied (13)
01-01 05:47:39.965 567 567 D vndksupport: Loading /vendor/lib/hw/android.hardware.memtrack@1.0-impl.so from current namespace instead of sphal namespace.
01-01 05:47:39.967 567 567 E android.hardware.memtrack@1.0-impl: hw_get_module memtrack failed: -2
01-01 05:47:39.967 567 567 E android.hardware.memtrack@1.0-service: Could not get passthrough implementation for android.hardware.memtrack@1.0::IMemtrack/default.
01-01 05:47:40.128 349 349 W ServiceManagement: Waited one second for android.hardware.memtrack@1.0::IMemtrack/default. Waiting another...
01-01 05:47:43.130 349 349 I chatty : uid=1000 system_server identical 3 lines
01-01 05:47:44.130 349 349 W ServiceManagement: Waited one second for android.hardware.memtrack@1.0::IMemtrack/default. Waiting another...
01-01 05:47:44.977 568 568 E cutils-trace: Error opening trace file: Permission denied (13)
01-01 05:47:44.979 568 568 D vndksupport: Loading /vendor/lib/hw/android.hardware.memtrack@1.0-impl.so from current namespace instead of sphal namespace.
01-01 05:47:44.981 568 568 E android.hardware.memtrack@1.0-impl: hw_get_module memtrack failed: -2
01-01 05:47:44.981 568 568 E android.hardware.memtrack@1.0-service: Could not get passthrough implementation for android.hardware.memtrack@1.0::IMemtrack/default.
01-01 05:47:45.131 349 349 W ServiceManagement: Waited one second for android.hardware.memtrack@1.0::IMemtrack/default. Waiting another...
01-01 05:47:48.132 349 349 I chatty : uid=1000 system_server identical 3 lines
01-01 05:47:49.132 349 349 W ServiceManagement: Waited one second for android.hardware.memtrack@1.0::IMemtrack/default. Waiting another...
01-01 05:47:49.986 569 569 E cutils-trace: Error opening trace file: Permission denied (13)
01-01 05:47:49.988 569 569 D vndksupport: Loading /vendor/lib/hw/android.hardware.memtrack@1.0-impl.so from current namespace instead of sphal namespace.
01-01 05:47:49.989 569 569 E android.hardware.memtrack@1.0-impl: hw_get_module memtrack failed: -2
01-01 05:47:49.989 569 569 E android.hardware.memtrack@1.0-service: Could not get passthrough implementation for android.hardware.memtrack@1.0::IMemtrack/default.
01-01 05:47:50.133 349 349 W ServiceManagement: Waited one second for android.hardware.memtrack@1.0::IMemtrack/default. Waiting another...
01-01 05:47:53.134 349 349 I chatty : uid=1000 system_server identical 3 lines
01-01 05:47:54.134 349 349 W ServiceManagement: Waited one second for android.hardware.memtrack@1.0::IMemtrack/default. Waiting another...
01-01 05:47:54.998 570 570 E cutils-trace: Error opening trace file: Permission denied (13)
01-01 05:47:54.999 570 570 D vndksupport: Loading /vendor/lib/hw/android.hardware.memtrack@1.0-impl.so from current namespace instead of sphal namespace.
01-01 05:47:55.000 570 570 E android.hardware.memtrack@1.0-impl: hw_get_module memtrack failed: -2
01-01 05:47:55.001 570 570 E android.hardware.memtrack@1.0-service: Could not get passthrough implementation for android.hardware.memtrack@1.0::IMemtrack/default.
01-01 05:47:55.135 349 349 W ServiceManagement: Waited one second for android.hardware.memtrack@1.0::IMemtrack/default. Waiting another...
01-01 05:47:58.136 349 349 I chatty : uid=1000 system_server identical 3 lines
01-01 05:47:59.137 349 349 W ServiceManagement: Waited one second for android.hardware.memtrack@1.0::IMemtrack/default. Waiting another...
01-01 05:48:00.021 572 572 E cutils-trace: Error opening trace file: Permission denied (13)
01-01 05:48:00.022 572 572 D vndksupport: Loading /vendor/lib/hw/android.hardware.memtrack@1.0-impl.so from current namespace instead of sphal namespace.
01-01 05:48:00.023 572 572 E android.hardware.memtrack@1.0-impl: hw_get_module memtrack failed: -2
01-01 05:48:00.023 572 572 E android.hardware.memtrack@1.0-service: Could not get passthrough implementation for android.hardware.memtrack@1.0::IMemtrack/default.
01-01 05:48:00.137 349 349 W ServiceManagement: Waited one second for android.hardware.memtrack@1.0::IMemtrack/default. Waiting another...
01-01 05:48:01.138 349 349 W ServiceManagement: Waited one second for android.hardware.memtrack@1.0::IMemtrack/default. Waiting another...
01-01 05:48:02.065 218 244 E adbd : aio: got error event on read total bufs 1: Cannot send after transport endpoint shutdown
01-01 05:48:02.065 218 244 E adbd : remote usb: read terminated (message): Cannot send after transport endpoint shutdown
01-01 05:48:02.138 349 349 W ServiceManagement: Waited one second for android.hardware.memtrack@1.0::IMemtrack/default. Waiting another...
01-01 05:48:03.138 349 349 W ServiceManagement: Waited one second for android.hardware.memtrack@1.0::IMemtrack/default. Waiting another...
01-01 05:48:03.311 218 218 I adbd : closing functionfs transport
01-01 05:48:03.498 218 237 I adbd : initializing functionfs
01-01 05:48:03.499 218 237 I adbd : functionfs successfully initialized
01-01 05:48:03.499 218 237 I adbd : registering usb transport
01-01 05:48:04.139 349 349 W ServiceManagement: Waited one second for android.hardware.memtrack@1.0::IMemtrack/default. Waiting another...
01-01 05:48:05.033 575 575 E cutils-trace: Error opening trace file: Permission denied (13)
01-01 05:48:05.035 575 575 D vndksupport: Loading /vendor/lib/hw/android.hardware.memtrack@1.0-impl.so from current namespace instead of sphal namespace.
01-01 05:48:05.036 575 575 E android.hardware.memtrack@1.0-impl: hw_get_module memtrack failed: -2
01-01 05:48:05.036 575 575 E android.hardware.memtrack@1.0-service: Could not get passthrough implementation for android.hardware.memtrack@1.0::IMemtrack/default.
01-01 05:48:05.139 349 349 W ServiceManagement: Waited one second for android.hardware.memtrack@1.0::IMemtrack/default. Waiting another...
01-01 05:48:08.141 349 349 I chatty : uid=1000 system_server identical 3 lines
01-01 05:48:09.141 349 349 W ServiceManagement: Waited one second for android.hardware.memtrack@1.0::IMemtrack/default. Waiting another...
01-01 05:48:10.049 577 577 E cutils-trace: Error opening trace file: Permission denied (13)
01-01 05:48:10.050 577 577 D vndksupport: Loading /vendor/lib/hw/android.hardware.memtrack@1.0-impl.so from current namespace instead of sphal namespace.
01-01 05:48:10.052 577 577 E android.hardware.memtrack@1.0-impl: hw_get_module memtrack failed: -2
01-01 05:48:10.052 577 577 E android.hardware.memtrack@1.0-service: Could not get passthrough implementation for android.hardware.memtrack@1.0::IMemtrack/default.
01-01 05:48:10.142 349 349 W ServiceManagement: Waited one second for android.hardware.memtrack@1.0::IMemtrack/default. Waiting another...
01-01 05:48:13.143 349 349 I chatty : uid=1000 system_server identical 3 lines
01-01 05:48:14.144 349 349 W ServiceManagement: Waited one second for android.hardware.memtrack@1.0::IMemtrack/default. Waiting another...
01-01 05:48:15.066 580 580 E cutils-trace: Error opening trace file: Permission denied (13)
01-01 05:48:15.068 580 580 D vndksupport: Loading /vendor/lib/hw/android.hardware.memtrack@1.0-impl.so from current namespace instead of sphal namespace.
01-01 05:48:15.070 580 580 E android.hardware.memtrack@1.0-impl: hw_get_module memtrack failed: -2
01-01 05:48:15.070 580 580 E android.hardware.memtrack@1.0-service: Could not get passthrough implementation for android.hardware.memtrack@1.0::IMemtrack/default.
01-01 05:48:15.145 349 349 W ServiceManagement: Waited one second for android.hardware.memtrack@1.0::IMemtrack/default. Waiting another...
01-01 05:48:18.146 349 349 I chatty : uid=1000 system_server identical 3 lines
01-01 05:48:19.146 349 349 W ServiceManagement: Waited one second for android.hardware.memtrack@1.0::IMemtrack/default. Waiting another...
01-01 05:48:20.075 581 581 E cutils-trace: Error opening trace file: Permission denied (13)
01-01 05:48:20.077 581 581 D vndksupport: Loading /vendor/lib/hw/android.hardware.memtrack@1.0-impl.so from current namespace instead of sphal namespace.
01-01 05:48:20.079 581 581 E android.hardware.memtrack@1.0-impl: hw_get_module memtrack failed: -2
01-01 05:48:20.079 581 581 E android.hardware.memtrack@1.0-service: Could not get passthrough implementation for android.hardware.memtrack@1.0::IMemtrack/default.
01-01 05:48:20.147 349 349 W ServiceManagement: Waited one second for android.hardware.memtrack@1.0::IMemtrack/default. Waiting another...
01-01 05:48:23.149 349 349 I chatty : uid=1000 system_server identical 3 lines
01-01 05:48:24.149 349 349 W ServiceManagement: Waited one second for android.hardware.memtrack@1.0::IMemtrack/default. Waiting another...
01-01 05:48:25.085 582 582 E cutils-trace: Error opening trace file: Permission denied (13)
01-01 05:48:25.087 582 582 D vndksupport: Loading /vendor/lib/hw/android.hardware.memtrack@1.0-impl.so from current namespace instead of sphal namespace.
01-01 05:48:25.088 582 582 E android.hardware.memtrack@1.0-impl: hw_get_module memtrack failed: -2
01-01 05:48:25.088 582 582 E android.hardware.memtrack@1.0-service: Could not get passthrough implementation for android.hardware.memtrack@1.0::IMemtrack/default.
01-01 05:48:25.149 349 349 W ServiceManagement: Waited one second for android.hardware.memtrack@1.0::IMemtrack/default. Waiting another...
01-01 05:48:28.151 349 349 I chatty : uid=1000 system_server identical 3 lines
01-01 05:48:29.151 349 349 W ServiceManagement: Waited one second for android.hardware.memtrack@1.0::IMemtrack/default. Waiting another...
01-01 05:48:30.105 583 583 E cutils-trace: Error opening trace file: Permission denied (13)
01-01 05:48:30.106 583 583 D vndksupport: Loading /vendor/lib/hw/android.hardware.memtrack@1.0-impl.so from current namespace instead of sphal namespace.
01-01 05:48:30.108 583 583 E android.hardware.memtrack@1.0-impl: hw_get_module memtrack failed: -2
01-01 05:48:30.108 583 583 E android.hardware.memtrack@1.0-service: Could not get passthrough implementation for android.hardware.memtrack@1.0::IMemtrack/default.
01-01 05:48:30.152 349 349 W ServiceManagement: Waited one second for android.hardware.memtrack@1.0::IMemtrack/default. Waiting another...
01-01 05:48:33.153 349 349 I chatty : uid=1000 system_server identical 3 lines
01-01 05:48:34.154 349 349 W ServiceManagement: Waited one second for android.hardware.memtrack@1.0::IMemtrack/default. Waiting another...
01-01 05:48:35.120 589 589 E cutils-trace: Error opening trace file: Permission denied (13)
01-01 05:48:35.121 589 589 D vndksupport: Loading /vendor/lib/hw/android.hardware.memtrack@1.0-impl.so from current namespace instead of sphal namespace.
01-01 05:48:35.123 589 589 E android.hardware.memtrack@1.0-impl: hw_get_module memtrack failed: -2
01-01 05:48:35.124 589 589 E android.hardware.memtrack@1.0-service: Could not get passthrough implementation for android.hardware.memtrack@1.0::IMemtrack/default.
01-01 05:48:35.154 349 349 W ServiceManagement: Waited one second for android.hardware.memtrack@1.0::IMemtrack/default. Waiting another...