01-01 05:31:56.957 173 173 I SELinux : SELinux: Loaded service_contexts from:
01-01 05:31:56.961 170 170 I SELinux : SELinux: Loaded service_contexts from:
01-01 05:31:56.964 173 173 I SELinux : /vendor/etc/selinux/vndservice_contexts
01-01 05:31:56.967 170 170 I SELinux : /system/etc/selinux/plat_service_contexts
01-01 05:31:56.995 175 175 E cutils-trace: Error opening trace file: No such file or directory (2)
01-01 05:31:56.995 171 171 I hwservicemanager: hwservicemanager is ready now.
01-01 05:31:56.996 171 171 E cutils-trace: Error opening trace file: No such file or directory (2)
01-01 05:31:49.407 169 169 W auditd : type=2000 audit(0.0:1): state=initialized audit_enabled=0 res=1
01-01 05:31:56.040 169 169 W auditd : type=1403 audit(0.0:2): auid=4294967295 ses=4294967295 lsm=selinux res=1
01-01 05:31:56.090 1 1 I init : type=1400 audit(0.0:3): avc: denied { search } for scontext=u:r:init:s0 tcontext=u:r:kernel:s0 tclass=key permissive=1
01-01 05:31:56.720 1 1 I init : type=1400 audit(0.0:4): avc: denied { create } for name="sdcard" scontext=u:r:init:s0 tcontext=u:object_r:tmpfs:s0 tclass=lnk_file permissive=1
01-01 05:31:56.730 1 1 I init : type=1400 audit(0.0:5): avc: denied { module_request } for kmod="fs-cpuset" scontext=u:r:init:s0 tcontext=u:r:kernel:s0 tclass=system permissive=1
01-01 05:31:56.950 173 173 I vndservicemanag: type=1400 audit(0.0:6): avc: denied { map } for path="/dev/event-log-tags" dev="tmpfs" ino=13632 scontext=u:r:vndservicemanager:s0 tcontext=u:object_r:runtime_event_log_tags_file:s0 tclass=file permissive=1
01-01 05:31:57.007 175 175 D vndksupport: Loading /vendor/lib/hw/android.hardware.keymaster@3.0-impl.so from current namespace instead of sphal namespace.
01-01 05:31:57.021 176 176 E cutils-trace: Error opening trace file: No such file or directory (2)
01-01 05:31:57.038 175 175 I android.hardware.keymaster@3.0-impl: Fetching keymaster device name default
01-01 05:31:57.042 175 175 I android.hardware.keymaster@3.0-impl: Could not find any keystore module, using software-only implementation.
01-01 05:31:57.044 175 175 I ServiceManagement: Removing namespace from process name android.hardware.keymaster@3.0-service to keymaster@3.0-service.
01-01 05:31:57.048 175 175 I android.hardware.keymaster@3.0-service: Registration complete for android.hardware.keymaster@3.0::IKeymasterDevice/default.
01-01 05:31:57.074 176 188 I vold_prepare_subdirs: SELinux: Loaded file_contexts
01-01 05:31:57.077 189 189 D vold_prepare_subdirs: Setting up mode 700 uid 0 gid 0 context u:object_r:vold_data_file:s0 on path: /data/misc_de/0/vold
01-01 05:31:57.078 189 189 D vold_prepare_subdirs: Setting up mode 700 uid 0 gid 0 context u:object_r:storaged_data_file:s0 on path: /data/misc_de/0/storaged
01-01 05:31:57.079 189 189 D vold_prepare_subdirs: Setting up mode 700 uid 1000 gid 1000 context u:object_r:fingerprint_vendor_data_file:s0 on path: /data/vendor_de/0/fpdata
01-01 05:31:57.110 192 192 I init : type=1400 audit(0.0:7): avc: denied { execute_no_trans } for path="/system/bin/resize2fs_partitions.sh" dev="mmcblk2p13" ino=533 scontext=u:r:init:s0 tcontext=u:object_r:system_file:s0 tclass=file permissive=1
01-01 05:31:57.116 191 191 I /system/bin/tzdatacheck: timezone distro dir /data/misc/zoneinfo/current does not exist. No action required.
01-01 05:31:57.180 1 1 I init : type=1400 audit(0.0:8): avc: denied { setattr } for name="brightness" dev="sysfs" ino=34211 scontext=u:r:init:s0 tcontext=u:object_r:sysfs:s0 tclass=file permissive=1
01-01 05:31:57.260 198 198 I mkdir : type=1400 audit(0.0:9): avc: denied { search } for name="default" dev="tmpfs" ino=13581 scontext=u:r:toolbox:s0 tcontext=u:object_r:storage_file:s0 tclass=dir permissive=1
01-01 05:31:57.260 198 198 I mkdir : type=1400 audit(0.0:10): avc: denied { write } for name="default" dev="tmpfs" ino=13581 scontext=u:r:toolbox:s0 tcontext=u:object_r:storage_file:s0 tclass=dir permissive=1
01-01 05:31:57.260 198 198 I mkdir : type=1400 audit(0.0:11): avc: denied { add_name } for name="sys" scontext=u:r:toolbox:s0 tcontext=u:object_r:storage_file:s0 tclass=dir permissive=1
01-01 05:31:57.260 198 198 I mkdir : type=1400 audit(0.0:12): avc: denied { create } for name="sys" scontext=u:r:toolbox:s0 tcontext=u:object_r:storage_file:s0 tclass=dir permissive=1
01-01 05:31:57.280 197 197 I resize2fs: type=1400 audit(0.0:13): avc: denied { getattr } for path="/proc/swaps" dev="proc" ino=4026532353 scontext=u:r:init:s0 tcontext=u:object_r:proc_swaps:s0 tclass=file permissive=1
01-01 05:31:57.280 197 197 I resize2fs: type=1400 audit(0.0:14): avc: denied { write } for name="mmcblk2p16" dev="tmpfs" ino=13369 scontext=u:r:init:s0 tcontext=u:object_r:block_device:s0 tclass=blk_file permissive=1
01-01 05:31:57.280 197 197 I resize2fs: type=1400 audit(0.0:15): avc: denied { read } for name="meta_bg_resize" dev="sysfs" ino=15541 scontext=u:r:init:s0 tcontext=u:object_r:sysfs_fs_ext4_features:s0 tclass=file permissive=1
01-01 05:31:57.287 199 199 I sysinit : Running /system/etc/init.d/00banner
01-01 05:31:57.439 210 210 E cutils-trace: Error opening trace file: Permission denied (13)
01-01 05:31:57.470 202 202 I health@2.0/: health@2.0/backup: Hal starting main loop...
01-01 05:31:57.470 202 202 I health@2.0/: health@2.0/backup Hal is starting up...
01-01 05:31:57.474 201 201 I ServiceManagement: Removing namespace from process name android.hidl.allocator@1.0-service to allocator@1.0-service.
01-01 05:31:57.481 171 171 W hwservicemanager: getTransport: Cannot find entry android.hardware.health@1.0::IHealth/default in either framework or device manifest.
01-01 05:31:57.486 210 210 D vndksupport: Loading /vendor/lib/hw/android.hardware.light@2.0-impl.so from current namespace instead of sphal namespace.
01-01 05:31:57.488 201 201 E cutils-trace: Error opening trace file: Permission denied (13)
01-01 05:31:57.498 208 208 E cutils-trace: Error opening trace file: Permission denied (13)
01-01 05:31:57.500 202 202 I health@2.0/: health@2.0/backup: Hal init done
01-01 05:31:57.509 208 208 D vndksupport: Loading /vendor/lib/hw/android.hardware.graphics.allocator@2.0-impl.so from current namespace instead of sphal namespace.
01-01 05:31:57.513 210 210 D vndksupport: Loading /vendor/lib/hw/lights.smdk4x12.so from current namespace instead of sphal namespace.
01-01 05:31:57.528 208 208 D vndksupport: Loading /vendor/lib/hw/gralloc.gbm.so from current namespace instead of sphal namespace.
01-01 05:31:57.536 218 237 I adbd : initializing functionfs
01-01 05:31:57.537 218 237 I adbd : opening control endpoint /dev/usb-ffs/adb/ep0
01-01 05:31:57.537 222 222 I lineage : _ _
01-01 05:31:57.547 210 210 D vndksupport: Loading /vendor/lib/hw/lights.smdk4x12.so from current namespace instead of sphal namespace.
01-01 05:31:57.547 210 210 E light : light_open lights keyboard failed: -22
01-01 05:31:57.547 210 210 E light : Light passthrough failed to load legacy HAL.
01-01 05:31:57.547 210 210 D vndksupport: Loading /vendor/lib/hw/lights.smdk4x12.so from current namespace instead of sphal namespace.
01-01 05:31:57.548 210 210 E light : light_open lights buttons failed: -22
01-01 05:31:57.548 210 210 E light : Light passthrough failed to load legacy HAL.
01-01 05:31:57.548 210 210 D vndksupport: Loading /vendor/lib/hw/lights.smdk4x12.so from current namespace instead of sphal namespace.
01-01 05:31:57.548 210 210 E light : light_open lights battery failed: -22
01-01 05:31:57.548 210 210 E light : Light passthrough failed to load legacy HAL.
01-01 05:31:57.548 210 210 D vndksupport: Loading /vendor/lib/hw/lights.smdk4x12.so from current namespace instead of sphal namespace.
01-01 05:31:57.548 210 210 E light : light_open lights notifications failed: -22
01-01 05:31:57.548 210 210 E light : Light passthrough failed to load legacy HAL.
01-01 05:31:57.548 210 210 D vndksupport: Loading /vendor/lib/hw/lights.smdk4x12.so from current namespace instead of sphal namespace.
01-01 05:31:57.549 210 210 E light : light_open lights attention failed: -22
01-01 05:31:57.549 210 210 E light : Light passthrough failed to load legacy HAL.
01-01 05:31:57.549 210 210 D vndksupport: Loading /vendor/lib/hw/lights.smdk4x12.so from current namespace instead of sphal namespace.
01-01 05:31:57.549 210 210 E light : light_open lights bluetooth failed: -22
01-01 05:31:57.549 210 210 E light : Light passthrough failed to load legacy HAL.
01-01 05:31:57.549 210 210 D vndksupport: Loading /vendor/lib/hw/lights.smdk4x12.so from current namespace instead of sphal namespace.
01-01 05:31:57.553 210 210 E light : light_open lights wifi failed: -22
01-01 05:31:57.553 210 210 E light : Light passthrough failed to load legacy HAL.
01-01 05:31:57.554 210 210 I ServiceManagement: Removing namespace from process name android.hardware.light@2.0-service to light@2.0-service.
01-01 05:31:57.561 210 210 I android.hardware.light@2.0-service: Registration complete for android.hardware.light@2.0::ILight/default.
01-01 05:31:57.588 212 212 E cutils-trace: Error opening trace file: Permission denied (13)
01-01 05:31:57.594 218 237 I adbd : functionfs successfully initialized
01-01 05:31:57.594 218 237 I adbd : registering usb transport
01-01 05:31:57.594 212 212 D vndksupport: Loading /vendor/lib/hw/android.hardware.memtrack@1.0-impl.so from current namespace instead of sphal namespace.
01-01 05:31:57.595 238 238 I lineage : | (_)_ __ ___ __ _ __ _ ___ ___ ___
01-01 05:31:57.599 206 206 D android.hardware.drm@1.0-service: android.hardware.drm@1.0-service starting...
01-01 05:31:57.602 209 209 E cutils-trace: Error opening trace file: Permission denied (13)
01-01 05:31:57.608 206 206 E cutils-trace: Error opening trace file: Permission denied (13)
01-01 05:31:57.610 207 207 E cutils-trace: Error opening trace file: Permission denied (13)
01-01 05:31:57.611 209 209 D vndksupport: Loading /vendor/lib/hw/android.hardware.graphics.composer@2.1-impl.so from current namespace instead of sphal namespace.
01-01 05:31:57.619 206 206 D vndksupport: Loading /vendor/lib/hw/android.hardware.drm@1.0-impl.so from current namespace instead of sphal namespace.
01-01 05:31:57.629 207 207 D vndksupport: Loading /vendor/lib/hw/android.hardware.gatekeeper@1.0-impl.so from current namespace instead of sphal namespace.
01-01 05:31:57.630 212 212 E android.hardware.memtrack@1.0-impl: hw_get_module memtrack failed: -2
01-01 05:31:57.630 212 212 E android.hardware.memtrack@1.0-service: Could not get passthrough implementation for android.hardware.memtrack@1.0::IMemtrack/default.
01-01 05:31:57.638 205 205 W /vendor/bin/hw/android.hardware.configstore@1.1-service: Could not find seccomp policy file at: /vendor/etc/seccomp_policy/configstore@1.1.policy
01-01 05:31:57.638 225 225 E cutils : Failed to read /data/.layout_version: No such file or directory
01-01 05:31:57.641 205 205 I ServiceManagement: Removing namespace from process name android.hardware.configstore@1.1-service to configstore@1.1-service.
01-01 05:31:57.642 205 205 E cutils-trace: Error opening trace file: Permission denied (13)
01-01 05:31:57.668 207 207 D vndksupport: Loading /vendor/lib/hw/gatekeeper.default.so from current namespace instead of sphal namespace.
01-01 05:31:57.683 216 216 E cutils-trace: Error opening trace file: Permission denied (13)
01-01 05:31:57.684 171 171 W hwservicemanager: getTransport: Cannot find entry android.hardware.thermal@1.1::IThermal/default in either framework or device manifest.
01-01 05:31:57.688 216 216 W thermalserviced: Unable to get Thermal HAL V1.1, vendor thermal event notification not available
01-01 05:31:57.709 241 241 I lineage : | | | '_ \ / _ \/ _` |/ _` |/ _ \/ _ \/ __|
01-01 05:31:57.717 239 239 I /system/bin/tombstoned: tombstoned successfully initialized
01-01 05:31:57.719 204 204 D android.hardware.cas@1.0-service: android.hardware.cas@1.0-service starting...
01-01 05:31:57.720 209 209 D vndksupport: Loading /vendor/lib/hw/hwcomposer.drm.so from current namespace instead of sphal namespace.
01-01 05:31:57.739 204 204 I ServiceManagement: Removing namespace from process name android.hardware.cas@1.0-service to cas@1.0-service.
01-01 05:31:57.740 204 204 E cutils-trace: Error opening trace file: Permission denied (13)
01-01 05:31:57.741 195 195 I Netd : Netd 1.0 starting
01-01 05:31:57.741 195 195 D TetherController: Setting IP forward enable = 0
01-01 05:31:57.742 207 207 E I9305Gatekeeper: called i9305_gatekeeper_open with gate keeper 0xb0e970d0 device 0xb0c28090
01-01 05:31:57.754 206 206 I ServiceManagement: Removing namespace from process name android.hardware.drm@1.0-service to drm@1.0-service.
01-01 05:31:57.754 207 207 I ServiceManagement: Removing namespace from process name android.hardware.gatekeeper@1.0-service to gatekeeper@1.0-service.
01-01 05:31:57.756 206 206 I android.hardware.drm@1.0-service: Registration complete for android.hardware.drm@1.0::IDrmFactory/default.
01-01 05:31:57.760 206 206 D vndksupport: Loading /vendor/lib/hw/android.hardware.drm@1.0-impl.so from current namespace instead of sphal namespace.
01-01 05:31:57.760 207 207 I android.hardware.gatekeeper@1.0-service: Registration complete for android.hardware.gatekeeper@1.0::IGatekeeper/default.
01-01 05:31:57.763 206 206 I ServiceManagement: Removing namespace from process name android.hardware.drm@1.0-service to drm@1.0-service.
01-01 05:31:57.766 206 206 I android.hardware.drm@1.0-service: Registration complete for android.hardware.drm@1.0::ICryptoFactory/default.
01-01 05:31:57.788 171 171 W hwservicemanager: getTransport: Cannot find entry android.hardware.usb.gadget@1.0::IUsbGadget/default in either framework or device manifest.
01-01 05:31:57.789 240 240 I usbd : Usb HAL not found
01-01 05:31:57.859 246 246 I lineage : | | | | | | __/ (_| | (_| | __/ (_) \__ \
01-01 05:31:57.867 235 235 I gatekeeperd: Starting gatekeeperd...
01-01 05:31:57.870 235 235 W gatekeeperd: Using hacked built-in software GateKeeper
01-01 05:31:57.870 235 235 W gatekeeperd: FIXME: Use proper software implementation instead
01-01 05:31:57.899 227 227 I mediaserver: ServiceManager: 0xa6e9c120
01-01 05:31:57.915 251 251 I lineage : |_|_|_| |_|\___|\__,_|\__, |\___|\___/|___/
01-01 05:31:57.925 209 209 E hwc-drm-plane: Could not get rotation property
01-01 05:31:57.925 209 209 I hwc-drm-plane: Could not get alpha property
01-01 05:31:57.925 209 209 I hwc-drm-plane: Could not get pixel blend mode property
01-01 05:31:57.926 209 209 E hwc-drm-plane: Could not get rotation property
01-01 05:31:57.928 209 209 I chatty : uid=1000(system) composer@2.1-se identical 2 lines
01-01 05:31:57.930 209 209 E hwc-drm-plane: Could not get rotation property
01-01 05:31:57.930 209 209 D vndksupport: Loading /vendor/lib/hw/gralloc.gbm.so from current namespace instead of sphal namespace.
01-01 05:31:57.932 209 209 D vndksupport: Loading /vendor/lib/hw/gralloc.gbm.so from current namespace instead of sphal namespace.
01-01 05:31:57.933 209 209 E hwc-drm-display-compositor: Create blob_id 59
01-01 05:31:57.936 195 195 I Netd : Creating child chains: 127.3ms
01-01 05:31:57.936 195 195 I Netd : Setting up OEM hooks: 0.2ms
01-01 05:31:57.936 195 195 I Netd : Setting up FirewallController hooks: 0.0ms
01-01 05:31:57.938 209 209 I ServiceManagement: Removing namespace from process name android.hardware.graphics.composer@2.1-service to composer@2.1-service.
01-01 05:31:57.940 195 195 I Netd : Setting up TetherController hooks: 4.0ms
01-01 05:31:57.942 209 209 I android.hardware.graphics.composer@2.1-service: Registration complete for android.hardware.graphics.composer@2.1::IComposer/default.
01-01 05:31:57.943 195 195 I Netd : Setting up BandwidthController hooks: 3.6ms
01-01 05:31:57.943 195 195 I Netd : Setting up IdletimerController hooks: 0.1ms
01-01 05:31:57.944 195 195 E Netd : failed to start trafficcontroller: (Status[code: 1, msg: "[Operation not permitted] : map create failed!: /sys/fs/bpf/traffic_cookie_tag_map"])
01-01 05:31:57.944 195 195 I Netd : initializing traffic control: 0.4ms
01-01 05:31:57.973 195 195 W IptablesRestoreController: iptables-restore process 247 terminated status=256
01-01 05:31:57.974 195 195 E IptablesRestoreController: iptables error:
01-01 05:31:57.974 195 195 E IptablesRestoreController: ------- COMMAND -------
01-01 05:31:57.974 195 195 E IptablesRestoreController: *filter
01-01 05:31:57.974 195 195 E IptablesRestoreController: -A bw_INPUT -p esp -j RETURN
01-01 05:31:57.974 195 195 E IptablesRestoreController: -A bw_INPUT -m mark --mark 0x100000/0x100000 -j RETURN
01-01 05:31:57.974 195 195 E IptablesRestoreController: -A bw_INPUT -m owner --socket-exists
01-01 05:31:57.974 195 195 E IptablesRestoreController: -A bw_INPUT -j MARK --or-mark 0x100000
01-01 05:31:57.974 195 195 E IptablesRestoreController: -A bw_OUTPUT -o ipsec+ -j RETURN
01-01 05:31:57.974 195 195 E IptablesRestoreController: -A bw_OUTPUT -m policy --pol ipsec --dir out -j RETURN
01-01 05:31:57.974 195 195 E IptablesRestoreController: -A bw_OUTPUT -m owner --socket-exists
01-01 05:31:57.974 195 195 E IptablesRestoreController: -A bw_costly_shared --jump bw_penalty_box
01-01 05:31:57.974 195 195 E IptablesRestoreController: -A bw_penalty_box --jump bw_happy_box
01-01 05:31:57.974 195 195 E IptablesRestoreController: -A bw_happy_box --jump bw_data_saver
01-01 05:31:57.974 195 195 E IptablesRestoreController: -A bw_data_saver -j RETURN
01-01 05:31:57.974 195 195 E IptablesRestoreController: -I bw_happy_box -m owner --uid-owner 0-9999 --jump RETURN
01-01 05:31:57.974 195 195 E IptablesRestoreController: COMMIT
01-01 05:31:57.974 195 195 E IptablesRestoreController: *raw
01-01 05:31:57.974 195 195 E IptablesRestoreController: -A bw_raw_PREROUTING -i ipsec+ -j RETURN
01-01 05:31:57.974 195 195 E IptablesRestoreController: -A bw_raw_PREROUTING -m policy --pol ipsec --dir in -j RETURN
01-01 05:31:57.974 195 195 E IptablesRestoreController: -A bw_raw_PREROUTING -m owner --socket-exists
01-01 05:31:57.974 195 195 E IptablesRestoreController:
01-01 05:31:57.974 195 195 E IptablesRestoreController: COMMIT
01-01 05:31:57.974 195 195 E IptablesRestoreController: *mangle
01-01 05:31:57.974 195 195 E IptablesRestoreController: -A bw_mangle_POSTROUTING -o ipsec+ -j RETURN
01-01 05:31:57.974 195 195 E IptablesRestoreController: -A bw_mangle_POSTROUTING -m policy --pol ipsec --dir out -j RETURN
01-01 05:31:57.974 195 195 E IptablesRestoreController: -A bw_mangle_POSTROUTING -m owner --socket-exists
01-01 05:31:57.974 195 195 E IptablesRestoreController: -A bw_mangle_POSTROUTING -j MARK --set-mark 0x0/0x100000
01-01 05:31:57.974 195 195 E IptablesRestoreController:
01-01 05:31:57.974 195 195 E IptablesRestoreController: COMMIT
01-01 05:31:57.974 195 195 E IptablesRestoreController:
01-01 05:31:57.974 195 195 E IptablesRestoreController: ------- ERROR -------
01-01 05:31:57.974 195 195 E IptablesRestoreController: iptables-restore: line 161 failed
01-01 05:31:57.974 195 195 E IptablesRestoreController: ----------------------
01-01 05:31:57.992 226 226 E cutils-trace: Error opening trace file: Permission denied (13)
01-01 05:31:57.994 195 195 W IptablesRestoreController: iptables-restore process 248 terminated status=256
01-01 05:31:57.994 195 195 E IptablesRestoreController: iptables error:
01-01 05:31:57.994 195 195 E IptablesRestoreController: ------- COMMAND -------
01-01 05:31:57.994 195 195 E IptablesRestoreController: *filter
01-01 05:31:57.994 195 195 E IptablesRestoreController: -A bw_INPUT -p esp -j RETURN
01-01 05:31:57.994 195 195 E IptablesRestoreController: -A bw_INPUT -m mark --mark 0x100000/0x100000 -j RETURN
01-01 05:31:57.994 195 195 E IptablesRestoreController: -A bw_INPUT -m owner --socket-exists
01-01 05:31:57.994 195 195 E IptablesRestoreController: -A bw_INPUT -j MARK --or-mark 0x100000
01-01 05:31:57.994 195 195 E IptablesRestoreController: -A bw_OUTPUT -o ipsec+ -j RETURN
01-01 05:31:57.994 195 195 E IptablesRestoreController: -A bw_OUTPUT -m policy --pol ipsec --dir out -j RETURN
01-01 05:31:57.994 195 195 E IptablesRestoreController: -A bw_OUTPUT -m owner --socket-exists
01-01 05:31:57.994 195 195 E IptablesRestoreController: -A bw_costly_shared --jump bw_penalty_box
01-01 05:31:57.994 195 195 E IptablesRestoreController: -A bw_penalty_box --jump bw_happy_box
01-01 05:31:57.994 195 195 E IptablesRestoreController: -A bw_happy_box --jump bw_data_saver
01-01 05:31:57.994 195 195 E IptablesRestoreController: -A bw_data_saver -j RETURN
01-01 05:31:57.994 195 195 E IptablesRestoreController: -I bw_happy_box -m owner --uid-owner 0-9999 --jump RETURN
01-01 05:31:57.994 195 195 E IptablesRestoreController: COMMIT
01-01 05:31:57.994 195 195 E IptablesRestoreController: *raw
01-01 05:31:57.994 195 195 E IptablesRestoreController: -A bw_raw_PREROUTING -i ipsec+ -j RETURN
01-01 05:31:57.994 195 195 E IptablesRestoreController: -A bw_raw_PREROUTING -m policy --pol ipsec --dir in -j RETURN
01-01 05:31:57.994 195 195 E IptablesRestoreController: -A bw_raw_PREROUTING -m owner --socket-exists
01-01 05:31:57.994 195 195 E IptablesRestoreController:
01-01 05:31:57.994 195 195 E IptablesRestoreController: COMMIT
01-01 05:31:57.994 195 195 E IptablesRestoreController: *mangle
01-01 05:31:57.994 195 195 E IptablesRestoreController: -A bw_mangle_POSTROUTING -o ipsec+ -j RETURN
01-01 05:31:57.994 195 195 E IptablesRestoreController: -A bw_mangle_POSTROUTING -m policy --pol ipsec --dir out -j RETURN
01-01 05:31:57.994 195 195 E IptablesRestoreController: -A bw_mangle_POSTROUTING -m owner --socket-exists
01-01 05:31:57.994 195 195 E IptablesRestoreController: -A bw_mangle_POSTROUTING -j MARK --set-mark 0x0/0x100000
01-01 05:31:57.994 195 195 E IptablesRestoreController:
01-01 05:31:57.994 195 195 E IptablesRestoreController: COMMIT
01-01 05:31:57.994 195 195 E IptablesRestoreController:
01-01 05:31:57.994 195 195 E IptablesRestoreController: ------- ERROR -------
01-01 05:31:57.994 195 195 E IptablesRestoreController: ip6tables-restore: line 134 failed
01-01 05:31:57.994 195 195 E IptablesRestoreController: ----------------------
01-01 05:31:57.994 195 195 I Netd : Disabling bandwidth control: 50.5ms
01-01 05:31:58.004 171 171 W hwservicemanager: getTransport: Cannot find entry android.hardware.keymaster@4.0::IKeymasterDevice/default in either framework or device manifest.
01-01 05:31:58.007 195 195 E Netd : cannot find interface dummy0
01-01 05:31:58.008 226 226 I keystore: found android.hardware.keymaster@3.0::IKeymasterDevice with interface name default and seclevel SOFTWARE
01-01 05:31:58.008 226 226 W keystore: No secure Keymaster implementation found, but device offers insecure Keymaster HAL. Using as default.
01-01 05:31:58.017 256 256 I lineage : |___/
01-01 05:31:58.093 203 203 D audiohalservice: Init hw binder with mem size = 1024
01-01 05:31:58.118 203 203 E cutils-trace: Error opening trace file: Permission denied (13)
01-01 05:31:58.121 203 203 D vndksupport: Loading /vendor/lib/hw/android.hardware.audio@4.0-impl.so from current namespace instead of sphal namespace.
01-01 05:31:58.188 266 266 I lineage : Welcome to Android 9 / LineageOS-16.0-20200409-UNOFFICIAL-i9305
01-01 05:31:58.194 203 203 I ServiceManagement: Removing namespace from process name android.hardware.audio@2.0-service to audio@2.0-service.
01-01 05:31:58.206 203 203 I audiohalservice: Registration complete for android.hardware.audio@4.0::IDevicesFactory/default.
01-01 05:31:58.210 203 203 D vndksupport: Loading /vendor/lib/hw/android.hardware.audio.effect@4.0-impl.so from current namespace instead of sphal namespace.
01-01 05:31:58.239 268 268 I sysinit : Running /system/etc/init.d/90userinit
01-01 05:31:58.249 234 234 I media.codec: mediacodecservice starting
01-01 05:31:58.269 234 234 W media.codec: Could not read additional policy file '/vendor/etc/seccomp_policy/mediacodec.policy'
01-01 05:31:58.269 234 234 W media.codec: libminijail[234]: failed to get path of fd 4: No such file or directory
01-01 05:31:58.269 234 234 W media.codec: libminijail[234]: allowing syscall: clock_gettime
01-01 05:31:58.270 234 234 W media.codec: libminijail[234]: allowing syscall: connect
01-01 05:31:58.270 234 234 W media.codec: libminijail[234]: allowing syscall: fcntl64
01-01 05:31:58.270 234 234 W media.codec: libminijail[234]: allowing syscall: socket
01-01 05:31:58.270 234 234 W media.codec: libminijail[234]: allowing syscall: writev
01-01 05:31:58.301 231 231 W statsd : statscompanion service unavailable!
01-01 05:31:58.302 231 231 I statsd : using statsd socket
01-01 05:31:58.303 203 203 I audiohalservice: Registration complete for android.hardware.audio.effect@4.0::IEffectsFactory/default.
01-01 05:31:58.307 171 171 W hwservicemanager: getTransport: Cannot find entry android.hardware.soundtrigger@2.1::ISoundTriggerHw/default in either framework or device manifest.
01-01 05:31:58.307 203 203 D vndksupport: Loading /vendor/lib/hw/android.hardware.soundtrigger@2.1-impl.so from current namespace instead of sphal namespace.
01-01 05:31:58.374 234 234 W media.codec: libminijail[234]: logging seccomp filter failures
01-01 05:31:58.388 234 234 E MediaCodecsXmlParser: Cannot find media_codecs.xml
01-01 05:31:58.388 234 234 W MediaCodecsXmlParser: unable to open media codecs configuration xml file: /data/misc/media/media_codecs_profiling_results.xml
01-01 05:31:58.388 234 234 W MediaCodecsXmlParser: parseTopLevelXMLFile(/data/misc/media/media_codecs_profiling_results.xml) failed
01-01 05:31:58.389 234 234 I ServiceManagement: Removing namespace from process name android.hardware.media.omx@1.0-service to omx@1.0-service.
01-01 05:31:58.390 234 234 E cutils-trace: Error opening trace file: Permission denied (13)
01-01 05:31:58.404 215 215 E cutils-trace: Error opening trace file: Permission denied (13)
01-01 05:31:58.420 234 234 D vndksupport: Loading libstagefrighthw.so from current namespace instead of sphal namespace.
01-01 05:31:58.421 234 234 E MediaCodecsXmlParser: Cannot find media_codecs.xml
01-01 05:31:58.421 234 234 W MediaCodecsXmlParser: unable to open media codecs configuration xml file: /data/misc/media/media_codecs_profiling_results.xml
01-01 05:31:58.421 234 234 W MediaCodecsXmlParser: parseTopLevelXMLFile(/data/misc/media/media_codecs_profiling_results.xml) failed
01-01 05:31:58.421 234 234 I ServiceManagement: Removing namespace from process name android.hardware.media.omx@1.0-service to omx@1.0-service.
01-01 05:31:58.428 234 234 I media.codec: IOmx HAL service created.
01-01 05:31:58.430 203 203 E SoundTriggerHalImpl: couldn't load sound trigger module sound_trigger.primary (No such file or directory)
01-01 05:31:58.433 195 195 I Netd : Initializing RouteController: 438.6ms
01-01 05:31:58.433 195 195 D XfrmController: Sending Netlink XFRM Message: XFRM_MSG_FLUSHSA
01-01 05:31:58.434 195 195 D XfrmController: [0016]: 140000001c0005000000000000000000
01-01 05:31:58.434 195 195 D XfrmController: [0001]: ff
01-01 05:31:58.434 195 195 D XfrmController: [0003]: 000000
01-01 05:31:58.435 195 195 D XfrmController: {netlink msg resp}[0036]: 240000000200000100000000c300000000000000140000001c0005000000000000000000
01-01 05:31:58.435 195 195 D XfrmController: Sending Netlink XFRM Message: XFRM_MSG_FLUSHPOLICY
01-01 05:31:58.435 195 195 D XfrmController: [0016]: 100000001d0005000000000000000000
01-01 05:31:58.435 195 195 D XfrmController: {netlink msg resp}[0036]: 240000000200000100000000c300000000000000100000001d0005000000000000000000
01-01 05:31:58.435 195 195 I Netd : Initializing XfrmController: 1.7ms
01-01 05:31:58.442 195 195 E Netd : Unable to create netlink socket: Protocol not supported
01-01 05:31:58.442 195 195 W Netd : Unable to open qlog quota socket, check if xt_quota2 can send via UeventHandler
01-01 05:31:58.443 195 195 D MDnsDS : MDnsSdListener::Hander starting up
01-01 05:31:58.443 195 285 D MDnsDS : MDnsSdListener starting to monitor
01-01 05:31:58.443 195 285 D MDnsDS : Going to poll with pollCount 1
01-01 05:31:58.449 203 203 I audiohalservice: Registration complete for android.hardware.soundtrigger@2.1::ISoundTriggerHw/default.
01-01 05:31:58.452 171 171 W hwservicemanager: getTransport: Cannot find entry android.hardware.bluetooth.a2dp@1.0::IBluetoothAudioOffload/default in either framework or device manifest.
01-01 05:31:58.453 203 203 D vndksupport: Loading /vendor/lib/hw/android.hardware.bluetooth.a2dp@1.0-impl.so from current namespace instead of sphal namespace.
01-01 05:31:58.459 203 203 I audiohalservice: Registration complete for android.hardware.bluetooth.a2dp@1.0::IBluetoothAudioOffload/default.
01-01 05:31:58.468 215 215 I ConfigStore: android::hardware::configstore::V1_0::ISurfaceFlingerConfigs::startGraphicsAllocatorService retrieved: 0
01-01 05:31:58.470 195 195 I Netd : Registering NetdNativeService: 26.8ms
01-01 05:31:58.471 195 195 I Netd : Starting CommandListener: 0.2ms
01-01 05:31:58.474 229 229 I mediametrics: ServiceManager: 0xaa31c100
01-01 05:31:58.474 229 229 D MediaAnalyticsService: MediaAnalyticsService created
01-01 05:31:58.476 215 215 I SurfaceFlinger: Using HWComposer service: 'default'
01-01 05:31:58.476 215 215 I SurfaceFlinger: SurfaceFlinger is starting
01-01 05:31:58.483 221 221 I cameraserver: ServiceManager: 0xad09c100
01-01 05:31:58.483 221 221 I CameraService: CameraService started (pid=221)
01-01 05:31:58.483 221 221 I CameraService: CameraService process starting
01-01 05:31:58.487 221 221 W BatteryNotifier: batterystats service unavailable!
01-01 05:31:58.490 215 215 I surfaceflinger: type=1400 audit(0.0:67): avc: denied { read } for name="libglapi.so" dev="mmcblk2p13" ino=2521 scontext=u:r:surfaceflinger:s0 tcontext=u:object_r:vendor_file:s0 tclass=file permissive=1
01-01 05:31:58.490 215 215 I surfaceflinger: type=1400 audit(0.0:68): avc: denied { open } for path="/system/vendor/lib/libglapi.so" dev="mmcblk2p13" ino=2521 scontext=u:r:surfaceflinger:s0 tcontext=u:object_r:vendor_file:s0 tclass=file permissive=1
01-01 05:31:58.490 215 215 I surfaceflinger: type=1400 audit(0.0:69): avc: denied { getattr } for path="/system/vendor/lib/libglapi.so" dev="mmcblk2p13" ino=2521 scontext=u:r:surfaceflinger:s0 tcontext=u:object_r:vendor_file:s0 tclass=file permissive=1
01-01 05:31:58.490 215 215 I surfaceflinger: type=1400 audit(0.0:70): avc: denied { map } for path="/system/vendor/lib/libglapi.so" dev="mmcblk2p13" ino=2521 scontext=u:r:surfaceflinger:s0 tcontext=u:object_r:vendor_file:s0 tclass=file permissive=1
01-01 05:31:58.490 215 215 I surfaceflinger: type=1400 audit(0.0:71): avc: denied { execute } for path="/system/vendor/lib/libglapi.so" dev="mmcblk2p13" ino=2521 scontext=u:r:surfaceflinger:s0 tcontext=u:object_r:vendor_file:s0 tclass=file permissive=1
01-01 05:31:58.490 215 215 I ConfigStore: android::hardware::configstore::V1_0::ISurfaceFlingerConfigs::vsyncEventPhaseOffsetNs retrieved: 1000000 (default)
01-01 05:31:58.490 215 215 I ConfigStore: android::hardware::configstore::V1_0::ISurfaceFlingerConfigs::vsyncSfEventPhaseOffsetNs retrieved: 1000000 (default)
01-01 05:31:58.491 215 215 I ConfigStore: android::hardware::configstore::V1_0::ISurfaceFlingerConfigs::hasSyncFramework retrieved: 1
01-01 05:31:58.491 215 215 I ConfigStore: android::hardware::configstore::V1_0::ISurfaceFlingerConfigs::presentTimeOffsetFromVSyncNs retrieved: 0
01-01 05:31:58.491 215 215 I ConfigStore: android::hardware::configstore::V1_0::ISurfaceFlingerConfigs::useHwcForRGBtoYUV retrieved: 0
01-01 05:31:58.491 215 215 I ConfigStore: android::hardware::configstore::V1_0::ISurfaceFlingerConfigs::maxVirtualDisplaySize retrieved: 0 (default)
01-01 05:31:58.491 215 215 I ConfigStore: android::hardware::configstore::V1_0::ISurfaceFlingerConfigs::useVrFlinger retrieved: 0 (default)
01-01 05:31:58.492 215 215 I ConfigStore: android::hardware::configstore::V1_0::ISurfaceFlingerConfigs::maxFrameBufferAcquiredBuffers retrieved: 2 (default)
01-01 05:31:58.492 215 215 I ConfigStore: android::hardware::configstore::V1_0::ISurfaceFlingerConfigs::hasWideColorDisplay retrieved: 0
01-01 05:31:58.492 221 221 W BatteryNotifier: batterystats service unavailable!
01-01 05:31:58.493 171 171 W hwservicemanager: getTransport: Cannot find entry android.hardware.configstore@1.1::ISurfaceFlingerConfigs/default in either framework or device manifest.
01-01 05:31:58.493 215 215 I ConfigStore: android::hardware::configstore::V1_1::ISurfaceFlingerConfigs::primaryDisplayOrientation retrieved: ORIENTATION_0 (default)
01-01 05:31:58.493 221 221 E cutils-trace: Error opening trace file: Permission denied (13)
01-01 05:31:58.494 215 215 I SurfaceFlinger: Enabling HWC virtual displays
01-01 05:31:58.494 215 215 I SurfaceFlinger: Disabling Triple Buffering
01-01 05:31:58.494 215 215 I SurfaceFlinger: Treble testing override: 'false'
01-01 05:31:58.494 215 215 I SurfaceFlinger: SurfaceFlinger's main thread ready to run. Initializing graphics H/W...
01-01 05:31:58.494 215 215 I SurfaceFlinger: Phase offest NS: 1000000
01-01 05:31:58.496 171 171 W hwservicemanager: getTransport: Cannot find entry android.hardware.camera.provider@2.4::ICameraProvider/legacy/0 in either framework or device manifest.
01-01 05:31:58.496 171 171 W hwservicemanager: getTransport: Cannot find entry android.hardware.camera.provider@2.4::ICameraProvider/external/0 in either framework or device manifest.
01-01 05:31:58.497 215 215 D vndksupport: Loading /vendor/lib/egl/libGLES_mesa.so from current namespace instead of sphal namespace.
01-01 05:31:58.501 221 221 I : Waiting for activity service
01-01 05:31:58.505 215 215 D libEGL : loaded /vendor/lib/egl/libGLES_mesa.so
01-01 05:31:58.548 195 195 I Netd : Registering NetdHwService: 76.9ms
01-01 05:31:58.548 195 195 I Netd : Netd started in 814ms
01-01 05:31:58.608 228 228 V MediaUtils: physMem: 2106867712
01-01 05:31:58.611 228 228 V MediaUtils: requested limit: 421373540
01-01 05:31:58.611 228 228 V MediaUtils: actual limit: 421373540
01-01 05:31:58.611 228 228 V MediaUtils: original limits: 4294967295/4294967295
01-01 05:31:58.611 228 228 V MediaUtils: new limits: 421373540/4294967295
01-01 05:31:58.611 228 228 D vndksupport: Loading libutils.so from current namespace instead of sphal namespace.
01-01 05:31:58.613 228 228 W /system/bin/mediaextractor: Could not read additional policy file '/vendor/etc/seccomp_policy/mediaextractor.policy'
01-01 05:31:58.614 228 228 W /system/bin/mediaextractor: libminijail[228]: failed to get path of fd 4: No such file or directory
01-01 05:31:58.614 228 228 W /system/bin/mediaextractor: libminijail[228]: allowing syscall: clock_gettime
01-01 05:31:58.614 228 228 W /system/bin/mediaextractor: libminijail[228]: allowing syscall: connect
01-01 05:31:58.614 228 228 W /system/bin/mediaextractor: libminijail[228]: allowing syscall: fcntl64
01-01 05:31:58.614 228 228 W /system/bin/mediaextractor: libminijail[228]: allowing syscall: socket
01-01 05:31:58.614 228 228 W /system/bin/mediaextractor: libminijail[228]: allowing syscall: writev
01-01 05:31:58.615 228 228 W /system/bin/mediaextractor: libminijail[228]: logging seccomp filter failures
01-01 05:31:58.629 208 208 I ServiceManagement: Removing namespace from process name android.hardware.graphics.allocator@2.0-service to allocator@2.0-service.
01-01 05:31:58.630 208 208 I android.hardware.graphics.allocator@2.0-service: Registration complete for android.hardware.graphics.allocator@2.0::IAllocator/default.
01-01 05:31:58.666 215 215 D vndksupport: Loading /vendor/lib/hw/gralloc.gbm.so from current namespace instead of sphal namespace.
01-01 05:31:58.671 215 215 W EGL-MAIN: MESA-LOADER: failed to open exynos (search paths /vendor/lib/dri)
01-01 05:31:58.671 215 215 W EGL-MAIN: Failed to open any DRM device
01-01 05:31:58.731 215 215 I ConfigStore: android::hardware::configstore::V1_0::ISurfaceFlingerConfigs::hasWideColorDisplay retrieved: 0
01-01 05:31:58.732 215 215 I ConfigStore: android::hardware::configstore::V1_0::ISurfaceFlingerConfigs::hasHDRDisplay retrieved: 0
01-01 05:31:58.757 230 230 I mediaserver: ServiceManager: 0xa4b1c1c0
01-01 05:31:58.759 230 230 W BatteryNotifier: batterystats service unavailable!
01-01 05:31:58.790 215 215 I SurfaceFlinger: EGL information:
01-01 05:31:58.790 215 215 I SurfaceFlinger: vendor : Android
01-01 05:31:58.790 215 215 I SurfaceFlinger: version : 1.4 Android META-EGL
01-01 05:31:58.790 215 215 I SurfaceFlinger: extensions: EGL_KHR_get_all_proc_addresses EGL_ANDROID_presentation_time EGL_KHR_swap_buffers_with_damage EGL_ANDROID_get_native_client_buffer EGL_ANDROID_front_buffer_auto_refresh EGL_ANDROID_get_frame_timestamps EGL_EXT_surface_SMPTE2086_metadata EGL_EXT_surface_CTA861_3_metadata EGL_KHR_image EGL_KHR_image_base EGL_KHR_gl_colorspace EGL_KHR_gl_texture_2D_image EGL_KHR_gl_texture_3D_image EGL_KHR_gl_texture_cubemap_image EGL_KHR_gl_renderbuffer_image EGL_KHR_reusable_sync EGL_KHR_fence_sync EGL_KHR_create_context EGL_KHR_config_attribs EGL_KHR_surfaceless_context EGL_ANDROID_image_native_buffer EGL_KHR_wait_sync EGL_ANDROID_recordable EGL_KHR_partial_update EGL_EXT_pixel_format_float EGL_EXT_buffer_age EGL_KHR_create_context_no_error EGL_KHR_no_config_context
01-01 05:31:58.790 215 215 I SurfaceFlinger: Client API: OpenGL_ES
01-01 05:31:58.790 215 215 I SurfaceFlinger: EGLSurface: 8-8-8-8, config=0xae7eac00
01-01 05:31:58.798 215 215 I SurfaceFlinger: OpenGL ES informations:
01-01 05:31:58.798 215 215 I SurfaceFlinger: vendor : VMware, Inc.
01-01 05:31:58.798 215 215 I SurfaceFlinger: renderer : llvmpipe (LLVM 3.9, 128 bits)
01-01 05:31:58.798 215 215 I SurfaceFlinger: version : OpenGL ES 3.0 Mesa 19.2.0-devel (git-f6e5382a00)
01-01 05:31:58.798 215 215 I SurfaceFlinger: extensions: GL_EXT_debug_marker GL_EXT_blend_minmax GL_EXT_multi_draw_arrays GL_EXT_texture_compression_s3tc GL_EXT_texture_compression_dxt1 GL_EXT_texture_compression_rgtc GL_EXT_texture_format_BGRA8888 GL_OES_compressed_ETC1_RGB8_texture GL_OES_depth24 GL_OES_element_index_uint GL_OES_fbo_render_mipmap GL_OES_mapbuffer GL_OES_rgb8_rgba8 GL_OES_standard_derivatives GL_OES_stencil8 GL_OES_texture_3D GL_OES_texture_float GL_OES_texture_float_linear GL_OES_texture_half_float GL_OES_texture_half_float_linear GL_OES_texture_npot GL_OES_vertex_half_float GL_EXT_texture_sRGB_decode GL_OES_EGL_image GL_OES_depth_texture GL_OES_packed_depth_stencil GL_EXT_texture_type_2_10_10_10_REV GL_NV_conditional_render GL_OES_get_program_binary GL_APPLE_texture_max_level GL_EXT_discard_framebuffer GL_EXT_read_format_bgra GL_EXT_frag_depth GL_NV_fbo_color_attachments GL_OES_EGL_image_external GL_OES_EGL_sync GL_OES_vertex_array_object GL_ANGLE_texture_compression_dxt3 GL_ANGLE_texture_compression_dxt5 GL_EXT_occlusion_query_bool
01-01 05:31:58.798 215 215 I SurfaceFlinger: GL_MAX_TEXTURE_SIZE = 8192
01-01 05:31:58.798 215 215 I SurfaceFlinger: GL_MAX_VIEWPORT_DIMS = 8192
01-01 05:31:58.802 209 209 D vndksupport: Loading /vendor/lib/hw/android.hardware.graphics.mapper@2.0-impl.so from current namespace instead of sphal namespace.
01-01 05:31:58.805 209 209 D vndksupport: Loading /vendor/lib/hw/gralloc.gbm.so from current namespace instead of sphal namespace.
01-01 05:31:58.808 215 215 E HWComposer: getSupportedPerFrameMetadata: getSupportedPerFrameMetadata failed for display 0: Unsupported (8)
01-01 05:31:58.809 215 215 I HWC2 : Hotplug connecting an already connected display. Clearing old display state.
01-01 05:31:58.811 215 215 D vndksupport: Loading /vendor/lib/hw/android.hardware.graphics.mapper@2.0-impl.so from current namespace instead of sphal namespace.
01-01 05:31:58.812 215 215 D vndksupport: Loading /vendor/lib/hw/gralloc.gbm.so from current namespace instead of sphal namespace.
01-01 05:31:58.917 213 213 I FastMixerState: sMaxFastTracks = 8
01-01 05:31:58.920 213 213 V MediaUtils: physMem: 2106867712
01-01 05:31:58.920 213 213 V MediaUtils: requested limit: 421373540
01-01 05:31:58.920 213 213 V MediaUtils: actual limit: 421373540
01-01 05:31:58.920 213 213 V MediaUtils: original limits: 4294967295/4294967295
01-01 05:31:58.920 213 213 V MediaUtils: new limits: 421373540/4294967295
01-01 05:31:58.926 213 213 I audioserver: ServiceManager: 0xa9d1c100
01-01 05:31:58.926 213 213 W BatteryNotifier: batterystats service unavailable!
01-01 05:31:58.926 213 213 E cutils-trace: Error opening trace file: Permission denied (13)
01-01 05:31:58.931 171 171 W hwservicemanager: getTransport: Cannot find entry android.hardware.audio@4.0::IDevicesFactory/msd in either framework or device manifest.
01-01 05:31:58.934 213 213 I AudioFlinger: Using default 3000 mSec as standby time.
01-01 05:31:58.937 213 213 I APM::ConfigParsingUtils: loadAudioPolicyConfig() loaded /vendor/etc/audio_policy.conf
01-01 05:31:58.938 203 324 D vndksupport: Loading /vendor/lib/hw/audio.primary.i9305.so from current namespace instead of sphal namespace.
01-01 05:31:58.947 203 324 D audio_hw_generic: Emulator host-side ALSA audio emulation detected.
01-01 05:31:58.947 203 324 D audio_hw_generic: mixer 0 name Master Volume
01-01 05:31:58.947 203 324 D audio_hw_generic: mixer 1 name Master Capture Switch
01-01 05:31:58.947 203 324 D audio_hw_generic: mixer 2 name Synth Volume
01-01 05:31:58.948 203 324 D audio_hw_generic: mixer 3 name Synth Capture Switch
01-01 05:31:58.948 203 324 D audio_hw_generic: mixer 4 name Line Volume
01-01 05:31:58.948 203 324 D audio_hw_generic: mixer 5 name Line Capture Switch
01-01 05:31:58.948 203 324 D audio_hw_generic: mixer 6 name Mic Volume
01-01 05:31:58.948 203 324 D audio_hw_generic: mixer 7 name Mic Capture Switch
01-01 05:31:58.948 203 324 D audio_hw_generic: mixer 8 name CD Volume
01-01 05:31:58.948 203 324 D audio_hw_generic: mixer 9 name CD Capture Switch
01-01 05:31:58.948 203 324 D audio_hw_generic: mixer 10 name External I/O Box
01-01 05:31:58.949 203 324 W DeviceHAL: Error from HAL Device in function get_master_volume: Function not implemented
01-01 05:31:58.949 203 324 W DeviceHAL: Error from HAL Device in function get_master_mute: Function not implemented
01-01 05:31:58.949 203 324 W DeviceHAL: Error from HAL Device in function set_master_volume: Function not implemented
01-01 05:31:58.949 203 324 W DeviceHAL: Error from HAL Device in function set_master_mute: Function not implemented
01-01 05:31:58.949 213 213 I AudioFlinger: loadHwModule() Loaded primary audio interface, handle 10
01-01 05:31:58.949 213 213 I AudioFlinger: openOutput() this 0xa9d3e000, module 10 Device 0x2, SamplingRate 48000, Format 0x000001, Channels 0x3, flags 0x2
01-01 05:31:58.951 213 213 I AudioFlinger: HAL output buffer size 720 frames, normal sink buffer size 1152 frames
01-01 05:31:58.964 196 196 D AndroidRuntime: >>>>>> START com.android.internal.os.ZygoteInit uid 0 <<<<<<
01-01 05:31:58.979 213 213 I BufferProvider: found effect "Multichannel Downmix To Stereo" from The Android Open Source Project
01-01 05:31:58.980 213 213 I AudioFlinger: Using module 10 as the primary audio interface
01-01 05:31:58.980 213 335 I AudioFlinger: AudioFlinger's thread 0xa9303f40 tid=335 ready to run
01-01 05:31:58.980 213 335 W AudioFlinger: no wake lock to update, system not ready yet
01-01 05:31:58.981 213 335 W AudioFlinger: no wake lock to update, system not ready yet
01-01 05:31:58.982 213 213 W AudioFlinger: moveEffects() bad srcOutput 0
01-01 05:31:58.985 213 337 I AudioFlinger: AudioFlinger's thread 0xa9018840 tid=337 ready to run
01-01 05:31:58.987 203 203 E DevicesFactoryHAL: loadAudioInterface couldn't load audio hw module audio.r_submix (No such file or directory)
01-01 05:31:58.987 213 213 E AudioFlinger: loadHwModule() error -22 loading module r_submix
01-01 05:31:58.987 213 213 W APM_AudioPolicyManager: could not open HW module r_submix
01-01 05:31:58.987 213 213 W APM_AudioPolicyManager: Input device 80000100 unreachable
01-01 05:31:58.988 213 213 I : Waiting for activity service
01-01 05:31:59.000 215 215 D SurfaceFlinger: shader cache generated - 24 shaders in 156.172623 ms
01-01 05:31:59.003 215 215 D SurfaceFlinger: Set power mode=2, type=0 flinger=0xaf0d5000
01-01 05:31:59.019 215 215 D SurfaceFlinger: Finished set power mode=2, type=0
01-01 05:31:59.022 196 196 I zygote : option[0]=-Xzygote
01-01 05:31:59.022 196 196 I zygote : option[1]=-Xcheck:jni
01-01 05:31:59.022 196 196 I zygote : option[2]=-Xusetombstonedtraces
01-01 05:31:59.022 196 196 I zygote : option[3]=exit
01-01 05:31:59.022 196 196 I zygote : option[4]=vfprintf
01-01 05:31:59.022 196 196 I zygote : option[5]=sensitiveThread
01-01 05:31:59.022 196 196 I zygote : option[6]=-verbose:gc
01-01 05:31:59.022 196 196 I zygote : option[7]=-Xms4m
01-01 05:31:59.022 196 196 I zygote : option[8]=-Xmx16m
01-01 05:31:59.022 196 196 I zygote : option[9]=-Xusejit:true
01-01 05:31:59.022 196 196 I zygote : option[10]=-Xjitsaveprofilinginfo
01-01 05:31:59.022 196 196 I zygote : option[11]=-XjdwpOptions:suspend=n,server=y
01-01 05:31:59.022 196 196 I zygote : option[12]=-XjdwpProvider:default
01-01 05:31:59.022 196 196 I zygote : option[13]=-Xlockprofthreshold:500
01-01 05:31:59.022 196 196 I zygote : option[14]=-Ximage-compiler-option
01-01 05:31:59.022 196 196 I zygote : option[15]=--runtime-arg
01-01 05:31:59.022 196 196 I zygote : option[16]=-Ximage-compiler-option
01-01 05:31:59.022 196 196 I zygote : option[17]=-Xms64m
01-01 05:31:59.022 196 196 I zygote : option[18]=-Ximage-compiler-option
01-01 05:31:59.023 196 196 I zygote : option[19]=--runtime-arg
01-01 05:31:59.023 196 196 I zygote : option[20]=-Ximage-compiler-option
01-01 05:31:59.023 196 196 I zygote : option[21]=-Xmx64m
01-01 05:31:59.023 196 196 I zygote : option[22]=-Ximage-compiler-option
01-01 05:31:59.023 196 196 I zygote : option[23]=--compiler-filter=verify-at-runtime
01-01 05:31:59.023 196 196 I zygote : option[24]=-Ximage-compiler-option
01-01 05:31:59.023 196 196 I zygote : option[25]=--profile-file=/system/etc/boot-image.prof
01-01 05:31:59.023 196 196 I zygote : option[26]=-Ximage-compiler-option
01-01 05:31:59.023 196 196 I zygote : option[27]=--compiler-filter=speed-profile
01-01 05:31:59.023 196 196 I zygote : option[28]=-Xcompiler-option
01-01 05:31:59.023 196 196 I zygote : option[29]=--runtime-arg
01-01 05:31:59.023 196 196 I zygote : option[30]=-Xcompiler-option
01-01 05:31:59.023 196 196 I zygote : option[31]=-Xms64m
01-01 05:31:59.023 196 196 I zygote : option[32]=-Xcompiler-option
01-01 05:31:59.023 196 196 I zygote : option[33]=--runtime-arg
01-01 05:31:59.023 196 196 I zygote : option[34]=-Xcompiler-option
01-01 05:31:59.023 196 196 I zygote : option[35]=-Xmx512m
01-01 05:31:59.023 196 196 I zygote : option[36]=-Ximage-compiler-option
01-01 05:31:59.023 196 196 I zygote : option[37]=--instruction-set-variant=cortex-a9
01-01 05:31:59.023 196 196 I zygote : option[38]=-Xcompiler-option
01-01 05:31:59.023 196 196 I zygote : option[39]=--instruction-set-variant=cortex-a9
01-01 05:31:59.023 196 196 I zygote : option[40]=-Ximage-compiler-option
01-01 05:31:59.023 196 196 I zygote : option[41]=--instruction-set-features=default
01-01 05:31:59.023 196 196 I zygote : option[42]=-Xcompiler-option
01-01 05:31:59.023 196 196 I zygote : option[43]=--instruction-set-features=default
01-01 05:31:59.023 196 196 I zygote : option[44]=-Duser.locale=en-US
01-01 05:31:59.023 196 196 I zygote : option[45]=--cpu-abilist=armeabi-v7a,armeabi
01-01 05:31:59.023 196 196 I zygote : option[46]=-Xfingerprint:Samsung/lineage_i9305/i9305:9/PQ3A.190801.002/replicant04091537:eng/test-keys
01-01 05:31:59.047 196 196 W zygote : Could not reserve sentinel fault page
01-01 05:31:59.082 196 196 I zygote : VerifyImage: /system/bin/patchoat --input-image-location=/system/framework/boot.art --output-image-directory=/data/dalvik-cache/arm --instruction-set=arm --verify
01-01 05:31:59.124 341 341 W patchoat: Could not reserve sentinel fault page
01-01 05:31:59.409 341 341 E patchoat: Unable to open relocated image file /data/dalvik-cache/arm/system@framework@boot.art
01-01 05:31:59.416 196 196 W zygote : Failed execv(/system/bin/patchoat --input-image-location=/system/framework/boot.art --output-image-directory=/data/dalvik-cache/arm --instruction-set=arm --verify) because non-0 exit status Preemptively pruning the dalvik cache.
01-01 05:31:59.416 196 196 I zygote : Pruning dalvik-cache since we are relocating an image and will need to recompile
01-01 05:31:59.417 196 196 I zygote : RelocateImage: /system/bin/patchoat --input-image-location=/system/framework/boot.art --output-image-directory=/data/dalvik-cache/arm --instruction-set=arm --base-offset-delta=-10522624
01-01 05:31:59.459 342 342 W patchoat: Could not reserve sentinel fault page
01-01 05:31:59.585 340 340 I BootAnimation: boot animation disabled
01-01 05:32:01.960 196 196 W zygote : CheckJNI: method to register "write" not in the given class. This is slow, consider changing your RegisterNatives calls.
01-01 05:32:01.966 196 196 I chatty : uid=0(root) main identical 44 lines
01-01 05:32:01.966 196 196 W zygote : CheckJNI: method to register "write" not in the given class. This is slow, consider changing your RegisterNatives calls.
01-01 05:32:01.966 196 196 W zygote : CheckJNI: method to register "write_non_chained" not in the given class. This is slow, consider changing your RegisterNatives calls.
01-01 05:32:01.971 196 196 I chatty : uid=0(root) main identical 7 lines
01-01 05:32:01.971 196 196 W zygote : CheckJNI: method to register "write_non_chained" not in the given class. This is slow, consider changing your RegisterNatives calls.
01-01 05:32:02.308 196 196 D Zygote : begin preload
01-01 05:32:02.308 196 196 I Zygote : Installing ICU cache reference pinning...
01-01 05:32:02.308 196 196 I Zygote : Preloading ICU data...
01-01 05:32:02.318 347 347 E cutils-trace: Error opening trace file: Permission denied (13)
01-01 05:32:02.320 347 347 D vndksupport: Loading /vendor/lib/hw/android.hardware.memtrack@1.0-impl.so from current namespace instead of sphal namespace.
01-01 05:32:02.321 347 347 E android.hardware.memtrack@1.0-impl: hw_get_module memtrack failed: -2
