01-01 01:15:02.477 2543 2543 I zygote : Thread[1,tid=2543,Native,Thread*=0xa8683000,peer=0x12c40200,"main"] recursive attempt to load library "/system/lib/libmedia_jni.so"
01-01 01:15:02.478 2543 2543 D MtpDeviceJNI: register_android_mtp_MtpDevice
01-01 01:15:02.479 2543 2543 I zygote : Thread[1,tid=2543,Native,Thread*=0xa8683000,peer=0x12c40200,"main"] recursive attempt to load library "/system/lib/libmedia_jni.so"
01-01 01:15:02.481 2543 2543 I zygote : Thread[1,tid=2543,Native,Thread*=0xa8683000,peer=0x12c40200,"main"] recursive attempt to load library "/system/lib/libmedia_jni.so"
01-01 01:15:02.483 2543 2543 W MediaProfiles: Could not find a validated xml file. Using the default instance instead.
01-01 01:15:04.867 2543 2543 I Zygote : ...preloaded 6535 classes in 6770ms.
01-01 01:15:04.867 2543 2543 I zygote : VMRuntime.preloadDexCaches starting
01-01 01:15:04.955 2543 2543 I zygote : VMRuntime.preloadDexCaches strings total=340791 before=6167 after=6167
01-01 01:15:04.955 2543 2543 I zygote : VMRuntime.preloadDexCaches types total=31444 before=3448 after=5745
01-01 01:15:04.955 2543 2543 I zygote : VMRuntime.preloadDexCaches fields total=141481 before=5982 after=6827
01-01 01:15:04.955 2543 2543 I zygote : VMRuntime.preloadDexCaches methods total=248846 before=3173 after=8729
01-01 01:15:04.955 2543 2543 I zygote : VMRuntime.preloadDexCaches finished01-01 01:15:05.070 2543 2543 I Zygote : Preloading resources...
01-01 01:15:05.145 2543 2543 W Resources: Preloaded drawable resource #0x1080265 (android:drawable/dialog_background_material) that varies with configuration!!
01-01 01:15:05.315 2543 2543 I Zygote : ...preloaded 64 resources in 244ms.
01-01 01:15:05.358 2543 2543 I Zygote : ...preloaded 41 resources in 43ms.
01-01 01:15:05.359 2543 2543 D vndksupport: Loading /vendor/lib/hw/android.hardware.graphics.mapper@2.0-impl.so from current namespace instead of sphal namespace.
01-01 01:15:05.362 2543 2543 D vndksupport: Loading /vendor/lib/egl/libGLES_mesa.so from current namespace instead of sphal namespace.
01-01 01:15:05.364 2543 2543 D libEGL : loaded /vendor/lib/egl/libGLES_mesa.so
01-01 01:15:05.350 2543 2543 I main : type=1400 audit(0.0:386): avc: denied { read } for name="libglapi.so" dev="mmcblk2p13" ino=2483 scontext=u:r:zygote:s0 tcontext=u:object_r:vendor_file:s0 tclass=file permissive=1
01-01 01:15:05.516 2543 2543 I Zygote : Preloading shared libraries...
01-01 01:15:05.350 2543 2543 I main : type=1400 audit(0.0:388): avc: denied { getattr } for path="/system/vendor/lib/libglapi.so" dev="mmcblk2p13" ino=2483 scontext=u:r:zygote:s0 tcontext=u:object_r:vendor_file:s0 tclass=file permissive=1
01-01 01:15:05.525 2543 2543 I Zygote : Uninstalled ICU cache reference pinning...01-01 01:15:05.547 2543 2543 I Zygote : Installed AndroidKeyStoreProvider in 22ms.
01-01 01:15:05.350 2543 2543 I main : type=1400 audit(0.0:389): avc: denied { map } for path="/system/vendor/lib/libglapi.so" dev="mmcblk2p13" ino=2483 scontext=u:r:zygote:s0 tcontext=u:object_r:vendor_file:s0 tclass=file permissive=1
01-01 01:15:05.821 2543 2543 I Zygote : Warmed up JCA providers in 275ms.
01-01 01:15:05.822 2543 2543 D Zygote : end preload
01-01 01:15:05.936 2543 2543 I zygote : Explicit concurrent copying GC freed 23457(1295KB) AllocSpace objects, 1(20KB) LOS objects, 53% free, 5MB/11MB, paused 73us total 113.991ms
01-01 01:15:06.050 2543 2543 I zygote : Explicit concurrent copying GC freed 1664(97KB) AllocSpace objects, 0(0B) LOS objects, 53% free, 5MB/11MB, paused 78us total 99.194ms
01-01 01:15:06.256 2543 2543 I Zygote : System server process 2593 has been created
01-01 01:15:06.258 2593 2593 I Zygote : seccomp disabled by setenforce 0
01-01 01:15:06.260 2543 2543 I Zygote : Accepting command socket connections
01-01 01:15:06.278 2593 2593 W system_server: Unable to get runtime image info: Unable to find a relocated version of image file /system/framework/boot.art
01-01 01:15:06.281 2593 2593 E Zygote : System zygote died with exception
01-01 01:15:06.281 2593 2593 E Zygote : java.lang.NullPointerException: Attempt to invoke interface method 'void android.os.IInstalld.dexopt(java.lang.String, int, java.lang.String, java.lang.String, int, java.lang.String, int, java.lang.String, java.lang.String, java.lang.String, java.lang.String, boolean, int, java.lang.String, java.lang.String, java.lang.String)' on a null object reference
01-01 01:15:06.281 2593 2593 E Zygote : at com.android.internal.os.ZygoteInit.performSystemServerDexOpt(ZygoteInit.java:610)
01-01 01:15:06.281 2593 2593 E Zygote : at com.android.internal.os.ZygoteInit.handleSystemServerProcess(ZygoteInit.java:463)
01-01 01:15:06.281 2593 2593 E Zygote : at com.android.internal.os.ZygoteInit.forkSystemServer(ZygoteInit.java:730)
01-01 01:15:06.281 2593 2593 E Zygote : at com.android.internal.os.ZygoteInit.main(ZygoteInit.java:833)
01-01 01:15:06.281 2593 2593 D AndroidRuntime: Shutting down VM01-01 01:15:06.510 2593 2593 W system_server: ConditionVariable::~ConditionVariable for Thread resumption condition variable called with 1 waiters.
01-01 01:15:06.546 2543 2543 I Zygote : Process 2593 exited cleanly (0)
01-01 01:15:06.546 2543 2543 E Zygote : Exit zygote because system server (2593) has terminated
01-01 01:15:06.630 174 174 I ServiceManager: service 'media.audio_flinger' died
01-01 01:15:06.683 174 174 I ServiceManager: service 'media.player' died
01-01 01:15:06.683 174 174 I ServiceManager: service 'media.resource_manager' died
01-01 01:15:06.707 174 174 I ServiceManager: service 'netd' died
01-01 01:15:06.849 174 174 I ServiceManager: service 'wificond' died
01-01 01:15:06.878 2608 2608 I Netd : Netd 1.0 starting
01-01 01:15:06.879 2608 2608 D TetherController: Setting IP forward enable = 0
01-01 01:15:06.920 2608 2608 I Netd : Creating child chains: 34.9ms
01-01 01:15:06.920 2608 2608 I Netd : Setting up OEM hooks: 0.1ms
01-01 01:15:06.920 2608 2608 I Netd : Setting up FirewallController hooks: 0.0ms
01-01 01:15:06.924 2608 2608 I Netd : Setting up TetherController hooks: 4.0ms
01-01 01:15:06.929 2608 2608 I Netd : Setting up BandwidthController hooks: 5.7ms
01-01 01:15:06.930 2608 2608 I Netd : Setting up IdletimerController hooks: 0.1ms
01-01 01:15:06.930 2608 2608 E Netd : failed to start trafficcontroller: (Status[code: 1, msg: "[Operation not permitted] : map create failed!: /sys/fs/bpf/traffic_cookie_tag_map"])
01-01 01:15:06.930 2608 2608 I Netd : initializing traffic control: 0.2ms01-01 01:15:06.944 2608 2608 W IptablesRestoreController: iptables-restore process 2611 terminated status=256
01-01 01:15:06.944 2608 2608 E IptablesRestoreController: iptables error:
01-01 01:15:06.944 2608 2608 E IptablesRestoreController: ------- COMMAND -------
01-01 01:15:06.944 2608 2608 E IptablesRestoreController: *filter
01-01 01:15:06.944 2608 2608 E IptablesRestoreController: -A bw_INPUT -p esp -j RETURN
01-01 01:15:06.944 2608 2608 E IptablesRestoreController: -A bw_INPUT -m mark --mark 0x100000/0x100000 -j RETURN
01-01 01:15:06.944 2608 2608 E IptablesRestoreController: -A bw_INPUT -m owner --socket-exists
01-01 01:15:06.944 2608 2608 E IptablesRestoreController: -A bw_INPUT -j MARK --or-mark 0x100000
01-01 01:15:06.944 2608 2608 E IptablesRestoreController: -A bw_OUTPUT -o ipsec+ -j RETURN
01-01 01:15:06.944 2608 2608 E IptablesRestoreController: -A bw_OUTPUT -m policy --pol ipsec --dir out -j RETURN
01-01 01:15:06.944 2608 2608 E IptablesRestoreController: -A bw_OUTPUT -m owner --socket-exists
01-01 01:15:06.944 2608 2608 E IptablesRestoreController: -A bw_costly_shared --jump bw_penalty_box
01-01 01:15:06.944 2608 2608 E IptablesRestoreController: -A bw_penalty_box --jump bw_happy_box
01-01 01:15:06.944 2608 2608 E IptablesRestoreController: -A bw_happy_box --jump bw_data_saver
01-01 01:15:06.944 2608 2608 E IptablesRestoreController: -A bw_data_saver -j RETURN
01-01 01:15:06.944 2608 2608 E IptablesRestoreController: -I bw_happy_box -m owner --uid-owner 0-9999 --jump RETURN
01-01 01:15:06.944 2608 2608 E IptablesRestoreController: COMMIT
01-01 01:15:06.944 2608 2608 E IptablesRestoreController: *raw
01-01 01:15:06.944 2608 2608 E IptablesRestoreController: -A bw_raw_PREROUTING -i ipsec+ -j RETURN
01-01 01:15:06.944 2608 2608 E IptablesRestoreController: -A bw_raw_PREROUTING -m policy --pol ipsec --dir in -j RETURN
01-01 01:15:06.944 2608 2608 E IptablesRestoreController: -A bw_raw_PREROUTING -m owner --socket-exists
01-01 01:15:06.944 2608 2608 E IptablesRestoreController:
01-01 01:15:06.944 2608 2608 E IptablesRestoreController: COMMIT
01-01 01:15:06.944 2608 2608 E IptablesRestoreController: *mangle
01-01 01:15:06.944 2608 2608 E IptablesRestoreController: -A bw_mangle_POSTROUTING -o ipsec+ -j RETURN
01-01 01:15:06.944 2608 2608 E IptablesRestoreController: -A bw_mangle_POSTROUTING -m policy --pol ipsec --dir out -j RETURN
01-01 01:15:06.944 2608 2608 E IptablesRestoreController: -A bw_mangle_POSTROUTING -m owner --socket-exists
01-01 01:15:06.944 2608 2608 E IptablesRestoreController: -A bw_mangle_POSTROUTING -j MARK --set-mark 0x0/0x100000
01-01 01:15:06.944 2608 2608 E IptablesRestoreController:
01-01 01:15:06.944 2608 2608 E IptablesRestoreController: COMMIT
01-01 01:15:06.944 2608 2608 E IptablesRestoreController:
01-01 01:15:06.944 2608 2608 E IptablesRestoreController: ------- ERROR -------
01-01 01:15:06.944 2608 2608 E IptablesRestoreController: iptables-restore: line 154 failed
01-01 01:15:06.944 2608 2608 E IptablesRestoreController: ----------------------
01-01 01:15:06.960 2608 2608 I netd : type=1400 audit(0.0:391): avc: denied { module_request } for kmod="netdev-dummy0" scontext=u:r:netd:s0 tcontext=u:r:kernel:s0 tclass=system permissive=1
01-01 01:15:06.968 2608 2608 W IptablesRestoreController: iptables-restore process 2612 terminated status=256
01-01 01:15:06.968 2608 2608 E IptablesRestoreController: iptables error:
01-01 01:15:06.968 2608 2608 E IptablesRestoreController: ------- COMMAND -------
01-01 01:15:06.968 2608 2608 E IptablesRestoreController: *filter
01-01 01:15:06.968 2608 2608 E IptablesRestoreController: -A bw_INPUT -p esp -j RETURN
01-01 01:15:06.968 2608 2608 E IptablesRestoreController: -A bw_INPUT -m mark --mark 0x100000/0x100000 -j RETURN
01-01 01:15:06.968 2608 2608 E IptablesRestoreController: -A bw_INPUT -m owner --socket-exists
01-01 01:15:06.968 2608 2608 E IptablesRestoreController: -A bw_INPUT -j MARK --or-mark 0x100000
01-01 01:15:06.968 2608 2608 E IptablesRestoreController: -A bw_OUTPUT -o ipsec+ -j RETURN
01-01 01:15:06.968 2608 2608 E IptablesRestoreController: -A bw_OUTPUT -m policy --pol ipsec --dir out -j RETURN
01-01 01:15:06.968 2608 2608 E IptablesRestoreController: -A bw_OUTPUT -m owner --socket-exists
01-01 01:15:06.968 2608 2608 E IptablesRestoreController: -A bw_costly_shared --jump bw_penalty_box
01-01 01:15:06.968 2608 2608 E IptablesRestoreController: -A bw_penalty_box --jump bw_happy_box
01-01 01:15:06.968 2608 2608 E IptablesRestoreController: -A bw_happy_box --jump bw_data_saver
01-01 01:15:06.968 2608 2608 E IptablesRestoreController: -A bw_data_saver -j RETURN
01-01 01:15:06.968 2608 2608 E IptablesRestoreController: -I bw_happy_box -m owner --uid-owner 0-9999 --jump RETURN
01-01 01:15:06.968 2608 2608 E IptablesRestoreController: COMMIT
01-01 01:15:06.968 2608 2608 E IptablesRestoreController: *raw
01-01 01:15:06.968 2608 2608 E IptablesRestoreController: -A bw_raw_PREROUTING -i ipsec+ -j RETURN
01-01 01:15:06.968 2608 2608 E IptablesRestoreController: -A bw_raw_PREROUTING -m policy --pol ipsec --dir in -j RETURN
01-01 01:15:06.968 2608 2608 E IptablesRestoreController: -A bw_raw_PREROUTING -m owner --socket-exists
01-01 01:15:06.968 2608 2608 E IptablesRestoreController:
01-01 01:15:06.968 2608 2608 E IptablesRestoreController: COMMIT
01-01 01:15:06.968 2608 2608 E IptablesRestoreController: *mangle
01-01 01:15:06.968 2608 2608 E IptablesRestoreController: -A bw_mangle_POSTROUTING -o ipsec+ -j RETURN
01-01 01:15:06.968 2608 2608 E IptablesRestoreController: -A bw_mangle_POSTROUTING -m policy --pol ipsec --dir out -j RETURN
01-01 01:15:06.968 2608 2608 E IptablesRestoreController: -A bw_mangle_POSTROUTING -m owner --socket-exists
01-01 01:15:06.968 2608 2608 E IptablesRestoreController: -A bw_mangle_POSTROUTING -j MARK --set-mark 0x0/0x100000
01-01 01:15:06.968 2608 2608 E IptablesRestoreController:
01-01 01:15:06.968 2608 2608 E IptablesRestoreController: COMMIT
01-01 01:15:06.968 2608 2608 E IptablesRestoreController:
01-01 01:15:06.968 2608 2608 E IptablesRestoreController: ------- ERROR -------
01-01 01:15:06.968 2608 2608 E IptablesRestoreController: ip6tables-restore: line 127 failed
01-01 01:15:06.968 2608 2608 E IptablesRestoreController: ----------------------
01-01 01:15:06.968 2608 2608 I Netd : Disabling bandwidth control: 38.2ms
01-01 01:15:06.971 2608 2608 E Netd : cannot find interface dummy0
01-01 01:15:06.971 2608 2608 I Netd : Initializing RouteController: 3.4ms
01-01 01:15:06.972 2608 2608 D XfrmController: Sending Netlink XFRM Message: XFRM_MSG_FLUSHSA
01-01 01:15:06.972 2608 2608 D XfrmController: [0016]: 140000001c0005000000000000000000
01-01 01:15:06.972 2608 2608 D XfrmController: [0001]: ff
01-01 01:15:06.972 2608 2608 D XfrmController: [0003]: 000000
01-01 01:15:06.972 2608 2608 D XfrmController: {netlink msg resp}[0036]: 240000000200000100000000300a000000000000140000001c0005000000000000000000
01-01 01:15:06.972 2608 2608 D XfrmController: Sending Netlink XFRM Message: XFRM_MSG_FLUSHPOLICY
01-01 01:15:06.972 2608 2608 D XfrmController: [0016]: 100000001d0005000000000000000000
01-01 01:15:06.972 2608 2608 D XfrmController: {netlink msg resp}[0036]: 240000000200000100000000300a000000000000100000001d0005000000000000000000
01-01 01:15:06.972 2608 2608 I Netd : Initializing XfrmController: 0.6ms
01-01 01:15:06.979 2608 2608 E Netd : Unable to create netlink socket: Protocol not supported
01-01 01:15:06.979 2608 2608 W Netd : Unable to open qlog quota socket, check if xt_quota2 can send via UeventHandler
01-01 01:15:06.979 2608 2608 D MDnsDS : MDnsSdListener::Hander starting up
01-01 01:15:06.980 2608 2608 I Netd : Registering NetdNativeService: 0.8ms
01-01 01:15:06.981 2608 2608 I Netd : Starting CommandListener: 0.2ms
01-01 01:15:06.981 2608 2608 E cutils-trace: Error opening trace file: No such file or directory (2)
01-01 01:15:06.983 2608 2608 I Netd : Registering NetdHwService: 2.7ms
01-01 01:15:06.983 2608 2608 I Netd : Netd started in 105ms
01-01 01:15:06.983 2608 2622 D MDnsDS : MDnsSdListener starting to monitor
01-01 01:15:06.983 2608 2622 D MDnsDS : Going to poll with pollCount 101-01 01:15:07.129 2606 2606 I cameraserver: ServiceManager: 0xaf91c100
01-01 01:15:07.129 2606 2606 I CameraService: CameraService started (pid=2606)
01-01 01:15:07.129 2606 2606 I CameraService: CameraService process starting
01-01 01:15:07.138 2606 2606 W BatteryNotifier: batterystats service unavailable!
01-01 01:15:07.139 2606 2606 W BatteryNotifier: batterystats service unavailable!
01-01 01:15:07.139 2606 2606 E cutils-trace: Error opening trace file: No such file or directory (2)
01-01 01:15:07.140 175 175 W hwservicemanager: getTransport: Cannot find entry android.hardware.camera.provider@2.4::ICameraProvider/legacy/0 in either framework or device manifest.
01-01 01:15:07.141 175 175 W hwservicemanager: getTransport: Cannot find entry android.hardware.camera.provider@2.4::ICameraProvider/external/0 in either framework or device manifest.
01-01 01:15:07.141 2606 2606 I : Waiting for activity service
01-01 01:15:07.154 2607 2607 I mediaserver: ServiceManager: 0xab31c1c0
01-01 01:15:07.155 2607 2607 W BatteryNotifier: batterystats service unavailable!
01-01 01:15:07.183 2610 2610 D audiohalservice: Init hw binder with mem size = 1024
01-01 01:15:07.184 2610 2610 E cutils-trace: Error opening trace file: No such file or directory (2)
01-01 01:15:07.185 175 175 W hwservicemanager: getTransport: Cannot find entry android.hardware.audio@4.0::IDevicesFactory/default in either framework or device manifest.01-01 01:15:07.187 2610 2610 E audiohalservice: Could not get passthrough implementation for android.hardware.audio@4.0::IDevicesFactory/default.
01-01 01:15:07.199 2610 2610 D vndksupport: Loading /vendor/lib/hw/android.hardware.audio@2.0-impl.so from current namespace instead of sphal namespace.
01-01 01:15:07.205 2610 2610 I ServiceManagement: Removing namespace from process name android.hardware.audio@2.0-service to audio@2.0-service.
01-01 01:15:07.206 2610 2610 I audiohalservice: Registration complete for android.hardware.audio@2.0::IDevicesFactory/default.
01-01 01:15:07.207 175 175 W hwservicemanager: getTransport: Cannot find entry android.hardware.audio.effect@4.0::IEffectsFactory/default in either framework or device manifest.
01-01 01:15:07.207 2610 2610 E audiohalservice: Could not get passthrough implementation for android.hardware.audio.effect@4.0::IEffectsFactory/default.
01-01 01:15:07.208 2610 2610 D vndksupport: Loading /vendor/lib/hw/android.hardware.audio.effect@2.0-impl.so from current namespace instead of sphal namespace.
01-01 01:15:07.220 2610 2610 I audiohalservice: Registration complete for android.hardware.audio.effect@2.0::IEffectsFactory/default.
01-01 01:15:07.221 175 175 W hwservicemanager: getTransport: Cannot find entry android.hardware.soundtrigger@2.1::ISoundTriggerHw/default in either framework or device manifest.
01-01 01:15:07.221 2610 2610 E audiohalservice: Could not get passthrough implementation for android.hardware.soundtrigger@2.1::ISoundTriggerHw/default.
01-01 01:15:07.222 175 175 W hwservicemanager: getTransport: Cannot find entry android.hardware.soundtrigger@2.0::ISoundTriggerHw/default in either framework or device manifest.
01-01 01:15:07.222 2610 2610 D vndksupport: Loading /vendor/lib/hw/android.hardware.soundtrigger@2.0-impl.so from current namespace instead of sphal namespace.
01-01 01:15:07.223 2610 2610 E SoundTriggerHalImpl: couldn't load sound trigger module sound_trigger.primary (No such file or directory)
01-01 01:15:07.225 2610 2610 I audiohalservice: Registration complete for android.hardware.soundtrigger@2.0::ISoundTriggerHw/default.
01-01 01:15:07.225 175 175 W hwservicemanager: getTransport: Cannot find entry android.hardware.bluetooth.a2dp@1.0::IBluetoothAudioOffload/default in either framework or device manifest.
01-01 01:15:07.226 2610 2610 E audiohalservice: Could not get passthrough implementation for android.hardware.bluetooth.a2dp@1.0::IBluetoothAudioOffload/default.
01-01 01:15:07.226 2610 2610 W audiohalservice: Could not register Bluetooth audio offload 1.001-01 01:15:07.313 2604 2604 D AndroidRuntime: >>>>>> START com.android.internal.os.ZygoteInit uid 0 <<<<<<
01-01 01:15:07.325 2604 2604 E cutils-trace: Error opening trace file: No such file or directory (2)
01-01 01:15:07.325 2604 2604 I zygote : option[0]=-Xzygote
01-01 01:15:07.325 2604 2604 I zygote : option[1]=-Xcheck:jni
01-01 01:15:07.325 2604 2604 I zygote : option[2]=-Xusetombstonedtraces
01-01 01:15:07.325 2604 2604 I zygote : option[3]=exit
01-01 01:15:07.325 2604 2604 I zygote : option[4]=vfprintf
01-01 01:15:07.325 2604 2604 I zygote : option[5]=sensitiveThread
01-01 01:15:07.325 2604 2604 I zygote : option[6]=-verbose:gc
01-01 01:15:07.325 2604 2604 I zygote : option[7]=-Xms4m
01-01 01:15:07.325 2604 2604 I zygote : option[8]=-Xmx16m
01-01 01:15:07.325 2604 2604 I zygote : option[9]=-Xusejit:true
01-01 01:15:07.325 2604 2604 I zygote : option[10]=-Xjitsaveprofilinginfo
01-01 01:15:07.325 2604 2604 I zygote : option[11]=-XjdwpOptions:suspend=n,server=y
01-01 01:15:07.325 2604 2604 I zygote : option[12]=-XjdwpProvider:default
01-01 01:15:07.326 2604 2604 I zygote : option[13]=-Xlockprofthreshold:500
01-01 01:15:07.326 2604 2604 I zygote : option[14]=-Ximage-compiler-option
01-01 01:15:07.326 2604 2604 I zygote : option[15]=--runtime-arg
01-01 01:15:07.326 2604 2604 I zygote : option[16]=-Ximage-compiler-option
01-01 01:15:07.326 2604 2604 I zygote : option[17]=-Xms64m
01-01 01:15:07.326 2604 2604 I zygote : option[18]=-Ximage-compiler-option
01-01 01:15:07.326 2604 2604 I zygote : option[19]=--runtime-arg
01-01 01:15:07.326 2604 2604 I zygote : option[20]=-Ximage-compiler-option
01-01 01:15:07.326 2604 2604 I zygote : option[21]=-Xmx64m
01-01 01:15:07.326 2604 2604 I zygote : option[22]=-Ximage-compiler-option
01-01 01:15:07.326 2604 2604 I zygote : option[23]=--compiler-filter=verify-at-runtime
01-01 01:15:07.326 2604 2604 I zygote : option[24]=-Ximage-compiler-option
01-01 01:15:07.326 2604 2604 I zygote : option[25]=--profile-file=/system/etc/boot-image.prof
01-01 01:15:07.326 2604 2604 I zygote : option[26]=-Ximage-compiler-option
01-01 01:15:07.326 2604 2604 I zygote : option[27]=--compiler-filter=speed-profile
01-01 01:15:07.326 2604 2604 I zygote : option[28]=-Xcompiler-option
01-01 01:15:07.326 2604 2604 I zygote : option[29]=--runtime-arg
01-01 01:15:07.326 2604 2604 I zygote : option[30]=-Xcompiler-option
01-01 01:15:07.326 2604 2604 I zygote : option[31]=-Xms64m
01-01 01:15:07.326 2604 2604 I zygote : option[32]=-Xcompiler-option
01-01 01:15:07.326 2604 2604 I zygote : option[33]=--runtime-arg
01-01 01:15:07.326 2604 2604 I zygote : option[34]=-Xcompiler-option
01-01 01:15:07.326 2604 2604 I zygote : option[35]=-Xmx512m
01-01 01:15:07.326 2604 2604 I zygote : option[36]=-Ximage-compiler-option
01-01 01:15:07.326 2604 2604 I zygote : option[37]=--instruction-set-variant=cortex-a9
01-01 01:15:07.326 2604 2604 I zygote : option[38]=-Xcompiler-option
01-01 01:15:07.326 2604 2604 I zygote : option[39]=--instruction-set-variant=cortex-a9
01-01 01:15:07.326 2604 2604 I zygote : option[40]=-Ximage-compiler-option
01-01 01:15:07.326 2604 2604 I zygote : option[41]=--instruction-set-features=default
01-01 01:15:07.326 2604 2604 I zygote : option[42]=-Xcompiler-option
01-01 01:15:07.326 2604 2604 I zygote : option[43]=--instruction-set-features=default
01-01 01:15:07.326 2604 2604 I zygote : option[44]=-Duser.locale=en-US
01-01 01:15:07.326 2604 2604 I zygote : option[45]=--cpu-abilist=armeabi-v7a,armeabi
01-01 01:15:07.326 2604 2604 I zygote : option[46]=-Xfingerprint:Putti/lineage_i9305/i9305:9/PQ3A.190505.002/replicant06090314:eng/test-keys
01-01 01:15:07.333 2604 2604 W zygote : Could not reserve sentinel fault page
01-01 01:15:07.340 2604 2604 I zygote : VerifyImage: /system/bin/patchoat --input-image-location=/system/framework/boot.art --output-image-directory=/data/dalvik-cache/arm --instruction-set=arm --verify01-01 01:15:07.378 2633 2633 E cutils-trace: Error opening trace file: No such file or directory (2)
01-01 01:15:07.382 2633 2633 W patchoat: Could not reserve sentinel fault page
01-01 01:15:07.415 2633 2633 E patchoat: Unable to open relocated image file /data/dalvik-cache/arm/system@framework@boot.art
01-01 01:15:07.421 2604 2604 W zygote : Failed execv(/system/bin/patchoat --input-image-location=/system/framework/boot.art --output-image-directory=/data/dalvik-cache/arm --instruction-set=arm --verify) because non-0 exit status Preemptively pruning the dalvik cache.
01-01 01:15:07.421 2604 2604 I zygote : Pruning dalvik-cache since we are relocating an image and will need to recompile
01-01 01:15:07.422 2604 2604 I zygote : RelocateImage: /system/bin/patchoat --input-image-location=/system/framework/boot.art --output-image-directory=/data/dalvik-cache/arm --instruction-set=arm --base-offset-delta=12578816
01-01 01:15:07.461 2634 2634 E cutils-trace: Error opening trace file: No such file or directory (2)
01-01 01:15:07.464 2634 2634 W patchoat: Could not reserve sentinel fault page
01-01 01:15:07.535 2605 2605 I FastMixerState: sMaxFastTracks = 8
01-01 01:15:07.537 2605 2605 V MediaUtils: physMem: 2108141568
01-01 01:15:07.537 2605 2605 V MediaUtils: requested limit: 421628300
01-01 01:15:07.537 2605 2605 V MediaUtils: actual limit: 421628300
01-01 01:15:07.537 2605 2605 V MediaUtils: original limits: 4294967295/4294967295
01-01 01:15:07.537 2605 2605 V MediaUtils: new limits: 421628300/429496729501-01 01:15:07.538 2605 2605 I audioserver: ServiceManager: 0xafd1c100
01-01 01:15:07.538 2605 2605 W BatteryNotifier: batterystats service unavailable!
01-01 01:15:07.539 2605 2605 E cutils-trace: Error opening trace file: No such file or directory (2)
01-01 01:15:07.539 175 175 W hwservicemanager: getTransport: Cannot find entry android.hardware.audio@4.0::IDevicesFactory/default in either framework or device manifest.
01-01 01:15:07.554 175 175 W hwservicemanager: getTransport: Cannot find entry android.hardware.audio@2.0::IDevicesFactory/msd in either framework or device manifest.
01-01 01:15:07.554 175 175 W hwservicemanager: getTransport: Cannot find entry android.hardware.audio.effect@4.0::IEffectsFactory/default in either framework or device manifest.
01-01 01:15:07.557 2605 2605 I AudioFlinger: Using default 3000 mSec as standby time.
01-01 01:15:07.557 2605 2605 E APM_AudioPolicyManager: could not load audio policy configuration file, setting defaults
01-01 01:15:07.558 2610 2635 D vndksupport: Loading /vendor/lib/hw/audio.primary.default.so from current namespace instead of sphal namespace.
01-01 01:15:07.560 2610 2635 W DeviceHAL: Error from HAL Device in function get_master_volume: Function not implemented
01-01 01:15:07.560 2610 2635 W DeviceHAL: Error from HAL Device in function get_master_mute: Function not implemented
01-01 01:15:07.560 2610 2635 W DeviceHAL: Error from HAL Device in function set_master_volume: Function not implemented
01-01 01:15:07.560 2610 2635 W DeviceHAL: Error from HAL Device in function set_master_mute: Function not implemented
01-01 01:15:07.560 2605 2605 I AudioFlinger: loadHwModule() Loaded primary audio interface, handle 10
01-01 01:15:07.560 2605 2605 I AudioFlinger: openOutput() this 0xafd3e000, module 10 Device 0x2, SamplingRate 44100, Format 0x000001, Channels 0x3, flags 0x2
01-01 01:15:07.561 2605 2605 W AudioFlinger: HAL output buffer size is 441 frames but AudioMixer requires multiples of 16 frames
01-01 01:15:07.561 2605 2605 I AudioFlinger: HAL output buffer size 441 frames, normal sink buffer size 896 frames
01-01 01:15:07.562 175 175 W hwservicemanager: getTransport: Cannot find entry android.hardware.audio.effect@4.0::IEffectsFactory/default in either framework or device manifest.
01-01 01:15:07.564 2610 2635 E EffectsConfig: Could not parse effect configuration in any of the default locations.
01-01 01:15:07.564 2610 2635 E EffectsFactoryConfigLoader: Failed to parse XML configuration file
01-01 01:15:07.564 2610 2635 W EffectsFactory: Failed to load XML effect configuration, fallback to .conf
01-01 01:15:07.570 2605 2605 I BufferProvider: found effect "Multichannel Downmix To Stereo" from The Android Open Source Project
01-01 01:15:07.582 2605 2646 I AudioFlinger: AudioFlinger's thread 0xaf3035c0 tid=2646 ready to run
01-01 01:15:07.582 2605 2605 I AudioFlinger: Using module 10 as the primary audio interface
01-01 01:15:07.582 2605 2646 W AudioFlinger: no wake lock to update, system not ready yet
01-01 01:15:07.583 2605 2646 W AudioFlinger: no wake lock to update, system not ready yet
01-01 01:15:07.583 2610 2610 W DeviceHAL: Error from HAL Device in function set_voice_volume: Function not implemented01-01 01:15:07.584 2605 2605 W AudioFlinger: moveEffects() bad srcOutput 0
01-01 01:15:07.587 2605 2647 I AudioFlinger: AudioFlinger's thread 0xaf003ac0 tid=2647 ready to run
01-01 01:15:07.587 2605 2605 E EffectsConfig: Could not parse effect configuration in any of the default locations.
01-01 01:15:07.587 2605 2605 W AudioPolicyEffects: Failed to load XML effect configuration, fallback to .conf
01-01 01:15:07.596 2605 2605 I : Waiting for activity service
01-01 01:15:07.980 2634 2634 E patchoat: Writing to image file /data/dalvik-cache/arm/system@framework@boot-framework.art failed.
01-01 01:15:07.995 2634 2634 W patchoat: Current thread not detached in Runtime shutdown
01-01 01:15:08.016 2604 2604 E zygote : Could not create image space with image file '/system/framework/boot.art'. Attempting to fall back to imageless running. Error was: Cannot relocate image /system/framework/boot.art to /data/dalvik-cache/arm/system@framework@boot.art: Failed execv(/system/bin/patchoat --input-image-location=/system/framework/boot.art --output-image-directory=/data/dalvik-cache/arm --instruction-set=arm --base-offset-delta=12578816) because non-0 exit status
01-01 01:15:08.016 2604 2604 E zygote : Attempted image: /system/framework/boot.art
01-01 01:15:08.234 2604 2604 W zygote : CheckJNI: method to register "write" not in the given class. This is slow, consider changing your RegisterNatives calls.01-01 01:15:08.236 2604 2604 I chatty : uid=0(root) main identical 44 lines
01-01 01:15:08.236 2604 2604 W zygote : CheckJNI: method to register "write" not in the given class. This is slow, consider changing your RegisterNatives calls.
01-01 01:15:08.236 2604 2604 W zygote : CheckJNI: method to register "write_non_chained" not in the given class. This is slow, consider changing your RegisterNatives calls.
01-01 01:15:08.236 2604 2604 I chatty : uid=0(root) main identical 7 lines
01-01 01:15:08.236 2604 2604 W zygote : CheckJNI: method to register "write_non_chained" not in the given class. This is slow, consider changing your RegisterNatives calls.
01-01 01:15:08.441 2604 2604 D Zygote : begin preload
01-01 01:15:08.441 2604 2604 I Zygote : Installing ICU cache reference pinning...
01-01 01:15:08.442 2604 2604 I Zygote : Preloading ICU data...
01-01 01:15:08.602 2604 2604 I Zygote : Preloading classes...
01-01 01:15:08.861 2604 2604 I PackageBackwardCompatibility: Loaded android.content.pm.OrgApacheHttpLegacyUpdater
01-01 01:15:08.862 2604 2604 I PackageBackwardCompatibility: Could not find android.content.pm.AndroidTestBaseUpdater, ignoring01-01 01:15:09.550 197 197 I healthd : type=1400 audit(0.0:393): avc: denied { read } for name="present" dev="sysfs" ino=30723 scontext=u:r:healthd:s0 tcontext=u:object_r:sysfs:s0 tclass=file permissive=1
01-01 01:15:09.550 197 197 I healthd : type=1400 audit(0.0:394): avc: denied { open } for path="/sys/devices/platform/i2c-gpio-1/i2c-11/11-0066/max77693-charger/power_supply/max77693-charger/present" dev="sysfs" ino=30723 scontext=u:r:healthd:s0 tcontext=u:object_r:sysfs:s0 tclass=file permissive=1
01-01 01:15:09.550 197 197 I healthd : type=1400 audit(0.0:395): avc: denied { getattr } for path="/sys/devices/platform/i2c-gpio-1/i2c-11/11-0066/max77693-charger/power_supply/max77693-charger/present" dev="sysfs" ino=30723 scontext=u:r:healthd:s0 tcontext=u:object_r:sysfs:s0 tclass=file permissive=1
01-01 01:15:09.800 2604 2604 E ActivityRecognitionHardware: activity_recognition HAL is deprecated. class_init is effectively a no-op
01-01 01:15:12.952 2604 2604 I zygote : Thread[1,tid=2604,Native,Thread*=0xb0903000,peer=0x12c40200,"main"] recursive attempt to load library "/system/lib/libmedia_jni.so"
01-01 01:15:12.952 2604 2604 D MtpDeviceJNI: register_android_mtp_MtpDevice
01-01 01:15:12.953 2604 2604 I zygote : Thread[1,tid=2604,Native,Thread*=0xb0903000,peer=0x12c40200,"main"] recursive attempt to load library "/system/lib/libmedia_jni.so"01-01 01:15:12.955 2604 2604 I zygote : Thread[1,tid=2604,Native,Thread*=0xb0903000,peer=0x12c40200,"main"] recursive attempt to load library "/system/lib/libmedia_jni.so"
01-01 01:15:12.956 2604 2604 W MediaProfiles: Could not find a validated xml file. Using the default instance instead.
01-01 01:15:15.344 2604 2604 I Zygote : ...preloaded 6535 classes in 6742ms.
01-01 01:15:15.344 2604 2604 I zygote : VMRuntime.preloadDexCaches starting
01-01 01:15:15.430 2604 2604 I zygote : VMRuntime.preloadDexCaches strings total=340791 before=6167 after=6167
01-01 01:15:15.430 2604 2604 I zygote : VMRuntime.preloadDexCaches types total=31444 before=3448 after=5745
01-01 01:15:15.430 2604 2604 I zygote : VMRuntime.preloadDexCaches fields total=141481 before=5982 after=6827
01-01 01:15:15.430 2604 2604 I zygote : VMRuntime.preloadDexCaches methods total=248846 before=3173 after=8729
01-01 01:15:15.430 2604 2604 I zygote : VMRuntime.preloadDexCaches finished
01-01 01:15:15.545 2604 2604 I Zygote : Preloading resources...
01-01 01:15:15.617 2604 2604 W Resources: Preloaded drawable resource #0x1080265 (android:drawable/dialog_background_material) that varies with configuration!!
01-01 01:15:15.783 2604 2604 I Zygote : ...preloaded 64 resources in 238ms.
01-01 01:15:15.826 2604 2604 I Zygote : ...preloaded 41 resources in 42ms.01-01 01:15:15.827 2604 2604 D vndksupport: Loading /vendor/lib/hw/android.hardware.graphics.mapper@2.0-impl.so from current namespace instead of sphal namespace.
01-01 01:15:15.830 2604 2604 D vndksupport: Loading /vendor/lib/egl/libGLES_mesa.so from current namespace instead of sphal namespace.
01-01 01:15:15.832 2604 2604 D libEGL : loaded /vendor/lib/egl/libGLES_mesa.so
01-01 01:15:15.985 2604 2604 I Zygote : Preloading shared libraries...
01-01 01:15:15.995 2604 2604 I Zygote : Uninstalled ICU cache reference pinning...
01-01 01:15:16.018 2604 2604 I Zygote : Installed AndroidKeyStoreProvider in 22ms.
01-01 01:15:16.297 2604 2604 I Zygote : Warmed up JCA providers in 279ms.
01-01 01:15:16.297 2604 2604 D Zygote : end preload
01-01 01:15:16.416 2604 2604 I zygote : Explicit concurrent copying GC freed 23460(1295KB) AllocSpace objects, 1(20KB) LOS objects, 53% free, 5MB/11MB, paused 84us total 115.077ms
01-01 01:15:16.527 2604 2604 I zygote : Explicit concurrent copying GC freed 1664(97KB) AllocSpace objects, 0(0B) LOS objects, 53% free, 5MB/11MB, paused 56us total 99.630ms
01-01 01:15:16.634 2604 2604 I zygote : Background concurrent copying GC freed 100(62KB) AllocSpace objects, 0(0B) LOS objects, 53% free, 5MB/11MB, paused 57us total 100.096ms01-01 01:15:16.735 2604 2604 I Zygote : System server process 2653 has been created
01-01 01:15:16.739 2653 2653 I Zygote : seccomp disabled by setenforce 0
01-01 01:15:16.749 2604 2604 I Zygote : Accepting command socket connections
01-01 01:15:16.770 2653 2653 W system_server: Unable to get runtime image info: Unable to find a relocated version of image file /system/framework/boot.art
01-01 01:15:16.774 2653 2653 E Zygote : System zygote died with exception
01-01 01:15:16.774 2653 2653 E Zygote : java.lang.NullPointerException: Attempt to invoke interface method 'void android.os.IInstalld.dexopt(java.lang.String, int, java.lang.String, java.lang.String, int, java.lang.String, int, java.lang.String, java.lang.String, java.lang.String, java.lang.String, boolean, int, java.lang.String, java.lang.String, java.lang.String)' on a null object reference
01-01 01:15:16.774 2653 2653 E Zygote : at com.android.internal.os.ZygoteInit.performSystemServerDexOpt(ZygoteInit.java:610)
01-01 01:15:16.774 2653 2653 E Zygote : at com.android.internal.os.ZygoteInit.handleSystemServerProcess(ZygoteInit.java:463)
01-01 01:15:16.774 2653 2653 E Zygote : at com.android.internal.os.ZygoteInit.forkSystemServer(ZygoteInit.java:730)
01-01 01:15:16.774 2653 2653 E Zygote : at com.android.internal.os.ZygoteInit.main(ZygoteInit.java:833)
01-01 01:15:16.774 2653 2653 D AndroidRuntime: Shutting down VM01-01 01:15:17.005 2653 2653 W system_server: ConditionVariable::~ConditionVariable for Thread resumption condition variable called with 1 waiters.
01-01 01:15:17.031 2604 2604 I Zygote : Process 2653 exited cleanly (0)
01-01 01:15:17.031 2604 2604 E Zygote : Exit zygote because system server (2653) has terminated
01-01 01:15:17.060 1 1 I init : type=1400 audit(0.0:396): avc: denied { dac_read_search } for capability=2 scontext=u:r:init:s0 tcontext=u:r:init:s0 tclass=capability permissive=1
01-01 01:15:17.167 174 174 I ServiceManager: service 'media.audio_flinger' died
01-01 01:15:17.090 205 205 I vsync : type=1400 audit(0.0:397): avc: denied { ioctl } for path="/dev/dri/card0" dev="tmpfs" ino=3126 ioctlcmd=0x643a scontext=u:r:hal_graphics_composer_default:s0 tcontext=u:object_r:device:s0 tclass=chr_file permissive=1
01-01 01:15:17.264 174 174 I ServiceManager: service 'media.player' died
01-01 01:15:17.264 174 174 I ServiceManager: service 'media.resource_manager' died
01-01 01:15:17.269 174 174 I ServiceManager: service 'netd' died
01-01 01:15:17.389 174 174 I ServiceManager: service 'wificond' died
01-01 01:15:17.477 2669 2669 I Netd : Netd 1.0 starting
01-01 01:15:17.478 2669 2669 D TetherController: Setting IP forward enable = 001-01 01:15:17.551 2671 2671 D audiohalservice: Init hw binder with mem size = 1024
01-01 01:15:17.552 2671 2671 E cutils-trace: Error opening trace file: No such file or directory (2)
01-01 01:15:17.553 175 175 W hwservicemanager: getTransport: Cannot find entry android.hardware.audio@4.0::IDevicesFactory/default in either framework or device manifest.
01-01 01:15:17.555 2671 2671 E audiohalservice: Could not get passthrough implementation for android.hardware.audio@4.0::IDevicesFactory/default.
01-01 01:15:17.569 2671 2671 D vndksupport: Loading /vendor/lib/hw/android.hardware.audio@2.0-impl.so from current namespace instead of sphal namespace.
01-01 01:15:17.579 2671 2671 I ServiceManagement: Removing namespace from process name android.hardware.audio@2.0-service to audio@2.0-service.
01-01 01:15:17.588 2671 2671 I audiohalservice: Registration complete for android.hardware.audio@2.0::IDevicesFactory/default.
01-01 01:15:17.589 175 175 W hwservicemanager: getTransport: Cannot find entry android.hardware.audio.effect@4.0::IEffectsFactory/default in either framework or device manifest.
01-01 01:15:17.601 2671 2671 E audiohalservice: Could not get passthrough implementation for android.hardware.audio.effect@4.0::IEffectsFactory/default.
01-01 01:15:17.602 2671 2671 D vndksupport: Loading /vendor/lib/hw/android.hardware.audio.effect@2.0-impl.so from current namespace instead of sphal namespace.
01-01 01:15:17.613 2669 2669 I Netd : Creating child chains: 98.6ms
01-01 01:15:17.613 2669 2669 I Netd : Setting up OEM hooks: 0.1ms
01-01 01:15:17.613 2669 2669 I Netd : Setting up FirewallController hooks: 0.0ms
01-01 01:15:17.616 2669 2669 I Netd : Setting up TetherController hooks: 3.3ms
01-01 01:15:17.619 2669 2669 I Netd : Setting up BandwidthController hooks: 2.8ms
01-01 01:15:17.619 2669 2669 I Netd : Setting up IdletimerController hooks: 0.1ms
01-01 01:15:17.619 2669 2669 E Netd : failed to start trafficcontroller: (Status[code: 1, msg: "[Operation not permitted] : map create failed!: /sys/fs/bpf/traffic_cookie_tag_map"])
01-01 01:15:17.619 2669 2669 I Netd : initializing traffic control: 0.2ms01-01 01:15:17.649 2671 2671 I audiohalservice: Registration complete for android.hardware.audio.effect@2.0::IEffectsFactory/default.
01-01 01:15:17.650 175 175 W hwservicemanager: getTransport: Cannot find entry android.hardware.soundtrigger@2.1::ISoundTriggerHw/default in either framework or device manifest.
01-01 01:15:17.652 2671 2671 E audiohalservice: Could not get passthrough implementation for android.hardware.soundtrigger@2.1::ISoundTriggerHw/default.
01-01 01:15:17.652 175 175 W hwservicemanager: getTransport: Cannot find entry android.hardware.soundtrigger@2.0::ISoundTriggerHw/default in either framework or device manifest.
01-01 01:15:17.653 2671 2671 D vndksupport: Loading /vendor/lib/hw/android.hardware.soundtrigger@2.0-impl.so from current namespace instead of sphal namespace.
01-01 01:15:17.654 2671 2671 E SoundTriggerHalImpl: couldn't load sound trigger module sound_trigger.primary (No such file or directory)
01-01 01:15:17.667 2671 2671 I audiohalservice: Registration complete for android.hardware.soundtrigger@2.0::ISoundTriggerHw/default.
01-01 01:15:17.668 175 175 W hwservicemanager: getTransport: Cannot find entry android.hardware.bluetooth.a2dp@1.0::IBluetoothAudioOffload/default in either framework or device manifest.
01-01 01:15:17.668 2671 2671 E audiohalservice: Could not get passthrough implementation for android.hardware.bluetooth.a2dp@1.0::IBluetoothAudioOffload/default.
01-01 01:15:17.668 2671 2671 W audiohalservice: Could not register Bluetooth audio offload 1.001-01 01:15:17.700 2669 2669 W IptablesRestoreController: iptables-restore process 2672 terminated status=256
01-01 01:15:17.700 2669 2669 E IptablesRestoreController: iptables error:
01-01 01:15:17.700 2669 2669 E IptablesRestoreController: ------- COMMAND -------
01-01 01:15:17.700 2669 2669 E IptablesRestoreController: *filter
01-01 01:15:17.700 2669 2669 E IptablesRestoreController: -A bw_INPUT -p esp -j RETURN
01-01 01:15:17.700 2669 2669 E IptablesRestoreController: -A bw_INPUT -m mark --mark 0x100000/0x100000 -j RETURN
01-01 01:15:17.700 2669 2669 E IptablesRestoreController: -A bw_INPUT -m owner --socket-exists
01-01 01:15:17.700 2669 2669 E IptablesRestoreController: -A bw_INPUT -j MARK --or-mark 0x100000
01-01 01:15:17.700 2669 2669 E IptablesRestoreController: -A bw_OUTPUT -o ipsec+ -j RETURN
01-01 01:15:17.700 2669 2669 E IptablesRestoreController: -A bw_OUTPUT -m policy --pol ipsec --dir out -j RETURN
01-01 01:15:17.700 2669 2669 E IptablesRestoreController: -A bw_OUTPUT -m owner --socket-exists
01-01 01:15:17.700 2669 2669 E IptablesRestoreController: -A bw_costly_shared --jump bw_penalty_box
01-01 01:15:17.700 2669 2669 E IptablesRestoreController: -A bw_penalty_box --jump bw_happy_box
01-01 01:15:17.700 2669 2669 E IptablesRestoreController: -A bw_happy_box --jump bw_data_saver
01-01 01:15:17.700 2669 2669 E IptablesRestoreController: -A bw_data_saver -j RETURN
01-01 01:15:17.700 2669 2669 E IptablesRestoreController: -I bw_happy_box -m owner --uid-owner 0-9999 --jump RETURN
01-01 01:15:17.700 2669 2669 E IptablesRestoreController: COMMIT
01-01 01:15:17.700 2669 2669 E IptablesRestoreController: *raw
01-01 01:15:17.700 2669 2669 E IptablesRestoreController: -A bw_raw_PREROUTING -i ipsec+ -j RETURN
01-01 01:15:17.700 2669 2669 E IptablesRestoreController: -A bw_raw_PREROUTING -m policy --pol ipsec --dir in -j RETURN
01-01 01:15:17.700 2669 2669 E IptablesRestoreController: -A bw_raw_PREROUTING -m owner --socket-exists
01-01 01:15:17.700 2669 2669 E IptablesRestoreController:
01-01 01:15:17.700 2669 2669 E IptablesRestoreController: COMMIT
01-01 01:15:17.700 2669 2669 E IptablesRestoreController: *mangle
01-01 01:15:17.700 2669 2669 E IptablesRestoreController: -A bw_mangle_POSTROUTING -o ipsec+ -j RETURN
01-01 01:15:17.700 2669 2669 E IptablesRestoreController: -A bw_mangle_POSTROUTING -m policy --pol ipsec --dir out -j RETURN
01-01 01:15:17.700 2669 2669 E IptablesRestoreController: -A bw_mangle_POSTROUTING -m owner --socket-exists
01-01 01:15:17.700 2669 2669 E IptablesRestoreController: -A bw_mangle_POSTROUTING -j MARK --set-mark 0x0/0x100000
01-01 01:15:17.700 2669 2669 E IptablesRestoreController:
01-01 01:15:17.700 2669 2669 E IptablesRestoreController: COMMIT
01-01 01:15:17.700 2669 2669 E IptablesRestoreController:
01-01 01:15:17.700 2669 2669 E IptablesRestoreController: ------- ERROR -------
01-01 01:15:17.700 2669 2669 E IptablesRestoreController: iptables-restore: line 154 failed
01-01 01:15:17.700 2669 2669 E IptablesRestoreController: ----------------------01-01 01:15:17.729 2669 2669 W IptablesRestoreController: iptables-restore process 2673 terminated status=256
01-01 01:15:17.730 2669 2669 E IptablesRestoreController: iptables error:
01-01 01:15:17.730 2669 2669 E IptablesRestoreController: ------- COMMAND -------
01-01 01:15:17.730 2669 2669 E IptablesRestoreController: *filter
01-01 01:15:17.730 2669 2669 E IptablesRestoreController: -A bw_INPUT -p esp -j RETURN
01-01 01:15:17.730 2669 2669 E IptablesRestoreController: -A bw_INPUT -m mark --mark 0x100000/0x100000 -j RETURN
01-01 01:15:17.730 2669 2669 E IptablesRestoreController: -A bw_INPUT -m owner --socket-exists
01-01 01:15:17.730 2669 2669 E IptablesRestoreController: -A bw_INPUT -j MARK --or-mark 0x100000
01-01 01:15:17.730 2669 2669 E IptablesRestoreController: -A bw_OUTPUT -o ipsec+ -j RETURN
01-01 01:15:17.730 2669 2669 E IptablesRestoreController: -A bw_OUTPUT -m policy --pol ipsec --dir out -j RETURN
01-01 01:15:17.730 2669 2669 E IptablesRestoreController: -A bw_OUTPUT -m owner --socket-exists
01-01 01:15:17.730 2669 2669 E IptablesRestoreController: -A bw_costly_shared --jump bw_penalty_box
01-01 01:15:17.730 2669 2669 E IptablesRestoreController: -A bw_penalty_box --jump bw_happy_box
01-01 01:15:17.730 2669 2669 E IptablesRestoreController: -A bw_happy_box --jump bw_data_saver
01-01 01:15:17.730 2669 2669 E IptablesRestoreController: -A bw_data_saver -j RETURN
01-01 01:15:17.730 2669 2669 E IptablesRestoreController: -I bw_happy_box -m owner --uid-owner 0-9999 --jump RETURN
01-01 01:15:17.730 2669 2669 E IptablesRestoreController: COMMIT
01-01 01:15:17.730 2669 2669 E IptablesRestoreController: *raw
01-01 01:15:17.730 2669 2669 E IptablesRestoreController: -A bw_raw_PREROUTING -i ipsec+ -j RETURN
01-01 01:15:17.730 2669 2669 E IptablesRestoreController: -A bw_raw_PREROUTING -m policy --pol ipsec --dir in -j RETURN
01-01 01:15:17.730 2669 2669 E IptablesRestoreController: -A bw_raw_PREROUTING -m owner --socket-exists
01-01 01:15:17.730 2669 2669 E IptablesRestoreController:
01-01 01:15:17.730 2669 2669 E IptablesRestoreController: COMMIT
01-01 01:15:17.730 2669 2669 E IptablesRestoreController: *mangle
01-01 01:15:17.730 2669 2669 E IptablesRestoreController: -A bw_mangle_POSTROUTING -o ipsec+ -j RETURN
01-01 01:15:17.730 2669 2669 E IptablesRestoreController: -A bw_mangle_POSTROUTING -m policy --pol ipsec --dir out -j RETURN
01-01 01:15:17.730 2669 2669 E IptablesRestoreController: -A bw_mangle_POSTROUTING -m owner --socket-exists
01-01 01:15:17.730 2669 2669 E IptablesRestoreController: -A bw_mangle_POSTROUTING -j MARK --set-mark 0x0/0x100000
01-01 01:15:17.730 2669 2669 E IptablesRestoreController:
01-01 01:15:17.730 2669 2669 E IptablesRestoreController: COMMIT
01-01 01:15:17.730 2669 2669 E IptablesRestoreController:
01-01 01:15:17.730 2669 2669 E IptablesRestoreController: ------- ERROR -------
01-01 01:15:17.730 2669 2669 E IptablesRestoreController: ip6tables-restore: line 127 failed
01-01 01:15:17.730 2669 2669 E IptablesRestoreController: ----------------------
01-01 01:15:17.730 2669 2669 I Netd : Disabling bandwidth control: 110.5ms01-01 01:15:17.779 2669 2669 E Netd : cannot find interface dummy0
01-01 01:15:17.779 2669 2669 I Netd : Initializing RouteController: 49.6ms
01-01 01:15:17.780 2669 2669 D XfrmController: Sending Netlink XFRM Message: XFRM_MSG_FLUSHSA
01-01 01:15:17.780 2669 2669 D XfrmController: [0016]: 140000001c0005000000000000000000
01-01 01:15:17.780 2669 2669 D XfrmController: [0001]: ff
01-01 01:15:17.780 2669 2669 D XfrmController: [0003]: 000000
01-01 01:15:17.780 2669 2669 D XfrmController: {netlink msg resp}[0036]: 2400000002000001000000006d0a000000000000140000001c0005000000000000000000
01-01 01:15:17.780 2669 2669 D XfrmController: Sending Netlink XFRM Message: XFRM_MSG_FLUSHPOLICY
01-01 01:15:17.780 2669 2669 D XfrmController: [0016]: 100000001d0005000000000000000000
01-01 01:15:17.780 2669 2669 D XfrmController: {netlink msg resp}[0036]: 2400000002000001000000006d0a000000000000100000001d0005000000000000000000
01-01 01:15:17.780 2669 2669 I Netd : Initializing XfrmController: 0.8ms
01-01 01:15:17.799 2669 2669 E Netd : Unable to create netlink socket: Protocol not supported
01-01 01:15:17.799 2669 2669 W Netd : Unable to open qlog quota socket, check if xt_quota2 can send via UeventHandler
01-01 01:15:17.800 2669 2669 D MDnsDS : MDnsSdListener::Hander starting up
01-01 01:15:17.801 2669 2669 I Netd : Registering NetdNativeService: 0.8ms
01-01 01:15:17.801 2669 2669 I Netd : Starting CommandListener: 0.2ms
01-01 01:15:17.802 2669 2669 E cutils-trace: Error opening trace file: No such file or directory (2)
01-01 01:15:17.803 2669 2669 I Netd : Registering NetdHwService: 2.0ms
01-01 01:15:17.803 2669 2669 I Netd : Netd started in 325ms01-01 01:15:17.821 2669 2686 D MDnsDS : MDnsSdListener starting to monitor
01-01 01:15:17.821 2669 2686 D MDnsDS : Going to poll with pollCount 1
01-01 01:15:17.843 2667 2667 I cameraserver: ServiceManager: 0xacc9c100
01-01 01:15:17.843 2667 2667 I CameraService: CameraService started (pid=2667)
01-01 01:15:17.843 2667 2667 I CameraService: CameraService process starting
01-01 01:15:17.843 2667 2667 W BatteryNotifier: batterystats service unavailable!
01-01 01:15:17.843 2667 2667 W BatteryNotifier: batterystats service unavailable!
01-01 01:15:17.844 2667 2667 E cutils-trace: Error opening trace file: No such file or directory (2)
01-01 01:15:17.859 2665 2665 D AndroidRuntime: >>>>>> START com.android.internal.os.ZygoteInit uid 0 <<<<<<
01-01 01:15:17.861 175 175 W hwservicemanager: getTransport: Cannot find entry android.hardware.camera.provider@2.4::ICameraProvider/legacy/0 in either framework or device manifest.
01-01 01:15:17.863 175 175 W hwservicemanager: getTransport: Cannot find entry android.hardware.camera.provider@2.4::ICameraProvider/external/0 in either framework or device manifest.
01-01 01:15:17.873 2665 2665 E cutils-trace: Error opening trace file: No such file or directory (2)
01-01 01:15:17.873 2665 2665 I zygote : option[0]=-Xzygote
01-01 01:15:17.873 2665 2665 I zygote : option[1]=-Xcheck:jni
01-01 01:15:17.873 2665 2665 I zygote : option[2]=-Xusetombstonedtraces
01-01 01:15:17.873 2665 2665 I zygote : option[3]=exit
01-01 01:15:17.873 2665 2665 I zygote : option[4]=vfprintf
01-01 01:15:17.873 2665 2665 I zygote : option[5]=sensitiveThread
01-01 01:15:17.873 2665 2665 I zygote : option[6]=-verbose:gc
01-01 01:15:17.873 2665 2665 I zygote : option[7]=-Xms4m
01-01 01:15:17.873 2665 2665 I zygote : option[8]=-Xmx16m
01-01 01:15:17.873 2665 2665 I zygote : option[9]=-Xusejit:true
01-01 01:15:17.873 2665 2665 I zygote : option[10]=-Xjitsaveprofilinginfo
01-01 01:15:17.873 2665 2665 I zygote : option[11]=-XjdwpOptions:suspend=n,server=y
01-01 01:15:17.874 2665 2665 I zygote : option[12]=-XjdwpProvider:default
