01-01 01:14:23.490 2362 2362 I zygote : option[46]=-Xfingerprint:Putti/lineage_i9305/i9305:9/PQ3A.190505.002/replicant06090314:eng/test-keys
01-01 01:14:23.495 2362 2362 W zygote : Could not reserve sentinel fault page
01-01 01:14:23.499 2368 2368 I audiohalservice: Registration complete for android.hardware.soundtrigger@2.0::ISoundTriggerHw/default.
01-01 01:14:23.500 175 175 W hwservicemanager: getTransport: Cannot find entry android.hardware.bluetooth.a2dp@1.0::IBluetoothAudioOffload/default in either framework or device manifest.
01-01 01:14:23.501 2368 2368 E audiohalservice: Could not get passthrough implementation for android.hardware.bluetooth.a2dp@1.0::IBluetoothAudioOffload/default.
01-01 01:14:23.501 2368 2368 W audiohalservice: Could not register Bluetooth audio offload 1.0
01-01 01:14:23.501 2362 2362 I zygote : VerifyImage: /system/bin/patchoat --input-image-location=/system/framework/boot.art --output-image-directory=/data/dalvik-cache/arm --instruction-set=arm --verify
01-01 01:14:23.513 2363 2363 I FastMixerState: sMaxFastTracks = 8
01-01 01:14:23.515 2363 2363 V MediaUtils: physMem: 2108141568
01-01 01:14:23.515 2363 2363 V MediaUtils: requested limit: 421628300
01-01 01:14:23.515 2363 2363 V MediaUtils: actual limit: 421628300
01-01 01:14:23.515 2363 2363 V MediaUtils: original limits: 4294967295/4294967295
01-01 01:14:23.515 2363 2363 V MediaUtils: new limits: 421628300/4294967295
01-01 01:14:23.516 2363 2363 I audioserver: ServiceManager: 0xb2d1c100
01-01 01:14:23.516 2363 2363 W BatteryNotifier: batterystats service unavailable!
01-01 01:14:23.516 2363 2363 E cutils-trace: Error opening trace file: No such file or directory (2)
01-01 01:14:23.517 175 175 W hwservicemanager: getTransport: Cannot find entry android.hardware.audio@4.0::IDevicesFactory/default in either framework or device manifest.
01-01 01:14:23.521 175 175 W hwservicemanager: getTransport: Cannot find entry android.hardware.audio@2.0::IDevicesFactory/msd in either framework or device manifest.
01-01 01:14:23.523 175 175 W hwservicemanager: getTransport: Cannot find entry android.hardware.audio.effect@4.0::IEffectsFactory/default in either framework or device manifest.
01-01 01:14:23.533 2363 2363 I AudioFlinger: Using default 3000 mSec as standby time.
01-01 01:14:23.534 2363 2363 E APM_AudioPolicyManager: could not load audio policy configuration file, setting defaults
01-01 01:14:23.535 2368 2368 D vndksupport: Loading /vendor/lib/hw/audio.primary.default.so from current namespace instead of sphal namespace.
01-01 01:14:23.539 2368 2368 W DeviceHAL: Error from HAL Device in function get_master_volume: Function not implemented
01-01 01:14:23.539 2368 2368 W DeviceHAL: Error from HAL Device in function get_master_mute: Function not implemented
01-01 01:14:23.539 2368 2368 W DeviceHAL: Error from HAL Device in function set_master_volume: Function not implemented
01-01 01:14:23.540 2368 2368 W DeviceHAL: Error from HAL Device in function set_master_mute: Function not implemented
01-01 01:14:23.547 2391 2391 E cutils-trace: Error opening trace file: No such file or directory (2)
01-01 01:14:23.551 2391 2391 W patchoat: Could not reserve sentinel fault page
01-01 01:14:23.551 2363 2363 I AudioFlinger: loadHwModule() Loaded primary audio interface, handle 10
01-01 01:14:23.551 2363 2363 I AudioFlinger: openOutput() this 0xb2d3e000, module 10 Device 0x2, SamplingRate 44100, Format 0x000001, Channels 0x3, flags 0x201-01 01:14:23.567 2363 2363 W AudioFlinger: HAL output buffer size is 441 frames but AudioMixer requires multiples of 16 frames
01-01 01:14:23.567 2363 2363 I AudioFlinger: HAL output buffer size 441 frames, normal sink buffer size 896 frames
01-01 01:14:23.568 175 175 W hwservicemanager: getTransport: Cannot find entry android.hardware.audio.effect@4.0::IEffectsFactory/default in either framework or device manifest.
01-01 01:14:23.582 2368 2368 E EffectsConfig: Could not parse effect configuration in any of the default locations.
01-01 01:14:23.583 2368 2368 E EffectsFactoryConfigLoader: Failed to parse XML configuration file
01-01 01:14:23.583 2368 2368 W EffectsFactory: Failed to load XML effect configuration, fallback to .conf
01-01 01:14:23.585 2391 2391 E patchoat: Unable to open relocated image file /data/dalvik-cache/arm/system@framework@boot.art
01-01 01:14:23.588 2363 2363 I BufferProvider: found effect "Multichannel Downmix To Stereo" from The Android Open Source Project
01-01 01:14:23.590 2363 2363 I AudioFlinger: Using module 10 as the primary audio interface
01-01 01:14:23.591 2368 2368 W DeviceHAL: Error from HAL Device in function set_voice_volume: Function not implemented
01-01 01:14:23.591 2363 2363 W AudioFlinger: moveEffects() bad srcOutput 0
01-01 01:14:23.592 2362 2362 W zygote : Failed execv(/system/bin/patchoat --input-image-location=/system/framework/boot.art --output-image-directory=/data/dalvik-cache/arm --instruction-set=arm --verify) because non-0 exit status Preemptively pruning the dalvik cache.
01-01 01:14:23.592 2362 2362 I zygote : Pruning dalvik-cache since we are relocating an image and will need to recompile
01-01 01:14:23.592 2363 2403 I AudioFlinger: AudioFlinger's thread 0xb23038c0 tid=2403 ready to run
01-01 01:14:23.592 2363 2403 W AudioFlinger: no wake lock to update, system not ready yet
01-01 01:14:23.593 2362 2362 I zygote : RelocateImage: /system/bin/patchoat --input-image-location=/system/framework/boot.art --output-image-directory=/data/dalvik-cache/arm --instruction-set=arm --base-offset-delta=15880192
01-01 01:14:23.607 2363 2405 I AudioFlinger: AudioFlinger's thread 0xb20033c0 tid=2405 ready to run
01-01 01:14:23.607 2363 2363 E EffectsConfig: Could not parse effect configuration in any of the default locations.
01-01 01:14:23.607 2363 2363 W AudioPolicyEffects: Failed to load XML effect configuration, fallback to .conf
01-01 01:14:23.608 2363 2363 I : Waiting for activity service
01-01 01:14:23.630 2404 2404 E cutils-trace: Error opening trace file: No such file or directory (2)
01-01 01:14:23.633 2404 2404 W patchoat: Could not reserve sentinel fault page01-01 01:14:24.209 2404 2404 E patchoat: Writing to image file /data/dalvik-cache/arm/system@framework@boot-framework.art failed.
01-01 01:14:24.229 2404 2404 W patchoat: Current thread not detached in Runtime shutdown
01-01 01:14:24.245 2362 2362 E zygote : Could not create image space with image file '/system/framework/boot.art'. Attempting to fall back to imageless running. Error was: Cannot relocate image /system/framework/boot.art to /data/dalvik-cache/arm/system@framework@boot.art: Failed execv(/system/bin/patchoat --input-image-location=/system/framework/boot.art --output-image-directory=/data/dalvik-cache/arm --instruction-set=arm --base-offset-delta=15880192) because non-0 exit status
01-01 01:14:24.245 2362 2362 E zygote : Attempted image: /system/framework/boot.art
01-01 01:14:24.464 2362 2362 W zygote : CheckJNI: method to register "write" not in the given class. This is slow, consider changing your RegisterNatives calls.
01-01 01:14:24.466 2362 2362 I chatty : uid=0(root) main identical 44 lines
01-01 01:14:24.466 2362 2362 W zygote : CheckJNI: method to register "write" not in the given class. This is slow, consider changing your RegisterNatives calls.
01-01 01:14:24.466 2362 2362 W zygote : CheckJNI: method to register "write_non_chained" not in the given class. This is slow, consider changing your RegisterNatives calls.01-01 01:14:24.466 2362 2362 I chatty : uid=0(root) main identical 7 lines
01-01 01:14:24.466 2362 2362 W zygote : CheckJNI: method to register "write_non_chained" not in the given class. This is slow, consider changing your RegisterNatives calls.
01-01 01:14:24.580 343 343 I BootAnimation: type=1400 audit(0.0:357): avc: denied { ioctl } for path="/dev/dri/renderD128" dev="tmpfs" ino=2443 ioctlcmd=0x642e scontext=u:r:bootanim:s0 tcontext=u:object_r:device:s0 tclass=chr_file permissive=1
01-01 01:14:24.666 2362 2362 D Zygote : begin preload
01-01 01:14:24.666 2362 2362 I Zygote : Installing ICU cache reference pinning...
01-01 01:14:24.667 2362 2362 I Zygote : Preloading ICU data...
01-01 01:14:24.827 2362 2362 I Zygote : Preloading classes...
01-01 01:14:25.085 2362 2362 I PackageBackwardCompatibility: Loaded android.content.pm.OrgApacheHttpLegacyUpdater
01-01 01:14:25.086 2362 2362 I PackageBackwardCompatibility: Could not find android.content.pm.AndroidTestBaseUpdater, ignoring
01-01 01:14:26.032 2362 2362 E ActivityRecognitionHardware: activity_recognition HAL is deprecated. class_init is effectively a no-op
01-01 01:14:29.204 2362 2362 I zygote : Thread[1,tid=2362,Native,Thread*=0xa4a03000,peer=0x12c40200,"main"] recursive attempt to load library "/system/lib/libmedia_jni.so"
01-01 01:14:29.204 2362 2362 D MtpDeviceJNI: register_android_mtp_MtpDevice
01-01 01:14:29.205 2362 2362 I zygote : Thread[1,tid=2362,Native,Thread*=0xa4a03000,peer=0x12c40200,"main"] recursive attempt to load library "/system/lib/libmedia_jni.so"
01-01 01:14:29.206 2362 2362 I zygote : Thread[1,tid=2362,Native,Thread*=0xa4a03000,peer=0x12c40200,"main"] recursive attempt to load library "/system/lib/libmedia_jni.so"
01-01 01:14:29.208 2362 2362 W MediaProfiles: Could not find a validated xml file. Using the default instance instead.01-01 01:14:31.593 2362 2362 I Zygote : ...preloaded 6535 classes in 6766ms.
01-01 01:14:31.593 2362 2362 I zygote : VMRuntime.preloadDexCaches starting
01-01 01:14:31.679 2362 2362 I zygote : VMRuntime.preloadDexCaches strings total=340791 before=6167 after=6167
01-01 01:14:31.679 2362 2362 I zygote : VMRuntime.preloadDexCaches types total=31444 before=3448 after=5745
01-01 01:14:31.679 2362 2362 I zygote : VMRuntime.preloadDexCaches fields total=141481 before=5982 after=6827
01-01 01:14:31.679 2362 2362 I zygote : VMRuntime.preloadDexCaches methods total=248846 before=3173 after=8729
01-01 01:14:31.679 2362 2362 I zygote : VMRuntime.preloadDexCaches finished
01-01 01:14:31.794 2362 2362 I Zygote : Preloading resources...
01-01 01:14:31.868 2362 2362 W Resources: Preloaded drawable resource #0x1080265 (android:drawable/dialog_background_material) that varies with configuration!!
01-01 01:14:32.034 2362 2362 I Zygote : ...preloaded 64 resources in 240ms.
01-01 01:14:32.076 2362 2362 I Zygote : ...preloaded 41 resources in 43ms.
01-01 01:14:32.077 2362 2362 D vndksupport: Loading /vendor/lib/hw/android.hardware.graphics.mapper@2.0-impl.so from current namespace instead of sphal namespace.
01-01 01:14:32.079 2362 2362 D vndksupport: Loading /vendor/lib/egl/libGLES_mesa.so from current namespace instead of sphal namespace.
01-01 01:14:32.083 2362 2362 D libEGL : loaded /vendor/lib/egl/libGLES_mesa.so01-01 01:14:32.070 2362 2362 I main : type=1400 audit(0.0:360): avc: denied { read } for name="libglapi.so" dev="mmcblk2p13" ino=2483 scontext=u:r:zygote:s0 tcontext=u:object_r:vendor_file:s0 tclass=file permissive=1
01-01 01:14:32.235 2362 2362 I Zygote : Preloading shared libraries...
01-01 01:14:32.070 2362 2362 I main : type=1400 audit(0.0:362): avc: denied { getattr } for path="/system/vendor/lib/libglapi.so" dev="mmcblk2p13" ino=2483 scontext=u:r:zygote:s0 tcontext=u:object_r:vendor_file:s0 tclass=file permissive=1
01-01 01:14:32.245 2362 2362 I Zygote : Uninstalled ICU cache reference pinning...
01-01 01:14:32.267 2362 2362 I Zygote : Installed AndroidKeyStoreProvider in 22ms.
01-01 01:14:32.070 2362 2362 I main : type=1400 audit(0.0:363): avc: denied { map } for path="/system/vendor/lib/libglapi.so" dev="mmcblk2p13" ino=2483 scontext=u:r:zygote:s0 tcontext=u:object_r:vendor_file:s0 tclass=file permissive=1
01-01 01:14:32.542 2362 2362 I Zygote : Warmed up JCA providers in 275ms.
01-01 01:14:32.542 2362 2362 D Zygote : end preload
01-01 01:14:32.659 2362 2362 I zygote : Explicit concurrent copying GC freed 22999(1264KB) AllocSpace objects, 1(20KB) LOS objects, 53% free, 5MB/11MB, paused 81us total 114.136ms
01-01 01:14:32.775 2362 2362 I zygote : Explicit concurrent copying GC freed 1664(97KB) AllocSpace objects, 0(0B) LOS objects, 53% free, 5MB/11MB, paused 55us total 103.454ms01-01 01:14:32.982 2362 2362 I Zygote : System server process 2411 has been created
01-01 01:14:32.984 2411 2411 I Zygote : seccomp disabled by setenforce 0
01-01 01:14:32.985 2362 2362 I Zygote : Accepting command socket connections
01-01 01:14:33.014 2411 2411 W system_server: Unable to get runtime image info: Unable to find a relocated version of image file /system/framework/boot.art
01-01 01:14:33.017 2411 2411 E Zygote : System zygote died with exception
01-01 01:14:33.017 2411 2411 E Zygote : java.lang.NullPointerException: Attempt to invoke interface method 'void android.os.IInstalld.dexopt(java.lang.String, int, java.lang.String, java.lang.String, int, java.lang.String, int, java.lang.String, java.lang.String, java.lang.String, java.lang.String, boolean, int, java.lang.String, java.lang.String, java.lang.String)' on a null object reference
01-01 01:14:33.017 2411 2411 E Zygote : at com.android.internal.os.ZygoteInit.performSystemServerDexOpt(ZygoteInit.java:610)
01-01 01:14:33.017 2411 2411 E Zygote : at com.android.internal.os.ZygoteInit.handleSystemServerProcess(ZygoteInit.java:463)
01-01 01:14:33.017 2411 2411 E Zygote : at com.android.internal.os.ZygoteInit.forkSystemServer(ZygoteInit.java:730)
01-01 01:14:33.017 2411 2411 E Zygote : at com.android.internal.os.ZygoteInit.main(ZygoteInit.java:833)
01-01 01:14:33.017 2411 2411 D AndroidRuntime: Shutting down VM01-01 01:14:33.252 2411 2411 W system_server: ConditionVariable::~ConditionVariable for Thread resumption condition variable called with 1 waiters.
01-01 01:14:33.277 2362 2362 I Zygote : Process 2411 exited cleanly (0)
01-01 01:14:33.277 2362 2362 E Zygote : Exit zygote because system server (2411) has terminated
01-01 01:14:33.349 174 174 I ServiceManager: service 'media.audio_flinger' died
01-01 01:14:33.402 174 174 I ServiceManager: service 'media.player' died
01-01 01:14:33.402 174 174 I ServiceManager: service 'media.resource_manager' died
01-01 01:14:33.427 174 174 I ServiceManager: service 'netd' died
01-01 01:14:33.569 174 174 I ServiceManager: service 'wificond' died
01-01 01:14:33.604 2428 2428 D audiohalservice: Init hw binder with mem size = 1024
01-01 01:14:33.605 2428 2428 E cutils-trace: Error opening trace file: No such file or directory (2)
01-01 01:14:33.605 175 175 W hwservicemanager: getTransport: Cannot find entry android.hardware.audio@4.0::IDevicesFactory/default in either framework or device manifest.
01-01 01:14:33.606 2428 2428 E audiohalservice: Could not get passthrough implementation for android.hardware.audio@4.0::IDevicesFactory/default.
01-01 01:14:33.607 2428 2428 D vndksupport: Loading /vendor/lib/hw/android.hardware.audio@2.0-impl.so from current namespace instead of sphal namespace.
01-01 01:14:33.624 2428 2428 I ServiceManagement: Removing namespace from process name android.hardware.audio@2.0-service to audio@2.0-service.
01-01 01:14:33.626 2428 2428 I audiohalservice: Registration complete for android.hardware.audio@2.0::IDevicesFactory/default.
01-01 01:14:33.626 175 175 W hwservicemanager: getTransport: Cannot find entry android.hardware.audio.effect@4.0::IEffectsFactory/default in either framework or device manifest.
01-01 01:14:33.627 2426 2426 I Netd : Netd 1.0 starting
01-01 01:14:33.627 2428 2428 E audiohalservice: Could not get passthrough implementation for android.hardware.audio.effect@4.0::IEffectsFactory/default.
01-01 01:14:33.627 2426 2426 D TetherController: Setting IP forward enable = 0
01-01 01:14:33.628 2428 2428 D vndksupport: Loading /vendor/lib/hw/android.hardware.audio.effect@2.0-impl.so from current namespace instead of sphal namespace.
01-01 01:14:33.641 2428 2428 I audiohalservice: Registration complete for android.hardware.audio.effect@2.0::IEffectsFactory/default.
01-01 01:14:33.642 175 175 W hwservicemanager: getTransport: Cannot find entry android.hardware.soundtrigger@2.1::ISoundTriggerHw/default in either framework or device manifest.
01-01 01:14:33.642 2428 2428 E audiohalservice: Could not get passthrough implementation for android.hardware.soundtrigger@2.1::ISoundTriggerHw/default.
01-01 01:14:33.643 175 175 W hwservicemanager: getTransport: Cannot find entry android.hardware.soundtrigger@2.0::ISoundTriggerHw/default in either framework or device manifest.
01-01 01:14:33.643 2428 2428 D vndksupport: Loading /vendor/lib/hw/android.hardware.soundtrigger@2.0-impl.so from current namespace instead of sphal namespace.
01-01 01:14:33.645 2428 2428 E SoundTriggerHalImpl: couldn't load sound trigger module sound_trigger.primary (No such file or directory)
01-01 01:14:33.659 2428 2428 I audiohalservice: Registration complete for android.hardware.soundtrigger@2.0::ISoundTriggerHw/default.
01-01 01:14:33.660 175 175 W hwservicemanager: getTransport: Cannot find entry android.hardware.bluetooth.a2dp@1.0::IBluetoothAudioOffload/default in either framework or device manifest.
01-01 01:14:33.660 2428 2428 E audiohalservice: Could not get passthrough implementation for android.hardware.bluetooth.a2dp@1.0::IBluetoothAudioOffload/default.
01-01 01:14:33.660 2428 2428 W audiohalservice: Could not register Bluetooth audio offload 1.001-01 01:14:33.700 2426 2426 I Netd : Creating child chains: 52.6ms
01-01 01:14:33.700 2426 2426 I Netd : Setting up OEM hooks: 0.1ms
01-01 01:14:33.700 2426 2426 I Netd : Setting up FirewallController hooks: 0.0ms
01-01 01:14:33.717 2426 2426 I Netd : Setting up TetherController hooks: 17.4ms
01-01 01:14:33.720 2426 2426 I Netd : Setting up BandwidthController hooks: 2.6ms
01-01 01:14:33.720 2426 2426 I Netd : Setting up IdletimerController hooks: 0.1ms
01-01 01:14:33.720 2426 2426 E Netd : failed to start trafficcontroller: (Status[code: 1, msg: "[Operation not permitted] : map create failed!: /sys/fs/bpf/traffic_cookie_tag_map"])
01-01 01:14:33.720 2426 2426 I Netd : initializing traffic control: 0.2ms
01-01 01:14:33.769 2426 2426 W IptablesRestoreController: iptables-restore process 2431 terminated status=256
01-01 01:14:33.770 2426 2426 E IptablesRestoreController: iptables error:
01-01 01:14:33.770 2426 2426 E IptablesRestoreController: ------- COMMAND -------
01-01 01:14:33.770 2426 2426 E IptablesRestoreController: *filter
01-01 01:14:33.770 2426 2426 E IptablesRestoreController: -A bw_INPUT -p esp -j RETURN
01-01 01:14:33.770 2426 2426 E IptablesRestoreController: -A bw_INPUT -m mark --mark 0x100000/0x100000 -j RETURN
01-01 01:14:33.770 2426 2426 E IptablesRestoreController: -A bw_INPUT -m owner --socket-exists
01-01 01:14:33.770 2426 2426 E IptablesRestoreController: -A bw_INPUT -j MARK --or-mark 0x100000
01-01 01:14:33.770 2426 2426 E IptablesRestoreController: -A bw_OUTPUT -o ipsec+ -j RETURN
01-01 01:14:33.770 2426 2426 E IptablesRestoreController: -A bw_OUTPUT -m policy --pol ipsec --dir out -j RETURN
01-01 01:14:33.770 2426 2426 E IptablesRestoreController: -A bw_OUTPUT -m owner --socket-exists
01-01 01:14:33.770 2426 2426 E IptablesRestoreController: -A bw_costly_shared --jump bw_penalty_box
01-01 01:14:33.770 2426 2426 E IptablesRestoreController: -A bw_penalty_box --jump bw_happy_box
01-01 01:14:33.770 2426 2426 E IptablesRestoreController: -A bw_happy_box --jump bw_data_saver
01-01 01:14:33.770 2426 2426 E IptablesRestoreController: -A bw_data_saver -j RETURN
01-01 01:14:33.770 2426 2426 E IptablesRestoreController: -I bw_happy_box -m owner --uid-owner 0-9999 --jump RETURN
01-01 01:14:33.770 2426 2426 E IptablesRestoreController: COMMIT
01-01 01:14:33.770 2426 2426 E IptablesRestoreController: *raw
01-01 01:14:33.770 2426 2426 E IptablesRestoreController: -A bw_raw_PREROUTING -i ipsec+ -j RETURN
01-01 01:14:33.770 2426 2426 E IptablesRestoreController: -A bw_raw_PREROUTING -m policy --pol ipsec --dir in -j RETURN
01-01 01:14:33.770 2426 2426 E IptablesRestoreController: -A bw_raw_PREROUTING -m owner --socket-exists
01-01 01:14:33.770 2426 2426 E IptablesRestoreController:
01-01 01:14:33.770 2426 2426 E IptablesRestoreController: COMMIT
01-01 01:14:33.770 2426 2426 E IptablesRestoreController: *mangle
01-01 01:14:33.770 2426 2426 E IptablesRestoreController: -A bw_mangle_POSTROUTING -o ipsec+ -j RETURN
01-01 01:14:33.770 2426 2426 E IptablesRestoreController: -A bw_mangle_POSTROUTING -m policy --pol ipsec --dir out -j RETURN
01-01 01:14:33.770 2426 2426 E IptablesRestoreController: -A bw_mangle_POSTROUTING -m owner --socket-exists
01-01 01:14:33.770 2426 2426 E IptablesRestoreController: -A bw_mangle_POSTROUTING -j MARK --set-mark 0x0/0x100000
01-01 01:14:33.770 2426 2426 E IptablesRestoreController:
01-01 01:14:33.770 2426 2426 E IptablesRestoreController: COMMIT
01-01 01:14:33.770 2426 2426 E IptablesRestoreController:
01-01 01:14:33.770 2426 2426 E IptablesRestoreController: ------- ERROR -------
01-01 01:14:33.770 2426 2426 E IptablesRestoreController: iptables-restore: line 154 failed
01-01 01:14:33.770 2426 2426 E IptablesRestoreController: ----------------------01-01 01:14:33.801 2426 2426 W IptablesRestoreController: iptables-restore process 2432 terminated status=256
01-01 01:14:33.801 2426 2426 E IptablesRestoreController: iptables error:
01-01 01:14:33.801 2426 2426 E IptablesRestoreController: ------- COMMAND -------
01-01 01:14:33.801 2426 2426 E IptablesRestoreController: *filter
01-01 01:14:33.801 2426 2426 E IptablesRestoreController: -A bw_INPUT -p esp -j RETURN
01-01 01:14:33.801 2426 2426 E IptablesRestoreController: -A bw_INPUT -m mark --mark 0x100000/0x100000 -j RETURN
01-01 01:14:33.801 2426 2426 E IptablesRestoreController: -A bw_INPUT -m owner --socket-exists
01-01 01:14:33.801 2426 2426 E IptablesRestoreController: -A bw_INPUT -j MARK --or-mark 0x100000
01-01 01:14:33.801 2426 2426 E IptablesRestoreController: -A bw_OUTPUT -o ipsec+ -j RETURN
01-01 01:14:33.801 2426 2426 E IptablesRestoreController: -A bw_OUTPUT -m policy --pol ipsec --dir out -j RETURN
01-01 01:14:33.801 2426 2426 E IptablesRestoreController: -A bw_OUTPUT -m owner --socket-exists
01-01 01:14:33.801 2426 2426 E IptablesRestoreController: -A bw_costly_shared --jump bw_penalty_box
01-01 01:14:33.801 2426 2426 E IptablesRestoreController: -A bw_penalty_box --jump bw_happy_box
01-01 01:14:33.801 2426 2426 E IptablesRestoreController: -A bw_happy_box --jump bw_data_saver
01-01 01:14:33.801 2426 2426 E IptablesRestoreController: -A bw_data_saver -j RETURN
01-01 01:14:33.801 2426 2426 E IptablesRestoreController: -I bw_happy_box -m owner --uid-owner 0-9999 --jump RETURN
01-01 01:14:33.801 2426 2426 E IptablesRestoreController: COMMIT
01-01 01:14:33.801 2426 2426 E IptablesRestoreController: *raw
01-01 01:14:33.801 2426 2426 E IptablesRestoreController: -A bw_raw_PREROUTING -i ipsec+ -j RETURN
01-01 01:14:33.801 2426 2426 E IptablesRestoreController: -A bw_raw_PREROUTING -m policy --pol ipsec --dir in -j RETURN
01-01 01:14:33.801 2426 2426 E IptablesRestoreController: -A bw_raw_PREROUTING -m owner --socket-exists
01-01 01:14:33.801 2426 2426 E IptablesRestoreController:
01-01 01:14:33.801 2426 2426 E IptablesRestoreController: COMMIT
01-01 01:14:33.801 2426 2426 E IptablesRestoreController: *mangle
01-01 01:14:33.801 2426 2426 E IptablesRestoreController: -A bw_mangle_POSTROUTING -o ipsec+ -j RETURN
01-01 01:14:33.801 2426 2426 E IptablesRestoreController: -A bw_mangle_POSTROUTING -m policy --pol ipsec --dir out -j RETURN
01-01 01:14:33.801 2426 2426 E IptablesRestoreController: -A bw_mangle_POSTROUTING -m owner --socket-exists
01-01 01:14:33.801 2426 2426 E IptablesRestoreController: -A bw_mangle_POSTROUTING -j MARK --set-mark 0x0/0x100000
01-01 01:14:33.801 2426 2426 E IptablesRestoreController:
01-01 01:14:33.801 2426 2426 E IptablesRestoreController: COMMIT
01-01 01:14:33.801 2426 2426 E IptablesRestoreController:
01-01 01:14:33.801 2426 2426 E IptablesRestoreController: ------- ERROR -------
01-01 01:14:33.801 2426 2426 E IptablesRestoreController: ip6tables-restore: line 127 failed
01-01 01:14:33.801 2426 2426 E IptablesRestoreController: ----------------------
01-01 01:14:33.801 2426 2426 I Netd : Disabling bandwidth control: 81.6ms01-01 01:14:33.790 2426 2426 I netd : type=1400 audit(0.0:365): avc: denied { module_request } for kmod="netdev-dummy0" scontext=u:r:netd:s0 tcontext=u:r:kernel:s0 tclass=system permissive=1
01-01 01:14:33.810 2426 2426 I netd : type=1400 audit(0.0:366): avc: denied { sys_module } for capability=16 scontext=u:r:netd:s0 tcontext=u:r:netd:s0 tclass=capability permissive=1
01-01 01:14:33.829 2426 2426 E Netd : cannot find interface dummy0
01-01 01:14:33.829 2426 2426 I Netd : Initializing RouteController: 27.7ms
01-01 01:14:33.829 2426 2426 D XfrmController: Sending Netlink XFRM Message: XFRM_MSG_FLUSHSA
01-01 01:14:33.830 2426 2426 D XfrmController: [0016]: 140000001c0005000000000000000000
01-01 01:14:33.830 2426 2426 D XfrmController: [0001]: ff
01-01 01:14:33.830 2426 2426 D XfrmController: [0003]: 000000
01-01 01:14:33.830 2426 2426 D XfrmController: {netlink msg resp}[0036]: 2400000002000001000000007a09000000000000140000001c0005000000000000000000
01-01 01:14:33.830 2426 2426 D XfrmController: Sending Netlink XFRM Message: XFRM_MSG_FLUSHPOLICY
01-01 01:14:33.830 2426 2426 D XfrmController: [0016]: 100000001d0005000000000000000000
01-01 01:14:33.830 2426 2426 D XfrmController: {netlink msg resp}[0036]: 2400000002000001000000007a09000000000000100000001d0005000000000000000000
01-01 01:14:33.830 2426 2426 I Netd : Initializing XfrmController: 0.6ms
01-01 01:14:33.839 2426 2426 E Netd : Unable to create netlink socket: Protocol not supported
01-01 01:14:33.839 2426 2426 W Netd : Unable to open qlog quota socket, check if xt_quota2 can send via UeventHandler
01-01 01:14:33.839 2426 2426 D MDnsDS : MDnsSdListener::Hander starting up
01-01 01:14:33.841 2426 2426 I Netd : Registering NetdNativeService: 1.3ms
01-01 01:14:33.841 2426 2426 I Netd : Starting CommandListener: 0.2ms
01-01 01:14:33.842 2426 2426 E cutils-trace: Error opening trace file: No such file or directory (2)
01-01 01:14:33.844 2426 2426 I Netd : Registering NetdHwService: 2.3ms
01-01 01:14:33.844 2426 2426 I Netd : Netd started in 217ms01-01 01:14:33.851 2426 2442 D MDnsDS : MDnsSdListener starting to monitor
01-01 01:14:33.851 2426 2442 D MDnsDS : Going to poll with pollCount 1
01-01 01:14:34.012 2424 2424 I cameraserver: ServiceManager: 0xa8a1c100
01-01 01:14:34.012 2424 2424 I CameraService: CameraService started (pid=2424)
01-01 01:14:34.012 2424 2424 I CameraService: CameraService process starting
01-01 01:14:34.016 2424 2424 W BatteryNotifier: batterystats service unavailable!
01-01 01:14:34.016 2424 2424 W BatteryNotifier: batterystats service unavailable!
01-01 01:14:34.017 2424 2424 E cutils-trace: Error opening trace file: No such file or directory (2)
01-01 01:14:34.019 175 175 W hwservicemanager: getTransport: Cannot find entry android.hardware.camera.provider@2.4::ICameraProvider/legacy/0 in either framework or device manifest.
01-01 01:14:34.020 175 175 W hwservicemanager: getTransport: Cannot find entry android.hardware.camera.provider@2.4::ICameraProvider/external/0 in either framework or device manifest.
01-01 01:14:34.028 2424 2424 I : Waiting for activity service
01-01 01:14:34.068 2422 2422 D AndroidRuntime: >>>>>> START com.android.internal.os.ZygoteInit uid 0 <<<<<<
01-01 01:14:34.088 2422 2422 E cutils-trace: Error opening trace file: No such file or directory (2)01-01 01:14:34.089 2422 2422 I zygote : option[0]=-Xzygote
01-01 01:14:34.089 2422 2422 I zygote : option[1]=-Xcheck:jni
01-01 01:14:34.089 2422 2422 I zygote : option[2]=-Xusetombstonedtraces
01-01 01:14:34.089 2422 2422 I zygote : option[3]=exit
01-01 01:14:34.089 2422 2422 I zygote : option[4]=vfprintf
01-01 01:14:34.089 2422 2422 I zygote : option[5]=sensitiveThread
01-01 01:14:34.089 2422 2422 I zygote : option[6]=-verbose:gc
01-01 01:14:34.089 2422 2422 I zygote : option[7]=-Xms4m
01-01 01:14:34.089 2422 2422 I zygote : option[8]=-Xmx16m
01-01 01:14:34.089 2422 2422 I zygote : option[9]=-Xusejit:true
01-01 01:14:34.089 2422 2422 I zygote : option[10]=-Xjitsaveprofilinginfo
01-01 01:14:34.089 2422 2422 I zygote : option[11]=-XjdwpOptions:suspend=n,server=y
01-01 01:14:34.089 2422 2422 I zygote : option[12]=-XjdwpProvider:default
01-01 01:14:34.089 2422 2422 I zygote : option[13]=-Xlockprofthreshold:500
01-01 01:14:34.090 2422 2422 I zygote : option[14]=-Ximage-compiler-option
01-01 01:14:34.090 2422 2422 I zygote : option[15]=--runtime-arg
01-01 01:14:34.090 2422 2422 I zygote : option[16]=-Ximage-compiler-option
01-01 01:14:34.090 2422 2422 I zygote : option[17]=-Xms64m
01-01 01:14:34.090 2422 2422 I zygote : option[18]=-Ximage-compiler-option
01-01 01:14:34.090 2422 2422 I zygote : option[19]=--runtime-arg
01-01 01:14:34.090 2422 2422 I zygote : option[20]=-Ximage-compiler-option
01-01 01:14:34.090 2422 2422 I zygote : option[21]=-Xmx64m
01-01 01:14:34.090 2422 2422 I zygote : option[22]=-Ximage-compiler-option
01-01 01:14:34.090 2422 2422 I zygote : option[23]=--compiler-filter=verify-at-runtime
01-01 01:14:34.090 2422 2422 I zygote : option[24]=-Ximage-compiler-option
01-01 01:14:34.090 2422 2422 I zygote : option[25]=--profile-file=/system/etc/boot-image.prof
01-01 01:14:34.090 2422 2422 I zygote : option[26]=-Ximage-compiler-option
01-01 01:14:34.090 2422 2422 I zygote : option[27]=--compiler-filter=speed-profile
01-01 01:14:34.090 2422 2422 I zygote : option[28]=-Xcompiler-option
01-01 01:14:34.090 2422 2422 I zygote : option[29]=--runtime-arg
01-01 01:14:34.090 2422 2422 I zygote : option[30]=-Xcompiler-option
01-01 01:14:34.090 2422 2422 I zygote : option[31]=-Xms64m
01-01 01:14:34.090 2422 2422 I zygote : option[32]=-Xcompiler-option
01-01 01:14:34.090 2422 2422 I zygote : option[33]=--runtime-arg
01-01 01:14:34.090 2422 2422 I zygote : option[34]=-Xcompiler-option
01-01 01:14:34.090 2422 2422 I zygote : option[35]=-Xmx512m
01-01 01:14:34.090 2422 2422 I zygote : option[36]=-Ximage-compiler-option
01-01 01:14:34.090 2422 2422 I zygote : option[37]=--instruction-set-variant=cortex-a9
01-01 01:14:34.090 2422 2422 I zygote : option[38]=-Xcompiler-option
01-01 01:14:34.090 2422 2422 I zygote : option[39]=--instruction-set-variant=cortex-a9
01-01 01:14:34.091 2422 2422 I zygote : option[40]=-Ximage-compiler-option
01-01 01:14:34.091 2422 2422 I zygote : option[41]=--instruction-set-features=default
01-01 01:14:34.091 2422 2422 I zygote : option[42]=-Xcompiler-option
01-01 01:14:34.091 2422 2422 I zygote : option[43]=--instruction-set-features=default
01-01 01:14:34.091 2422 2422 I zygote : option[44]=-Duser.locale=en-US
01-01 01:14:34.091 2422 2422 I zygote : option[45]=--cpu-abilist=armeabi-v7a,armeabi
01-01 01:14:34.091 2422 2422 I zygote : option[46]=-Xfingerprint:Putti/lineage_i9305/i9305:9/PQ3A.190505.002/replicant06090314:eng/test-keys
01-01 01:14:34.114 2422 2422 W zygote : Could not reserve sentinel fault page
01-01 01:14:34.128 2422 2422 I zygote : VerifyImage: /system/bin/patchoat --input-image-location=/system/framework/boot.art --output-image-directory=/data/dalvik-cache/arm --instruction-set=arm --verify01-01 01:14:34.199 2450 2450 E cutils-trace: Error opening trace file: No such file or directory (2)
01-01 01:14:34.204 2450 2450 W patchoat: Could not reserve sentinel fault page
01-01 01:14:34.227 2425 2425 I mediaserver: ServiceManager: 0xaca1c1c0
01-01 01:14:34.232 2425 2425 W BatteryNotifier: batterystats service unavailable!
01-01 01:14:34.263 2450 2450 E patchoat: Unable to open relocated image file /data/dalvik-cache/arm/system@framework@boot.art
01-01 01:14:34.279 2422 2422 W zygote : Failed execv(/system/bin/patchoat --input-image-location=/system/framework/boot.art --output-image-directory=/data/dalvik-cache/arm --instruction-set=arm --verify) because non-0 exit status Preemptively pruning the dalvik cache.
01-01 01:14:34.280 2422 2422 I zygote : Pruning dalvik-cache since we are relocating an image and will need to recompile
01-01 01:14:34.280 2422 2422 I zygote : RelocateImage: /system/bin/patchoat --input-image-location=/system/framework/boot.art --output-image-directory=/data/dalvik-cache/arm --instruction-set=arm --base-offset-delta=-9064448
01-01 01:14:34.342 2452 2452 E cutils-trace: Error opening trace file: No such file or directory (2)
01-01 01:14:34.347 2452 2452 W patchoat: Could not reserve sentinel fault page
01-01 01:14:34.454 2423 2423 I FastMixerState: sMaxFastTracks = 801-01 01:14:34.460 2423 2423 V MediaUtils: physMem: 2108141568
01-01 01:14:34.460 2423 2423 V MediaUtils: requested limit: 421628300
01-01 01:14:34.460 2423 2423 V MediaUtils: actual limit: 421628300
01-01 01:14:34.460 2423 2423 V MediaUtils: original limits: 4294967295/4294967295
01-01 01:14:34.460 2423 2423 V MediaUtils: new limits: 421628300/4294967295
01-01 01:14:34.461 2423 2423 I audioserver: ServiceManager: 0xb2b1c100
01-01 01:14:34.461 2423 2423 W BatteryNotifier: batterystats service unavailable!
01-01 01:14:34.462 2423 2423 E cutils-trace: Error opening trace file: No such file or directory (2)
01-01 01:14:34.464 175 175 W hwservicemanager: getTransport: Cannot find entry android.hardware.audio@4.0::IDevicesFactory/default in either framework or device manifest.
01-01 01:14:34.469 175 175 W hwservicemanager: getTransport: Cannot find entry android.hardware.audio@2.0::IDevicesFactory/msd in either framework or device manifest.
01-01 01:14:34.470 175 175 W hwservicemanager: getTransport: Cannot find entry android.hardware.audio.effect@4.0::IEffectsFactory/default in either framework or device manifest.
01-01 01:14:34.473 2423 2423 I AudioFlinger: Using default 3000 mSec as standby time.
01-01 01:14:34.475 2423 2423 E APM_AudioPolicyManager: could not load audio policy configuration file, setting defaults01-01 01:14:34.477 2428 2453 D vndksupport: Loading /vendor/lib/hw/audio.primary.default.so from current namespace instead of sphal namespace.
01-01 01:14:34.493 2428 2453 W DeviceHAL: Error from HAL Device in function get_master_volume: Function not implemented
01-01 01:14:34.493 2428 2453 W DeviceHAL: Error from HAL Device in function get_master_mute: Function not implemented
01-01 01:14:34.494 2428 2453 W DeviceHAL: Error from HAL Device in function set_master_volume: Function not implemented
01-01 01:14:34.494 2428 2453 W DeviceHAL: Error from HAL Device in function set_master_mute: Function not implemented
01-01 01:14:34.494 2423 2423 I AudioFlinger: loadHwModule() Loaded primary audio interface, handle 10
01-01 01:14:34.494 2423 2423 I AudioFlinger: openOutput() this 0xb2b3e000, module 10 Device 0x2, SamplingRate 44100, Format 0x000001, Channels 0x3, flags 0x2
01-01 01:14:34.509 2423 2423 W AudioFlinger: HAL output buffer size is 441 frames but AudioMixer requires multiples of 16 frames
01-01 01:14:34.509 2423 2423 I AudioFlinger: HAL output buffer size 441 frames, normal sink buffer size 896 frames
01-01 01:14:34.511 175 175 W hwservicemanager: getTransport: Cannot find entry android.hardware.audio.effect@4.0::IEffectsFactory/default in either framework or device manifest.
01-01 01:14:34.528 2428 2453 E EffectsConfig: Could not parse effect configuration in any of the default locations.
01-01 01:14:34.528 2428 2453 E EffectsFactoryConfigLoader: Failed to parse XML configuration file
01-01 01:14:34.528 2428 2453 W EffectsFactory: Failed to load XML effect configuration, fallback to .conf
01-01 01:14:34.536 2423 2423 I BufferProvider: found effect "Multichannel Downmix To Stereo" from The Android Open Source Project
01-01 01:14:34.540 2423 2464 I AudioFlinger: AudioFlinger's thread 0xb2103ac0 tid=2464 ready to run01-01 01:14:34.543 2423 2464 W AudioFlinger: no wake lock to update, system not ready yet
01-01 01:14:34.543 2423 2423 I AudioFlinger: Using module 10 as the primary audio interface
01-01 01:14:34.544 2423 2464 W AudioFlinger: no wake lock to update, system not ready yet
01-01 01:14:34.544 2428 2462 W DeviceHAL: Error from HAL Device in function set_voice_volume: Function not implemented
01-01 01:14:34.545 2423 2423 W AudioFlinger: moveEffects() bad srcOutput 0
01-01 01:14:34.569 2423 2465 I AudioFlinger: AudioFlinger's thread 0xb1e03380 tid=2465 ready to run
01-01 01:14:34.572 2423 2423 E EffectsConfig: Could not parse effect configuration in any of the default locations.
01-01 01:14:34.572 2423 2423 W AudioPolicyEffects: Failed to load XML effect configuration, fallback to .conf
01-01 01:14:34.573 2423 2423 I : Waiting for activity service
01-01 01:14:34.962 2452 2452 E patchoat: Writing to image file /data/dalvik-cache/arm/system@framework@boot-framework.art failed.
01-01 01:14:34.985 2452 2452 W patchoat: Current thread not detached in Runtime shutdown
01-01 01:14:35.015 2422 2422 E zygote : Could not create image space with image file '/system/framework/boot.art'. Attempting to fall back to imageless running. Error was: Cannot relocate image /system/framework/boot.art to /data/dalvik-cache/arm/system@framework@boot.art: Failed execv(/system/bin/patchoat --input-image-location=/system/framework/boot.art --output-image-directory=/data/dalvik-cache/arm --instruction-set=arm --base-offset-delta=-9064448) because non-0 exit status
01-01 01:14:35.015 2422 2422 E zygote : Attempted image: /system/framework/boot.art01-01 01:14:35.380 2422 2422 W zygote : CheckJNI: method to register "write" not in the given class. This is slow, consider changing your RegisterNatives calls.
01-01 01:14:35.382 2422 2422 I chatty : uid=0(root) main identical 44 lines
01-01 01:14:35.382 2422 2422 W zygote : CheckJNI: method to register "write" not in the given class. This is slow, consider changing your RegisterNatives calls.
01-01 01:14:35.382 2422 2422 W zygote : CheckJNI: method to register "write_non_chained" not in the given class. This is slow, consider changing your RegisterNatives calls.
01-01 01:14:35.383 2422 2422 I chatty : uid=0(root) main identical 7 lines
01-01 01:14:35.383 2422 2422 W zygote : CheckJNI: method to register "write_non_chained" not in the given class. This is slow, consider changing your RegisterNatives calls.
01-01 01:14:35.716 2422 2422 D Zygote : begin preload
01-01 01:14:35.716 2422 2422 I Zygote : Installing ICU cache reference pinning...
01-01 01:14:35.717 2422 2422 I Zygote : Preloading ICU data...
01-01 01:14:35.990 2422 2422 I Zygote : Preloading classes...
01-01 01:14:36.440 2422 2422 I PackageBackwardCompatibility: Loaded android.content.pm.OrgApacheHttpLegacyUpdater
01-01 01:14:36.441 2422 2422 I PackageBackwardCompatibility: Could not find android.content.pm.AndroidTestBaseUpdater, ignoring01-01 01:14:38.039 2422 2422 E ActivityRecognitionHardware: activity_recognition HAL is deprecated. class_init is effectively a no-op
01-01 01:14:40.050 197 197 I healthd : type=1400 audit(0.0:367): avc: denied { read } for name="present" dev="sysfs" ino=30723 scontext=u:r:healthd:s0 tcontext=u:object_r:sysfs:s0 tclass=file permissive=1
01-01 01:14:41.555 2422 2422 I zygote : Thread[1,tid=2422,Native,Thread*=0xb2583000,peer=0x12c40138,"main"] recursive attempt to load library "/system/lib/libmedia_jni.so"
01-01 01:14:41.556 2422 2422 D MtpDeviceJNI: register_android_mtp_MtpDevice
01-01 01:14:41.557 2422 2422 I zygote : Thread[1,tid=2422,Native,Thread*=0xb2583000,peer=0x12c40138,"main"] recursive attempt to load library "/system/lib/libmedia_jni.so"
01-01 01:14:41.558 2422 2422 I zygote : Thread[1,tid=2422,Native,Thread*=0xb2583000,peer=0x12c40138,"main"] recursive attempt to load library "/system/lib/libmedia_jni.so"
01-01 01:14:41.560 2422 2422 W MediaProfiles: Could not find a validated xml file. Using the default instance instead.
01-01 01:14:43.949 2422 2422 I Zygote : ...preloaded 6535 classes in 7960ms.
01-01 01:14:43.950 2422 2422 I zygote : VMRuntime.preloadDexCaches starting
01-01 01:14:44.036 2422 2422 I zygote : VMRuntime.preloadDexCaches strings total=340791 before=6167 after=616701-01 01:14:44.036 2422 2422 I zygote : VMRuntime.preloadDexCaches types total=31444 before=3448 after=5745
01-01 01:14:44.037 2422 2422 I zygote : VMRuntime.preloadDexCaches fields total=141481 before=5982 after=6827
01-01 01:14:44.037 2422 2422 I zygote : VMRuntime.preloadDexCaches methods total=248846 before=3173 after=8729
01-01 01:14:44.037 2422 2422 I zygote : VMRuntime.preloadDexCaches finished
01-01 01:14:44.153 2422 2422 I Zygote : Preloading resources...
01-01 01:14:44.228 2422 2422 W Resources: Preloaded drawable resource #0x1080265 (android:drawable/dialog_background_material) that varies with configuration!!
01-01 01:14:44.393 2422 2422 I Zygote : ...preloaded 64 resources in 239ms.
01-01 01:14:44.438 2422 2422 I Zygote : ...preloaded 41 resources in 45ms.
01-01 01:14:44.438 2422 2422 D vndksupport: Loading /vendor/lib/hw/android.hardware.graphics.mapper@2.0-impl.so from current namespace instead of sphal namespace.
01-01 01:14:44.441 2422 2422 D vndksupport: Loading /vendor/lib/egl/libGLES_mesa.so from current namespace instead of sphal namespace.
01-01 01:14:44.443 2422 2422 D libEGL : loaded /vendor/lib/egl/libGLES_mesa.so
01-01 01:14:44.595 2422 2422 I Zygote : Preloading shared libraries...01-01 01:14:44.605 2422 2422 I Zygote : Uninstalled ICU cache reference pinning...
01-01 01:14:44.627 2422 2422 I Zygote : Installed AndroidKeyStoreProvider in 22ms.
01-01 01:14:44.900 2422 2422 I Zygote : Warmed up JCA providers in 273ms.
01-01 01:14:44.900 2422 2422 D Zygote : end preload
01-01 01:14:45.015 2422 2422 I zygote : Explicit concurrent copying GC freed 23460(1295KB) AllocSpace objects, 1(20KB) LOS objects, 53% free, 5MB/11MB, paused 90us total 114.470ms
01-01 01:14:45.129 2422 2422 I zygote : Explicit concurrent copying GC freed 1664(97KB) AllocSpace objects, 0(0B) LOS objects, 53% free, 5MB/11MB, paused 57us total 99.341ms
01-01 01:14:45.338 2422 2422 I Zygote : System server process 2472 has been created
01-01 01:14:45.340 2472 2472 I Zygote : seccomp disabled by setenforce 0
01-01 01:14:45.341 2422 2422 I Zygote : Accepting command socket connections
01-01 01:14:45.357 2472 2472 W system_server: Unable to get runtime image info: Unable to find a relocated version of image file /system/framework/boot.art
01-01 01:14:45.360 2472 2472 E Zygote : System zygote died with exception
01-01 01:14:45.360 2472 2472 E Zygote : java.lang.NullPointerException: Attempt to invoke interface method 'void android.os.IInstalld.dexopt(java.lang.String, int, java.lang.String, java.lang.String, int, java.lang.String, int, java.lang.String, java.lang.String, java.lang.String, java.lang.String, boolean, int, java.lang.String, java.lang.String, java.lang.String)' on a null object reference
01-01 01:14:45.360 2472 2472 E Zygote : at com.android.internal.os.ZygoteInit.performSystemServerDexOpt(ZygoteInit.java:610)
01-01 01:14:45.360 2472 2472 E Zygote : at com.android.internal.os.ZygoteInit.handleSystemServerProcess(ZygoteInit.java:463)
01-01 01:14:45.360 2472 2472 E Zygote : at com.android.internal.os.ZygoteInit.forkSystemServer(ZygoteInit.java:730)
01-01 01:14:45.360 2472 2472 E Zygote : at com.android.internal.os.ZygoteInit.main(ZygoteInit.java:833)
01-01 01:14:45.360 2472 2472 D AndroidRuntime: Shutting down VM01-01 01:14:45.583 2472 2472 W system_server: ConditionVariable::~ConditionVariable for Thread resumption condition variable called with 1 waiters.
01-01 01:14:45.606 2422 2422 I Zygote : Process 2472 exited cleanly (0)
01-01 01:14:45.606 2422 2422 E Zygote : Exit zygote because system server (2472) has terminated
01-01 01:14:45.691 174 174 I ServiceManager: service 'media.audio_flinger' died
01-01 01:14:45.744 174 174 I ServiceManager: service 'media.player' died
01-01 01:14:45.744 174 174 I ServiceManager: service 'media.resource_manager' died
01-01 01:14:45.768 174 174 I ServiceManager: service 'netd' died
01-01 01:14:45.949 174 174 I ServiceManager: service 'wificond' died
01-01 01:14:45.974 2487 2487 I Netd : Netd 1.0 starting
01-01 01:14:45.975 2487 2487 D TetherController: Setting IP forward enable = 0
01-01 01:14:46.047 2489 2489 D audiohalservice: Init hw binder with mem size = 1024
01-01 01:14:46.048 2489 2489 E cutils-trace: Error opening trace file: No such file or directory (2)
01-01 01:14:46.049 175 175 W hwservicemanager: getTransport: Cannot find entry android.hardware.audio@4.0::IDevicesFactory/default in either framework or device manifest.
01-01 01:14:46.052 2489 2489 E audiohalservice: Could not get passthrough implementation for android.hardware.audio@4.0::IDevicesFactory/default.
01-01 01:14:46.053 2487 2487 I Netd : Creating child chains: 31.1ms
01-01 01:14:46.053 2487 2487 I Netd : Setting up OEM hooks: 0.1ms
01-01 01:14:46.053 2487 2487 I Netd : Setting up FirewallController hooks: 0.0ms
01-01 01:14:46.059 2489 2489 D vndksupport: Loading /vendor/lib/hw/android.hardware.audio@2.0-impl.so from current namespace instead of sphal namespace.
01-01 01:14:46.060 2487 2487 I Netd : Setting up TetherController hooks: 6.4ms
01-01 01:14:46.062 2487 2487 I Netd : Setting up BandwidthController hooks: 2.5ms
01-01 01:14:46.062 2487 2487 I Netd : Setting up IdletimerController hooks: 0.1ms
01-01 01:14:46.062 2487 2487 E Netd : failed to start trafficcontroller: (Status[code: 1, msg: "[Operation not permitted] : map create failed!: /sys/fs/bpf/traffic_cookie_tag_map"])
01-01 01:14:46.062 2487 2487 I Netd : initializing traffic control: 0.1ms01-01 01:14:46.069 2489 2489 I ServiceManagement: Removing namespace from process name android.hardware.audio@2.0-service to audio@2.0-service.
01-01 01:14:46.077 2489 2489 I audiohalservice: Registration complete for android.hardware.audio@2.0::IDevicesFactory/default.
01-01 01:14:46.078 175 175 W hwservicemanager: getTransport: Cannot find entry android.hardware.audio.effect@4.0::IEffectsFactory/default in either framework or device manifest.
01-01 01:14:46.079 2489 2489 E audiohalservice: Could not get passthrough implementation for android.hardware.audio.effect@4.0::IEffectsFactory/default.
01-01 01:14:46.080 2489 2489 D vndksupport: Loading /vendor/lib/hw/android.hardware.audio.effect@2.0-impl.so from current namespace instead of sphal namespace.
01-01 01:14:46.099 2487 2487 W IptablesRestoreController: iptables-restore process 2490 terminated status=256
01-01 01:14:46.100 2487 2487 E IptablesRestoreController: iptables error:
01-01 01:14:46.100 2487 2487 E IptablesRestoreController: ------- COMMAND -------
01-01 01:14:46.100 2487 2487 E IptablesRestoreController: *filter
01-01 01:14:46.100 2487 2487 E IptablesRestoreController: -A bw_INPUT -p esp -j RETURN
01-01 01:14:46.100 2487 2487 E IptablesRestoreController: -A bw_INPUT -m mark --mark 0x100000/0x100000 -j RETURN
01-01 01:14:46.100 2487 2487 E IptablesRestoreController: -A bw_INPUT -m owner --socket-exists
01-01 01:14:46.100 2487 2487 E IptablesRestoreController: -A bw_INPUT -j MARK --or-mark 0x100000
01-01 01:14:46.100 2487 2487 E IptablesRestoreController: -A bw_OUTPUT -o ipsec+ -j RETURN
01-01 01:14:46.100 2487 2487 E IptablesRestoreController: -A bw_OUTPUT -m policy --pol ipsec --dir out -j RETURN
01-01 01:14:46.100 2487 2487 E IptablesRestoreController: -A bw_OUTPUT -m owner --socket-exists
01-01 01:14:46.100 2487 2487 E IptablesRestoreController: -A bw_costly_shared --jump bw_penalty_box
01-01 01:14:46.100 2487 2487 E IptablesRestoreController: -A bw_penalty_box --jump bw_happy_box
01-01 01:14:46.100 2487 2487 E IptablesRestoreController: -A bw_happy_box --jump bw_data_saver
01-01 01:14:46.100 2487 2487 E IptablesRestoreController: -A bw_data_saver -j RETURN
01-01 01:14:46.100 2487 2487 E IptablesRestoreController: -I bw_happy_box -m owner --uid-owner 0-9999 --jump RETURN
01-01 01:14:46.100 2487 2487 E IptablesRestoreController: COMMIT
01-01 01:14:46.100 2487 2487 E IptablesRestoreController: *raw
01-01 01:14:46.100 2487 2487 E IptablesRestoreController: -A bw_raw_PREROUTING -i ipsec+ -j RETURN
01-01 01:14:46.100 2487 2487 E IptablesRestoreController: -A bw_raw_PREROUTING -m policy --pol ipsec --dir in -j RETURN
01-01 01:14:46.100 2487 2487 E IptablesRestoreController: -A bw_raw_PREROUTING -m owner --socket-exists
01-01 01:14:46.100 2487 2487 E IptablesRestoreController:
01-01 01:14:46.100 2487 2487 E IptablesRestoreController: COMMIT
01-01 01:14:46.100 2487 2487 E IptablesRestoreController: *mangle
01-01 01:14:46.100 2487 2487 E IptablesRestoreController: -A bw_mangle_POSTROUTING -o ipsec+ -j RETURN
01-01 01:14:46.100 2487 2487 E IptablesRestoreController: -A bw_mangle_POSTROUTING -m policy --pol ipsec --dir out -j RETURN
01-01 01:14:46.100 2487 2487 E IptablesRestoreController: -A bw_mangle_POSTROUTING -m owner --socket-exists
01-01 01:14:46.100 2487 2487 E IptablesRestoreController: -A bw_mangle_POSTROUTING -j MARK --set-mark 0x0/0x100000
01-01 01:14:46.100 2487 2487 E IptablesRestoreController:
01-01 01:14:46.100 2487 2487 E IptablesRestoreController: COMMIT
01-01 01:14:46.100 2487 2487 E IptablesRestoreController:
01-01 01:14:46.100 2487 2487 E IptablesRestoreController: ------- ERROR -------
01-01 01:14:46.100 2487 2487 E IptablesRestoreController: iptables-restore: line 154 failed
01-01 01:14:46.100 2487 2487 E IptablesRestoreController: ----------------------
01-01 01:14:46.109 2489 2489 I audiohalservice: Registration complete for android.hardware.audio.effect@2.0::IEffectsFactory/default.
01-01 01:14:46.109 175 175 W hwservicemanager: getTransport: Cannot find entry android.hardware.soundtrigger@2.1::ISoundTriggerHw/default in either framework or device manifest.
01-01 01:14:46.110 2489 2489 E audiohalservice: Could not get passthrough implementation for android.hardware.soundtrigger@2.1::ISoundTriggerHw/default.
01-01 01:14:46.110 175 175 W hwservicemanager: getTransport: Cannot find entry android.hardware.soundtrigger@2.0::ISoundTriggerHw/default in either framework or device manifest.
01-01 01:14:46.111 2489 2489 D vndksupport: Loading /vendor/lib/hw/android.hardware.soundtrigger@2.0-impl.so from current namespace instead of sphal namespace.
